{"id":23495,"date":"2022-12-23T12:04:43","date_gmt":"2022-12-23T11:04:43","guid":{"rendered":"https:\/\/rinconeducativo.org\/?post_type=re_visita&#038;p=23495"},"modified":"2025-01-09T12:40:00","modified_gmt":"2025-01-09T11:40:00","slug":"visita-presencial-instituto-tecnologico-energias-renovables-espana","status":"publish","type":"re_visita","link":"https:\/\/rinconeducativo.org\/es\/visitas\/visita-presencial-instituto-tecnologico-energias-renovables-espana\/","title":{"rendered":"Visita Presencial: Instituto Tecnol\u00f3gico y de Energ\u00edas Renovables (Espa\u00f1a)"},"content":{"rendered":"\n<p>El <a href=\"https:\/\/www.iter.es\/\" target=\"_blank\" rel=\"noreferrer noopener\">Instituto Tecnol\u00f3gico y de Energ\u00edas Renovables (ITER)<\/a> es un centro de investigaci\u00f3n sobre energ\u00edas renovables, ingenier\u00eda, telecomunciaciones, medio ambiente y gen\u00f3mica.<\/p>\n\n\n\n<p>Cuenta con:<\/p>\n\n\n\n<ul class=\"wp-block-list\">\n<li><strong>Centro de Visitantes:<\/strong> Edificio bioclim\u00e1tico que se caracteriza por su integraci\u00f3n con el entorno y sive de acogida a los visitantes.<\/li>\n\n\n\n<li><strong>Paseo de Energ\u00edas Renovables<\/strong>: Instalaci\u00f3n inaugurada en 1998 donde se muestran diversas instalaciones que acercan al p\u00fablico de todas las edades al interesante mundo de las energ\u00edas renovables.<\/li>\n<\/ul>\n\n\n<div class=\"wp-block-image\">\n<figure class=\"aligncenter size-full\"><img loading=\"lazy\" decoding=\"async\" width=\"1100\" height=\"500\" src=\"https:\/\/rinconeducativo.org\/wp-content\/uploads\/2022\/12\/ITER_Renovables.jpg\" alt=\"\" class=\"wp-image-23497\" srcset=\"https:\/\/rinconeducativo.org\/wp-content\/uploads\/2022\/12\/ITER_Renovables.jpg 1100w, https:\/\/rinconeducativo.org\/wp-content\/uploads\/2022\/12\/ITER_Renovables-500x227.jpg 500w, https:\/\/rinconeducativo.org\/wp-content\/uploads\/2022\/12\/ITER_Renovables-768x349.jpg 768w\" sizes=\"auto, (max-width: 1100px) 100vw, 1100px\" \/><\/figure>\n<\/div>\n\n\n<h2 class=\"wp-block-heading\">Visita<\/h2>\n\n\n\n<ul class=\"wp-block-list\">\n<li>Gratuita<\/li>\n\n\n\n<li>Guiadas<\/li>\n\n\n\n<li>Duraci\u00f3n: 1h y 45 minutos<\/li>\n\n\n\n<li>Para grupos educativos a partir de 5\u00ba de primaria<\/li>\n\n\n\n<li>N\u00famero m\u00e1ximo de visitantes por grupo: 50 personas<\/li>\n\n\n\n<li>Horario: Lunesa a Viernes, de 9.45h a 12.00h (se puede adaptar horario previa consulta).<\/li>\n\n\n\n<li><a href=\"https:\/\/www.iter.es\/wp-content\/uploads\/2019\/04\/mapa-iter-2.pdf\" target=\"_blank\" rel=\"noreferrer noopener\">Mapa de las instalaciones<\/a><\/li>\n\n\n\n<li><a href=\"https:\/\/www.iter.es\/wp-content\/uploads\/2015\/12\/caracteristicas-de-la-visita.pdf\" target=\"_blank\" rel=\"noreferrer noopener\">Caracter\u00edsticas de las visitas<\/a><\/li>\n<\/ul>\n\n\n\n<h2 class=\"wp-block-heading\">C\u00f3mo realizar la visita<\/h2>\n\n\n\n<p>Para ello debe ponerse en contacto con los responsables a trav\u00e9s del correo electr\u00f3nico: visitas@iter.es o reservar la visita en el siguiente <a href=\"https:\/\/www.iter.es\/visitas\/\" target=\"_blank\" rel=\"noreferrer noopener\">calendario<\/a>.<\/p>\n\n\n\n<p>Para m\u00e1s informaci\u00f3n: <a href=\"https:\/\/www.iter.es\/visitas\/\" target=\"_blank\" rel=\"noreferrer noopener\">ITER<\/a><\/p>\n\n\n\n<h2 class=\"wp-block-heading\">Localizaci\u00f3n<\/h2>\n\n\n\n<p>Instituto Tecnol\u00f3gico y de Energ\u00edas Renovables \u2013 ITER S.A.<br>Pol\u00edgono Industrial de Granadilla, s\/n<br>38600 \u2013 Granadilla de Abona<br>Santa Cruz de Tenerife \u2013 Espa\u00f1a<br>\u00a0(+34) 922-747-700<br>\u00a0(+34) 922-747-701<br>\u00a0<a>se.reti@noisufid<\/a><\/p>\n","protected":false},"excerpt":{"rendered":"<p>Instituto Tecnol\u00f3gico y de Energ\u00edas Renovables (ITER).<\/p>\n","protected":false},"author":1088,"featured_media":23497,"template":"","meta":{"_acf_changed":false},"tags":[5987],"provincia":[8265],"tipo_instalacion":[7079,7918],"tipo_visita":[7242],"class_list":["post-23495","re_visita","type-re_visita","status-publish","has-post-thumbnail","hentry","tag-energia-renovable","provincia-islas-canarias","tipo_instalacion-centros-de-informacion","tipo_instalacion-instalaciones-cientificas","tipo_visita-presencial"],"acf":[],"yoast_head":"<!-- This site is optimized with the Yoast SEO plugin v26.8 - https:\/\/yoast.com\/product\/yoast-seo-wordpress\/ -->\n<title>Visita Presencial: Instituto Tecnol\u00f3gico y de Energ\u00edas Renovables (Espa\u00f1a) - Rinc\u00f3n educativo<\/title>\n<meta name=\"robots\" content=\"index, follow, max-snippet:-1, max-image-preview:large, max-video-preview:-1\" \/>\n<link rel=\"canonical\" href=\"https:\/\/rinconeducativo.org\/es\/visitas\/visita-presencial-instituto-tecnologico-energias-renovables-espana\/\" \/>\n<meta property=\"og:locale\" content=\"es_ES\" \/>\n<meta property=\"og:type\" content=\"article\" \/>\n<meta property=\"og:title\" content=\"Visita Presencial: Instituto Tecnol\u00f3gico y de Energ\u00edas Renovables (Espa\u00f1a) - Rinc\u00f3n educativo\" \/>\n<meta property=\"og:description\" content=\"Instituto Tecnol\u00f3gico y de Energ\u00edas Renovables (ITER).\" \/>\n<meta property=\"og:url\" content=\"https:\/\/rinconeducativo.org\/es\/visitas\/visita-presencial-instituto-tecnologico-energias-renovables-espana\/\" \/>\n<meta property=\"og:site_name\" content=\"Rinc\u00f3n educativo\" \/>\n<meta property=\"article:modified_time\" content=\"2025-01-09T11:40:00+00:00\" \/>\n<meta property=\"og:image\" content=\"https:\/\/rinconeducativo.org\/wp-content\/uploads\/2022\/12\/ITER_Renovables.jpg\" \/>\n\t<meta property=\"og:image:width\" content=\"1100\" \/>\n\t<meta property=\"og:image:height\" content=\"500\" \/>\n\t<meta property=\"og:image:type\" content=\"image\/jpeg\" \/>\n<meta name=\"twitter:card\" content=\"summary_large_image\" \/>\n<script type=\"application\/ld+json\" class=\"yoast-schema-graph\">{\"@context\":\"https:\/\/schema.org\",\"@graph\":[{\"@type\":\"WebPage\",\"@id\":\"https:\/\/rinconeducativo.org\/es\/visitas\/visita-presencial-instituto-tecnologico-energias-renovables-espana\/\",\"url\":\"https:\/\/rinconeducativo.org\/es\/visitas\/visita-presencial-instituto-tecnologico-energias-renovables-espana\/\",\"name\":\"Visita Presencial: Instituto Tecnol\u00f3gico y de Energ\u00edas Renovables (Espa\u00f1a) - Rinc\u00f3n educativo\",\"isPartOf\":{\"@id\":\"https:\/\/rinconeducativo.org\/es\/#website\"},\"primaryImageOfPage\":{\"@id\":\"https:\/\/rinconeducativo.org\/es\/visitas\/visita-presencial-instituto-tecnologico-energias-renovables-espana\/#primaryimage\"},\"image\":{\"@id\":\"https:\/\/rinconeducativo.org\/es\/visitas\/visita-presencial-instituto-tecnologico-energias-renovables-espana\/#primaryimage\"},\"thumbnailUrl\":\"https:\/\/rinconeducativo.org\/wp-content\/uploads\/2022\/12\/ITER_Renovables.jpg\",\"datePublished\":\"2022-12-23T11:04:43+00:00\",\"dateModified\":\"2025-01-09T11:40:00+00:00\",\"breadcrumb\":{\"@id\":\"https:\/\/rinconeducativo.org\/es\/visitas\/visita-presencial-instituto-tecnologico-energias-renovables-espana\/#breadcrumb\"},\"inLanguage\":\"es\",\"potentialAction\":[{\"@type\":\"ReadAction\",\"target\":[\"https:\/\/rinconeducativo.org\/es\/visitas\/visita-presencial-instituto-tecnologico-energias-renovables-espana\/\"]}]},{\"@type\":\"ImageObject\",\"inLanguage\":\"es\",\"@id\":\"https:\/\/rinconeducativo.org\/es\/visitas\/visita-presencial-instituto-tecnologico-energias-renovables-espana\/#primaryimage\",\"url\":\"https:\/\/rinconeducativo.org\/wp-content\/uploads\/2022\/12\/ITER_Renovables.jpg\",\"contentUrl\":\"https:\/\/rinconeducativo.org\/wp-content\/uploads\/2022\/12\/ITER_Renovables.jpg\",\"width\":1100,\"height\":500,\"caption\":\"Instituto Tecnol\u00f3gico y de Energ\u00edas Renovables (ITER)\"},{\"@type\":\"BreadcrumbList\",\"@id\":\"https:\/\/rinconeducativo.org\/es\/visitas\/visita-presencial-instituto-tecnologico-energias-renovables-espana\/#breadcrumb\",\"itemListElement\":[{\"@type\":\"ListItem\",\"position\":1,\"name\":\"Portada\",\"item\":\"https:\/\/rinconeducativo.org\/es\/\"},{\"@type\":\"ListItem\",\"position\":2,\"name\":\"Visits\",\"item\":\"https:\/\/rinconeducativo.org\/en\/visits\/\"},{\"@type\":\"ListItem\",\"position\":3,\"name\":\"Visita Presencial: Instituto Tecnol\u00f3gico y de Energ\u00edas Renovables (Espa\u00f1a)\"}]},{\"@type\":\"WebSite\",\"@id\":\"https:\/\/rinconeducativo.org\/es\/#website\",\"url\":\"https:\/\/rinconeducativo.org\/es\/\",\"name\":\"Rinc\u00f3n educativo\",\"description\":\"Un proyecto del Foro Nuclear\",\"potentialAction\":[{\"@type\":\"SearchAction\",\"target\":{\"@type\":\"EntryPoint\",\"urlTemplate\":\"https:\/\/rinconeducativo.org\/es\/?s={search_term_string}\"},\"query-input\":{\"@type\":\"PropertyValueSpecification\",\"valueRequired\":true,\"valueName\":\"search_term_string\"}}],\"inLanguage\":\"es\"}]}<\/script>\n<!-- \/ Yoast SEO plugin. -->","yoast_head_json":{"title":"Visita Presencial: Instituto Tecnol\u00f3gico y de Energ\u00edas Renovables (Espa\u00f1a) - Rinc\u00f3n educativo","robots":{"index":"index","follow":"follow","max-snippet":"max-snippet:-1","max-image-preview":"max-image-preview:large","max-video-preview":"max-video-preview:-1"},"canonical":"https:\/\/rinconeducativo.org\/es\/visitas\/visita-presencial-instituto-tecnologico-energias-renovables-espana\/","og_locale":"es_ES","og_type":"article","og_title":"Visita Presencial: Instituto Tecnol\u00f3gico y de Energ\u00edas Renovables (Espa\u00f1a) - Rinc\u00f3n educativo","og_description":"Instituto Tecnol\u00f3gico y de Energ\u00edas Renovables (ITER).","og_url":"https:\/\/rinconeducativo.org\/es\/visitas\/visita-presencial-instituto-tecnologico-energias-renovables-espana\/","og_site_name":"Rinc\u00f3n educativo","article_modified_time":"2025-01-09T11:40:00+00:00","og_image":[{"width":1100,"height":500,"url":"https:\/\/rinconeducativo.org\/wp-content\/uploads\/2022\/12\/ITER_Renovables.jpg","type":"image\/jpeg"}],"twitter_card":"summary_large_image","schema":{"@context":"https:\/\/schema.org","@graph":[{"@type":"WebPage","@id":"https:\/\/rinconeducativo.org\/es\/visitas\/visita-presencial-instituto-tecnologico-energias-renovables-espana\/","url":"https:\/\/rinconeducativo.org\/es\/visitas\/visita-presencial-instituto-tecnologico-energias-renovables-espana\/","name":"Visita Presencial: Instituto Tecnol\u00f3gico y de Energ\u00edas Renovables (Espa\u00f1a) - Rinc\u00f3n educativo","isPartOf":{"@id":"https:\/\/rinconeducativo.org\/es\/#website"},"primaryImageOfPage":{"@id":"https:\/\/rinconeducativo.org\/es\/visitas\/visita-presencial-instituto-tecnologico-energias-renovables-espana\/#primaryimage"},"image":{"@id":"https:\/\/rinconeducativo.org\/es\/visitas\/visita-presencial-instituto-tecnologico-energias-renovables-espana\/#primaryimage"},"thumbnailUrl":"https:\/\/rinconeducativo.org\/wp-content\/uploads\/2022\/12\/ITER_Renovables.jpg","datePublished":"2022-12-23T11:04:43+00:00","dateModified":"2025-01-09T11:40:00+00:00","breadcrumb":{"@id":"https:\/\/rinconeducativo.org\/es\/visitas\/visita-presencial-instituto-tecnologico-energias-renovables-espana\/#breadcrumb"},"inLanguage":"es","potentialAction":[{"@type":"ReadAction","target":["https:\/\/rinconeducativo.org\/es\/visitas\/visita-presencial-instituto-tecnologico-energias-renovables-espana\/"]}]},{"@type":"ImageObject","inLanguage":"es","@id":"https:\/\/rinconeducativo.org\/es\/visitas\/visita-presencial-instituto-tecnologico-energias-renovables-espana\/#primaryimage","url":"https:\/\/rinconeducativo.org\/wp-content\/uploads\/2022\/12\/ITER_Renovables.jpg","contentUrl":"https:\/\/rinconeducativo.org\/wp-content\/uploads\/2022\/12\/ITER_Renovables.jpg","width":1100,"height":500,"caption":"Instituto Tecnol\u00f3gico y de Energ\u00edas Renovables (ITER)"},{"@type":"BreadcrumbList","@id":"https:\/\/rinconeducativo.org\/es\/visitas\/visita-presencial-instituto-tecnologico-energias-renovables-espana\/#breadcrumb","itemListElement":[{"@type":"ListItem","position":1,"name":"Portada","item":"https:\/\/rinconeducativo.org\/es\/"},{"@type":"ListItem","position":2,"name":"Visits","item":"https:\/\/rinconeducativo.org\/en\/visits\/"},{"@type":"ListItem","position":3,"name":"Visita Presencial: Instituto Tecnol\u00f3gico y de Energ\u00edas Renovables (Espa\u00f1a)"}]},{"@type":"WebSite","@id":"https:\/\/rinconeducativo.org\/es\/#website","url":"https:\/\/rinconeducativo.org\/es\/","name":"Rinc\u00f3n educativo","description":"Un proyecto del Foro Nuclear","potentialAction":[{"@type":"SearchAction","target":{"@type":"EntryPoint","urlTemplate":"https:\/\/rinconeducativo.org\/es\/?s={search_term_string}"},"query-input":{"@type":"PropertyValueSpecification","valueRequired":true,"valueName":"search_term_string"}}],"inLanguage":"es"}]}},"_links":{"self":[{"href":"https:\/\/rinconeducativo.org\/es\/wp-json\/wp\/v2\/re_visita\/23495","targetHints":{"allow":["GET"]}}],"collection":[{"href":"https:\/\/rinconeducativo.org\/es\/wp-json\/wp\/v2\/re_visita"}],"about":[{"href":"https:\/\/rinconeducativo.org\/es\/wp-json\/wp\/v2\/types\/re_visita"}],"author":[{"embeddable":true,"href":"https:\/\/rinconeducativo.org\/es\/wp-json\/wp\/v2\/users\/1088"}],"wp:featuredmedia":[{"embeddable":true,"href":"https:\/\/rinconeducativo.org\/es\/wp-json\/wp\/v2\/media\/23497"}],"wp:attachment":[{"href":"https:\/\/rinconeducativo.org\/es\/wp-json\/wp\/v2\/media?parent=23495"}],"wp:term":[{"taxonomy":"post_tag","embeddable":true,"href":"https:\/\/rinconeducativo.org\/es\/wp-json\/wp\/v2\/tags?post=23495"},{"taxonomy":"provincia","embeddable":true,"href":"https:\/\/rinconeducativo.org\/es\/wp-json\/wp\/v2\/provincia?post=23495"},{"taxonomy":"tipo_instalacion","embeddable":true,"href":"https:\/\/rinconeducativo.org\/es\/wp-json\/wp\/v2\/tipo_instalacion?post=23495"},{"taxonomy":"tipo_visita","embeddable":true,"href":"https:\/\/rinconeducativo.org\/es\/wp-json\/wp\/v2\/tipo_visita?post=23495"}],"curies":[{"name":"wp","href":"https:\/\/api.w.org\/{rel}","templated":true}]}}

Visita Presencial: Instituto Tecnológico y de Energías Renovables (España)

<p>El <a href="https://www.iter.es/" target="_blank" rel="noreferrer noopener">Instituto Tecnológico y de Energías Renovables (ITER)</a> es un centro de investigación sobre energías renovables, ingeniería, telecomunciaciones, medio ambiente y genómica.</p>



<p>Cuenta con:</p>



<ul class="wp-block-list">
<li><strong>Centro de Visitantes:</strong> Edificio bioclimático que se caracteriza por su integración con el entorno y sive de acogida a los visitantes.</li>



<li><strong>Paseo de Energías Renovables</strong>: Instalación inaugurada en 1998 donde se muestran diversas instalaciones que acercan al público de todas las edades al interesante mundo de las energías renovables.</li>
</ul>


<div class="wp-block-image">
<figure class="aligncenter size-full"><img loading="lazy" decoding="async" width="1100" height="500" src="https://rinconeducativo.org/wp-content/uploads/2022/12/ITER_Renovables.jpg" alt="" class="wp-image-23497" srcset="https://rinconeducativo.org/wp-content/uploads/2022/12/ITER_Renovables.jpg 1100w, https://rinconeducativo.org/wp-content/uploads/2022/12/ITER_Renovables-500x227.jpg 500w, https://rinconeducativo.org/wp-content/uploads/2022/12/ITER_Renovables-768x349.jpg 768w" sizes="auto, (max-width: 1100px) 100vw, 1100px" /></figure>
</div>


<h2 class="wp-block-heading">Visita</h2>



<ul class="wp-block-list">
<li>Gratuita</li>



<li>Guiadas</li>



<li>Duración: 1h y 45 minutos</li>



<li>Para grupos educativos a partir de 5º de primaria</li>



<li>Número máximo de visitantes por grupo: 50 personas</li>



<li>Horario: Lunesa a Viernes, de 9.45h a 12.00h (se puede adaptar horario previa consulta).</li>



<li><a href="https://www.iter.es/wp-content/uploads/2019/04/mapa-iter-2.pdf" target="_blank" rel="noreferrer noopener">Mapa de las instalaciones</a></li>



<li><a href="https://www.iter.es/wp-content/uploads/2015/12/caracteristicas-de-la-visita.pdf" target="_blank" rel="noreferrer noopener">Características de las visitas</a></li>
</ul>



<h2 class="wp-block-heading">Cómo realizar la visita</h2>



<p>Para ello debe ponerse en contacto con los responsables a través del correo electrónico: visitas@iter.es o reservar la visita en el siguiente <a href="https://www.iter.es/visitas/" target="_blank" rel="noreferrer noopener">calendario</a>.</p>



<p>Para más información: <a href="https://www.iter.es/visitas/" target="_blank" rel="noreferrer noopener">ITER</a></p>



<h2 class="wp-block-heading">Localización</h2>



<p>Instituto Tecnológico y de Energías Renovables – ITER S.A.<br>Polígono Industrial de Granadilla, s/n<br>38600 – Granadilla de Abona<br>Santa Cruz de Tenerife – España<br> (+34) 922-747-700<br> (+34) 922-747-701<br> <a>se.reti@noisufid</a></p>

<p>Instituto Tecnológico y de Energías Renovables (ITER).</p>

<!-- This site is optimized with the Yoast SEO plugin v26.8 - https://yoast.com/product/yoast-seo-wordpress/ -->
<title>Visita Presencial: Instituto Tecnológico y de Energías Renovables (España) - Rincón educativo</title>
<meta name="robots" content="index, follow, max-snippet:-1, max-image-preview:large, max-video-preview:-1" />
<link rel="canonical" href="https://rinconeducativo.org/es/visitas/visita-presencial-instituto-tecnologico-energias-renovables-espana/" />
<meta property="og:locale" content="es_ES" />
<meta property="og:type" content="article" />
<meta property="og:title" content="Visita Presencial: Instituto Tecnológico y de Energías Renovables (España) - Rincón educativo" />
<meta property="og:description" content="Instituto Tecnológico y de Energías Renovables (ITER)." />
<meta property="og:url" content="https://rinconeducativo.org/es/visitas/visita-presencial-instituto-tecnologico-energias-renovables-espana/" />
<meta property="og:site_name" content="Rincón educativo" />
<meta property="article:modified_time" content="2025-01-09T11:40:00+00:00" />
<meta property="og:image" content="https://rinconeducativo.org/wp-content/uploads/2022/12/ITER_Renovables.jpg" />
	<meta property="og:image:width" content="1100" />
	<meta property="og:image:height" content="500" />
	<meta property="og:image:type" content="image/jpeg" />
<meta name="twitter:card" content="summary_large_image" />
<script type="application/ld+json" class="yoast-schema-graph">{"@context":"https://schema.org","@graph":[{"@type":"WebPage","@id":"https://rinconeducativo.org/es/visitas/visita-presencial-instituto-tecnologico-energias-renovables-espana/","url":"https://rinconeducativo.org/es/visitas/visita-presencial-instituto-tecnologico-energias-renovables-espana/","name":"Visita Presencial: Instituto Tecnológico y de Energías Renovables (España) - Rincón educativo","isPartOf":{"@id":"https://rinconeducativo.org/es/#website"},"primaryImageOfPage":{"@id":"https://rinconeducativo.org/es/visitas/visita-presencial-instituto-tecnologico-energias-renovables-espana/#primaryimage"},"image":{"@id":"https://rinconeducativo.org/es/visitas/visita-presencial-instituto-tecnologico-energias-renovables-espana/#primaryimage"},"thumbnailUrl":"https://rinconeducativo.org/wp-content/uploads/2022/12/ITER_Renovables.jpg","datePublished":"2022-12-23T11:04:43+00:00","dateModified":"2025-01-09T11:40:00+00:00","breadcrumb":{"@id":"https://rinconeducativo.org/es/visitas/visita-presencial-instituto-tecnologico-energias-renovables-espana/#breadcrumb"},"inLanguage":"es","potentialAction":[{"@type":"ReadAction","target":["https://rinconeducativo.org/es/visitas/visita-presencial-instituto-tecnologico-energias-renovables-espana/"]}]},{"@type":"ImageObject","inLanguage":"es","@id":"https://rinconeducativo.org/es/visitas/visita-presencial-instituto-tecnologico-energias-renovables-espana/#primaryimage","url":"https://rinconeducativo.org/wp-content/uploads/2022/12/ITER_Renovables.jpg","contentUrl":"https://rinconeducativo.org/wp-content/uploads/2022/12/ITER_Renovables.jpg","width":1100,"height":500,"caption":"Instituto Tecnológico y de Energías Renovables (ITER)"},{"@type":"BreadcrumbList","@id":"https://rinconeducativo.org/es/visitas/visita-presencial-instituto-tecnologico-energias-renovables-espana/#breadcrumb","itemListElement":[{"@type":"ListItem","position":1,"name":"Portada","item":"https://rinconeducativo.org/es/"},{"@type":"ListItem","position":2,"name":"Visits","item":"https://rinconeducativo.org/en/visits/"},{"@type":"ListItem","position":3,"name":"Visita Presencial: Instituto Tecnológico y de Energías Renovables (España)"}]},{"@type":"WebSite","@id":"https://rinconeducativo.org/es/#website","url":"https://rinconeducativo.org/es/","name":"Rincón educativo","description":"Un proyecto del Foro Nuclear","potentialAction":[{"@type":"SearchAction","target":{"@type":"EntryPoint","urlTemplate":"https://rinconeducativo.org/es/?s={search_term_string}"},"query-input":{"@type":"PropertyValueSpecification","valueRequired":true,"valueName":"search_term_string"}}],"inLanguage":"es"}]}</script>
<!-- / Yoast SEO plugin. -->

Visita Presencial: Instituto Tecnológico y de Energías Renovables (España) - Rincón educativo

Instituto Tecnológico y de Energías Renovables (ITER).

Rincón educativo

Instituto Tecnológico y de Energías Renovables (ITER)
