{"id":22159,"date":"2022-11-24T11:18:27","date_gmt":"2022-11-24T10:18:27","guid":{"rendered":"https:\/\/rinconeducativo.org\/?post_type=re_visita&#038;p=22159"},"modified":"2025-01-09T12:41:15","modified_gmt":"2025-01-09T11:41:15","slug":"visita-presencial-centro-de-informacion-de-la-central-nuclear-de-cofrentes","status":"publish","type":"re_visita","link":"https:\/\/rinconeducativo.org\/es\/visitas\/visita-presencial-centro-de-informacion-de-la-central-nuclear-de-cofrentes\/","title":{"rendered":"Visita Presencial: Centro de Informaci\u00f3n de la Central Nuclear de Cofrentes (Espa\u00f1a)"},"content":{"rendered":"\n<p>La central nuclear de Cofrentes est\u00e1 situada en el t\u00e9rmino municipal de Cofrentes (Valencia), en la cola del embalse de Embarcaderos, en el margen derecho del r\u00edo J\u00facar. Funciona mediante un sistema nuclear de producci\u00f3n de vapor formado por un reactor de agua ligera en ebullici\u00f3n, del tipo BWR-6 de 1.092 MWe y es propiedad de Iberdrola.<\/p>\n\n\n\n<p>La central dispone de un centro de informaci\u00f3n para conocer la central y su actividad. <\/p>\n\n\n<div class=\"wp-block-image\">\n<figure class=\"aligncenter size-full is-resized\"><img loading=\"lazy\" decoding=\"async\" src=\"https:\/\/rinconeducativo.org\/wp-content\/uploads\/2022\/11\/Cofrentes_Centro_info.jpg\" alt=\"\" class=\"wp-image-22160\" width=\"470\" height=\"265\"\/><\/figure>\n<\/div>\n\n\n<h2 class=\"wp-block-heading\">C\u00f3mo realizar la visita<\/h2>\n\n\n\n<p>Se pueden realizar visitas de grupos reducidos. Para poder visitar el Centro de Informaci\u00f3n hay que rellenar el formulario de solicitud en el siguiente enlace: <a href=\"https:\/\/www.cncofrentes.es\/visitas-centro-informacion\/solicitud-de-visitas\/\" target=\"_blank\" rel=\"noreferrer noopener\">Solicitud de visitas<\/a><\/p>\n\n\n\n<h2 class=\"wp-block-heading\">Localizaci\u00f3n<\/h2>\n\n\n\n<p>Central Nuclear de Cofrentes, 46625, Cofrentes (Valencia)<\/p>\n","protected":false},"excerpt":{"rendered":"<p>La central nuclear de Cofrentes dispone de un centro de informaci\u00f3n que habla de la instalaci\u00f3n y de su actividad.<\/p>\n","protected":false},"author":1088,"featured_media":22160,"template":"","meta":{"_acf_changed":false},"tags":[5684,6315],"provincia":[7055],"tipo_instalacion":[7079],"tipo_visita":[7242],"class_list":["post-22159","re_visita","type-re_visita","status-publish","has-post-thumbnail","hentry","tag-energia-nuclear","tag-fision","provincia-com-valenciana-valencia","tipo_instalacion-centros-de-informacion","tipo_visita-presencial"],"acf":[],"yoast_head":"<!-- This site is optimized with the Yoast SEO plugin v26.8 - https:\/\/yoast.com\/product\/yoast-seo-wordpress\/ -->\n<title>Visita Presencial: Centro de Informaci\u00f3n de la Central Nuclear de Cofrentes (Espa\u00f1a) - Rinc\u00f3n educativo<\/title>\n<meta name=\"robots\" content=\"index, follow, max-snippet:-1, max-image-preview:large, max-video-preview:-1\" \/>\n<link rel=\"canonical\" href=\"https:\/\/rinconeducativo.org\/es\/visitas\/visita-presencial-centro-de-informacion-de-la-central-nuclear-de-cofrentes\/\" \/>\n<meta property=\"og:locale\" content=\"es_ES\" \/>\n<meta property=\"og:type\" content=\"article\" \/>\n<meta property=\"og:title\" content=\"Visita Presencial: Centro de Informaci\u00f3n de la Central Nuclear de Cofrentes (Espa\u00f1a) - Rinc\u00f3n educativo\" \/>\n<meta property=\"og:description\" content=\"La central nuclear de Cofrentes dispone de un centro de informaci\u00f3n que habla de la instalaci\u00f3n y de su actividad.\" \/>\n<meta property=\"og:url\" content=\"https:\/\/rinconeducativo.org\/es\/visitas\/visita-presencial-centro-de-informacion-de-la-central-nuclear-de-cofrentes\/\" \/>\n<meta property=\"og:site_name\" content=\"Rinc\u00f3n educativo\" \/>\n<meta property=\"article:modified_time\" content=\"2025-01-09T11:41:15+00:00\" \/>\n<meta property=\"og:image\" content=\"https:\/\/rinconeducativo.org\/wp-content\/uploads\/2022\/11\/Cofrentes_Centro_info.jpg\" \/>\n\t<meta property=\"og:image:width\" content=\"298\" \/>\n\t<meta property=\"og:image:height\" content=\"168\" \/>\n\t<meta property=\"og:image:type\" content=\"image\/jpeg\" \/>\n<meta name=\"twitter:card\" content=\"summary_large_image\" \/>\n<script type=\"application\/ld+json\" class=\"yoast-schema-graph\">{\"@context\":\"https:\/\/schema.org\",\"@graph\":[{\"@type\":\"WebPage\",\"@id\":\"https:\/\/rinconeducativo.org\/es\/visitas\/visita-presencial-centro-de-informacion-de-la-central-nuclear-de-cofrentes\/\",\"url\":\"https:\/\/rinconeducativo.org\/es\/visitas\/visita-presencial-centro-de-informacion-de-la-central-nuclear-de-cofrentes\/\",\"name\":\"Visita Presencial: Centro de Informaci\u00f3n de la Central Nuclear de Cofrentes (Espa\u00f1a) - Rinc\u00f3n educativo\",\"isPartOf\":{\"@id\":\"https:\/\/rinconeducativo.org\/es\/#website\"},\"primaryImageOfPage\":{\"@id\":\"https:\/\/rinconeducativo.org\/es\/visitas\/visita-presencial-centro-de-informacion-de-la-central-nuclear-de-cofrentes\/#primaryimage\"},\"image\":{\"@id\":\"https:\/\/rinconeducativo.org\/es\/visitas\/visita-presencial-centro-de-informacion-de-la-central-nuclear-de-cofrentes\/#primaryimage\"},\"thumbnailUrl\":\"https:\/\/rinconeducativo.org\/wp-content\/uploads\/2022\/11\/Cofrentes_Centro_info.jpg\",\"datePublished\":\"2022-11-24T10:18:27+00:00\",\"dateModified\":\"2025-01-09T11:41:15+00:00\",\"breadcrumb\":{\"@id\":\"https:\/\/rinconeducativo.org\/es\/visitas\/visita-presencial-centro-de-informacion-de-la-central-nuclear-de-cofrentes\/#breadcrumb\"},\"inLanguage\":\"es\",\"potentialAction\":[{\"@type\":\"ReadAction\",\"target\":[\"https:\/\/rinconeducativo.org\/es\/visitas\/visita-presencial-centro-de-informacion-de-la-central-nuclear-de-cofrentes\/\"]}]},{\"@type\":\"ImageObject\",\"inLanguage\":\"es\",\"@id\":\"https:\/\/rinconeducativo.org\/es\/visitas\/visita-presencial-centro-de-informacion-de-la-central-nuclear-de-cofrentes\/#primaryimage\",\"url\":\"https:\/\/rinconeducativo.org\/wp-content\/uploads\/2022\/11\/Cofrentes_Centro_info.jpg\",\"contentUrl\":\"https:\/\/rinconeducativo.org\/wp-content\/uploads\/2022\/11\/Cofrentes_Centro_info.jpg\",\"width\":298,\"height\":168,\"caption\":\"Centro de Informaci\u00f3n de la Central Nuclear de Cofrentes\"},{\"@type\":\"BreadcrumbList\",\"@id\":\"https:\/\/rinconeducativo.org\/es\/visitas\/visita-presencial-centro-de-informacion-de-la-central-nuclear-de-cofrentes\/#breadcrumb\",\"itemListElement\":[{\"@type\":\"ListItem\",\"position\":1,\"name\":\"Portada\",\"item\":\"https:\/\/rinconeducativo.org\/es\/\"},{\"@type\":\"ListItem\",\"position\":2,\"name\":\"Visits\",\"item\":\"https:\/\/rinconeducativo.org\/en\/visits\/\"},{\"@type\":\"ListItem\",\"position\":3,\"name\":\"Visita Presencial: Centro de Informaci\u00f3n de la Central Nuclear de Cofrentes (Espa\u00f1a)\"}]},{\"@type\":\"WebSite\",\"@id\":\"https:\/\/rinconeducativo.org\/es\/#website\",\"url\":\"https:\/\/rinconeducativo.org\/es\/\",\"name\":\"Rinc\u00f3n educativo\",\"description\":\"Un proyecto del Foro Nuclear\",\"potentialAction\":[{\"@type\":\"SearchAction\",\"target\":{\"@type\":\"EntryPoint\",\"urlTemplate\":\"https:\/\/rinconeducativo.org\/es\/?s={search_term_string}\"},\"query-input\":{\"@type\":\"PropertyValueSpecification\",\"valueRequired\":true,\"valueName\":\"search_term_string\"}}],\"inLanguage\":\"es\"}]}<\/script>\n<!-- \/ Yoast SEO plugin. -->","yoast_head_json":{"title":"Visita Presencial: Centro de Informaci\u00f3n de la Central Nuclear de Cofrentes (Espa\u00f1a) - Rinc\u00f3n educativo","robots":{"index":"index","follow":"follow","max-snippet":"max-snippet:-1","max-image-preview":"max-image-preview:large","max-video-preview":"max-video-preview:-1"},"canonical":"https:\/\/rinconeducativo.org\/es\/visitas\/visita-presencial-centro-de-informacion-de-la-central-nuclear-de-cofrentes\/","og_locale":"es_ES","og_type":"article","og_title":"Visita Presencial: Centro de Informaci\u00f3n de la Central Nuclear de Cofrentes (Espa\u00f1a) - Rinc\u00f3n educativo","og_description":"La central nuclear de Cofrentes dispone de un centro de informaci\u00f3n que habla de la instalaci\u00f3n y de su actividad.","og_url":"https:\/\/rinconeducativo.org\/es\/visitas\/visita-presencial-centro-de-informacion-de-la-central-nuclear-de-cofrentes\/","og_site_name":"Rinc\u00f3n educativo","article_modified_time":"2025-01-09T11:41:15+00:00","og_image":[{"width":298,"height":168,"url":"https:\/\/rinconeducativo.org\/wp-content\/uploads\/2022\/11\/Cofrentes_Centro_info.jpg","type":"image\/jpeg"}],"twitter_card":"summary_large_image","schema":{"@context":"https:\/\/schema.org","@graph":[{"@type":"WebPage","@id":"https:\/\/rinconeducativo.org\/es\/visitas\/visita-presencial-centro-de-informacion-de-la-central-nuclear-de-cofrentes\/","url":"https:\/\/rinconeducativo.org\/es\/visitas\/visita-presencial-centro-de-informacion-de-la-central-nuclear-de-cofrentes\/","name":"Visita Presencial: Centro de Informaci\u00f3n de la Central Nuclear de Cofrentes (Espa\u00f1a) - Rinc\u00f3n educativo","isPartOf":{"@id":"https:\/\/rinconeducativo.org\/es\/#website"},"primaryImageOfPage":{"@id":"https:\/\/rinconeducativo.org\/es\/visitas\/visita-presencial-centro-de-informacion-de-la-central-nuclear-de-cofrentes\/#primaryimage"},"image":{"@id":"https:\/\/rinconeducativo.org\/es\/visitas\/visita-presencial-centro-de-informacion-de-la-central-nuclear-de-cofrentes\/#primaryimage"},"thumbnailUrl":"https:\/\/rinconeducativo.org\/wp-content\/uploads\/2022\/11\/Cofrentes_Centro_info.jpg","datePublished":"2022-11-24T10:18:27+00:00","dateModified":"2025-01-09T11:41:15+00:00","breadcrumb":{"@id":"https:\/\/rinconeducativo.org\/es\/visitas\/visita-presencial-centro-de-informacion-de-la-central-nuclear-de-cofrentes\/#breadcrumb"},"inLanguage":"es","potentialAction":[{"@type":"ReadAction","target":["https:\/\/rinconeducativo.org\/es\/visitas\/visita-presencial-centro-de-informacion-de-la-central-nuclear-de-cofrentes\/"]}]},{"@type":"ImageObject","inLanguage":"es","@id":"https:\/\/rinconeducativo.org\/es\/visitas\/visita-presencial-centro-de-informacion-de-la-central-nuclear-de-cofrentes\/#primaryimage","url":"https:\/\/rinconeducativo.org\/wp-content\/uploads\/2022\/11\/Cofrentes_Centro_info.jpg","contentUrl":"https:\/\/rinconeducativo.org\/wp-content\/uploads\/2022\/11\/Cofrentes_Centro_info.jpg","width":298,"height":168,"caption":"Centro de Informaci\u00f3n de la Central Nuclear de Cofrentes"},{"@type":"BreadcrumbList","@id":"https:\/\/rinconeducativo.org\/es\/visitas\/visita-presencial-centro-de-informacion-de-la-central-nuclear-de-cofrentes\/#breadcrumb","itemListElement":[{"@type":"ListItem","position":1,"name":"Portada","item":"https:\/\/rinconeducativo.org\/es\/"},{"@type":"ListItem","position":2,"name":"Visits","item":"https:\/\/rinconeducativo.org\/en\/visits\/"},{"@type":"ListItem","position":3,"name":"Visita Presencial: Centro de Informaci\u00f3n de la Central Nuclear de Cofrentes (Espa\u00f1a)"}]},{"@type":"WebSite","@id":"https:\/\/rinconeducativo.org\/es\/#website","url":"https:\/\/rinconeducativo.org\/es\/","name":"Rinc\u00f3n educativo","description":"Un proyecto del Foro Nuclear","potentialAction":[{"@type":"SearchAction","target":{"@type":"EntryPoint","urlTemplate":"https:\/\/rinconeducativo.org\/es\/?s={search_term_string}"},"query-input":{"@type":"PropertyValueSpecification","valueRequired":true,"valueName":"search_term_string"}}],"inLanguage":"es"}]}},"_links":{"self":[{"href":"https:\/\/rinconeducativo.org\/es\/wp-json\/wp\/v2\/re_visita\/22159","targetHints":{"allow":["GET"]}}],"collection":[{"href":"https:\/\/rinconeducativo.org\/es\/wp-json\/wp\/v2\/re_visita"}],"about":[{"href":"https:\/\/rinconeducativo.org\/es\/wp-json\/wp\/v2\/types\/re_visita"}],"author":[{"embeddable":true,"href":"https:\/\/rinconeducativo.org\/es\/wp-json\/wp\/v2\/users\/1088"}],"wp:featuredmedia":[{"embeddable":true,"href":"https:\/\/rinconeducativo.org\/es\/wp-json\/wp\/v2\/media\/22160"}],"wp:attachment":[{"href":"https:\/\/rinconeducativo.org\/es\/wp-json\/wp\/v2\/media?parent=22159"}],"wp:term":[{"taxonomy":"post_tag","embeddable":true,"href":"https:\/\/rinconeducativo.org\/es\/wp-json\/wp\/v2\/tags?post=22159"},{"taxonomy":"provincia","embeddable":true,"href":"https:\/\/rinconeducativo.org\/es\/wp-json\/wp\/v2\/provincia?post=22159"},{"taxonomy":"tipo_instalacion","embeddable":true,"href":"https:\/\/rinconeducativo.org\/es\/wp-json\/wp\/v2\/tipo_instalacion?post=22159"},{"taxonomy":"tipo_visita","embeddable":true,"href":"https:\/\/rinconeducativo.org\/es\/wp-json\/wp\/v2\/tipo_visita?post=22159"}],"curies":[{"name":"wp","href":"https:\/\/api.w.org\/{rel}","templated":true}]}}

Visita Presencial: Centro de Información de la Central Nuclear de Cofrentes (España)

<p>La central nuclear de Cofrentes está situada en el término municipal de Cofrentes (Valencia), en la cola del embalse de Embarcaderos, en el margen derecho del río Júcar. Funciona mediante un sistema nuclear de producción de vapor formado por un reactor de agua ligera en ebullición, del tipo BWR-6 de 1.092 MWe y es propiedad de Iberdrola.</p>



<p>La central dispone de un centro de información para conocer la central y su actividad. </p>


<div class="wp-block-image">
<figure class="aligncenter size-full is-resized"><img loading="lazy" decoding="async" src="https://rinconeducativo.org/wp-content/uploads/2022/11/Cofrentes_Centro_info.jpg" alt="" class="wp-image-22160" width="470" height="265"/></figure>
</div>


<h2 class="wp-block-heading">Cómo realizar la visita</h2>



<p>Se pueden realizar visitas de grupos reducidos. Para poder visitar el Centro de Información hay que rellenar el formulario de solicitud en el siguiente enlace: <a href="https://www.cncofrentes.es/visitas-centro-informacion/solicitud-de-visitas/" target="_blank" rel="noreferrer noopener">Solicitud de visitas</a></p>



<h2 class="wp-block-heading">Localización</h2>



<p>Central Nuclear de Cofrentes, 46625, Cofrentes (Valencia)</p>

<p>La central nuclear de Cofrentes dispone de un centro de información que habla de la instalación y de su actividad.</p>

<!-- This site is optimized with the Yoast SEO plugin v26.8 - https://yoast.com/product/yoast-seo-wordpress/ -->
<title>Visita Presencial: Centro de Información de la Central Nuclear de Cofrentes (España) - Rincón educativo</title>
<meta name="robots" content="index, follow, max-snippet:-1, max-image-preview:large, max-video-preview:-1" />
<link rel="canonical" href="https://rinconeducativo.org/es/visitas/visita-presencial-centro-de-informacion-de-la-central-nuclear-de-cofrentes/" />
<meta property="og:locale" content="es_ES" />
<meta property="og:type" content="article" />
<meta property="og:title" content="Visita Presencial: Centro de Información de la Central Nuclear de Cofrentes (España) - Rincón educativo" />
<meta property="og:description" content="La central nuclear de Cofrentes dispone de un centro de información que habla de la instalación y de su actividad." />
<meta property="og:url" content="https://rinconeducativo.org/es/visitas/visita-presencial-centro-de-informacion-de-la-central-nuclear-de-cofrentes/" />
<meta property="og:site_name" content="Rincón educativo" />
<meta property="article:modified_time" content="2025-01-09T11:41:15+00:00" />
<meta property="og:image" content="https://rinconeducativo.org/wp-content/uploads/2022/11/Cofrentes_Centro_info.jpg" />
	<meta property="og:image:width" content="298" />
	<meta property="og:image:height" content="168" />
	<meta property="og:image:type" content="image/jpeg" />
<meta name="twitter:card" content="summary_large_image" />
<script type="application/ld+json" class="yoast-schema-graph">{"@context":"https://schema.org","@graph":[{"@type":"WebPage","@id":"https://rinconeducativo.org/es/visitas/visita-presencial-centro-de-informacion-de-la-central-nuclear-de-cofrentes/","url":"https://rinconeducativo.org/es/visitas/visita-presencial-centro-de-informacion-de-la-central-nuclear-de-cofrentes/","name":"Visita Presencial: Centro de Información de la Central Nuclear de Cofrentes (España) - Rincón educativo","isPartOf":{"@id":"https://rinconeducativo.org/es/#website"},"primaryImageOfPage":{"@id":"https://rinconeducativo.org/es/visitas/visita-presencial-centro-de-informacion-de-la-central-nuclear-de-cofrentes/#primaryimage"},"image":{"@id":"https://rinconeducativo.org/es/visitas/visita-presencial-centro-de-informacion-de-la-central-nuclear-de-cofrentes/#primaryimage"},"thumbnailUrl":"https://rinconeducativo.org/wp-content/uploads/2022/11/Cofrentes_Centro_info.jpg","datePublished":"2022-11-24T10:18:27+00:00","dateModified":"2025-01-09T11:41:15+00:00","breadcrumb":{"@id":"https://rinconeducativo.org/es/visitas/visita-presencial-centro-de-informacion-de-la-central-nuclear-de-cofrentes/#breadcrumb"},"inLanguage":"es","potentialAction":[{"@type":"ReadAction","target":["https://rinconeducativo.org/es/visitas/visita-presencial-centro-de-informacion-de-la-central-nuclear-de-cofrentes/"]}]},{"@type":"ImageObject","inLanguage":"es","@id":"https://rinconeducativo.org/es/visitas/visita-presencial-centro-de-informacion-de-la-central-nuclear-de-cofrentes/#primaryimage","url":"https://rinconeducativo.org/wp-content/uploads/2022/11/Cofrentes_Centro_info.jpg","contentUrl":"https://rinconeducativo.org/wp-content/uploads/2022/11/Cofrentes_Centro_info.jpg","width":298,"height":168,"caption":"Centro de Información de la Central Nuclear de Cofrentes"},{"@type":"BreadcrumbList","@id":"https://rinconeducativo.org/es/visitas/visita-presencial-centro-de-informacion-de-la-central-nuclear-de-cofrentes/#breadcrumb","itemListElement":[{"@type":"ListItem","position":1,"name":"Portada","item":"https://rinconeducativo.org/es/"},{"@type":"ListItem","position":2,"name":"Visits","item":"https://rinconeducativo.org/en/visits/"},{"@type":"ListItem","position":3,"name":"Visita Presencial: Centro de Información de la Central Nuclear de Cofrentes (España)"}]},{"@type":"WebSite","@id":"https://rinconeducativo.org/es/#website","url":"https://rinconeducativo.org/es/","name":"Rincón educativo","description":"Un proyecto del Foro Nuclear","potentialAction":[{"@type":"SearchAction","target":{"@type":"EntryPoint","urlTemplate":"https://rinconeducativo.org/es/?s={search_term_string}"},"query-input":{"@type":"PropertyValueSpecification","valueRequired":true,"valueName":"search_term_string"}}],"inLanguage":"es"}]}</script>
<!-- / Yoast SEO plugin. -->

Visita Presencial: Centro de Información de la Central Nuclear de Cofrentes (España) - Rincón educativo

La central nuclear de Cofrentes dispone de un centro de información que habla de la instalación y de su actividad.

Rincón educativo

Centro de Información de la Central Nuclear de Cofrentes
