{"id":22126,"date":"2022-11-24T10:36:57","date_gmt":"2022-11-24T09:36:57","guid":{"rendered":"https:\/\/rinconeducativo.org\/?post_type=re_visita&#038;p=22126"},"modified":"2022-12-23T10:40:29","modified_gmt":"2022-12-23T09:40:29","slug":"visita-presencial-espacio-enresa-vandellos-i","status":"publish","type":"re_visita","link":"https:\/\/rinconeducativo.org\/es\/visitas\/visita-presencial-espacio-enresa-vandellos-i\/","title":{"rendered":"Visita Presencial: Espacio Enresa Vandell\u00f3s I (Espa\u00f1a)"},"content":{"rendered":"\n<p>Los espacios Enresa son centros interactivos en los que se informa de una manera cient\u00edfica pero asequible. Est\u00e1n abiertos a todo tipo de p\u00fablico, aunque sus contenidos est\u00e1n especialmente adaptados para la comunidad de estudiantes. La informaci\u00f3n se presenta en paneles, maquetas y audiovisuales que buscan la participaci\u00f3n del visitante. Adem\u00e1s, las visitas est\u00e1n en todo momento acompa\u00f1adas por personal especializado que resolver\u00e1 todas sus dudas.<\/p>\n\n\n\n<p>Son gratuitos y est\u00e1n abiertos durante todo el a\u00f1o. El \u00fanico requisito es realizar una reserva previa, puesto que las visitas se realizan de manera programada.<\/p>\n\n\n\n<p>Ubicado en la antigua central nuclear de Vandell\u00f3s I (desmantelada a nivel II), este centro de informaci\u00f3n est\u00e1 orientado a informar sobre las actividades de Enresa en materia de desmantelamiento.<\/p>\n\n\n\n<p>La visita incluye programas interactivos que muestran al visitante las tecnolog\u00edas aplicadas en el desmantelamiento de instalaciones nucleares y la gesti\u00f3n de los materiales generados en el proceso, talleres pr\u00e1cticos para escolares y una visita guiada por la instalaci\u00f3n de lo que en su d\u00eda fue la central nuclear Vandell\u00f3s I.<\/p>\n\n\n\n<figure class=\"wp-block-image size-full\"><img loading=\"lazy\" decoding=\"async\" width=\"600\" height=\"300\" src=\"https:\/\/rinconeducativo.org\/wp-content\/uploads\/2022\/11\/Espacio_vandellos_Enresa.jpg\" alt=\"\" class=\"wp-image-22128\" srcset=\"https:\/\/rinconeducativo.org\/wp-content\/uploads\/2022\/11\/Espacio_vandellos_Enresa.jpg 600w, https:\/\/rinconeducativo.org\/wp-content\/uploads\/2022\/11\/Espacio_vandellos_Enresa-500x250.jpg 500w\" sizes=\"auto, (max-width: 600px) 100vw, 600px\" \/><\/figure>\n\n\n\n<h2 class=\"wp-block-heading\">C\u00f3mo realizar la visita<\/h2>\n\n\n\n<p>Para ello debe ponerse en contacto con los responsables a trav\u00e9s del tel\u00e9fono: +34 977 818 500 o el correo electr\u00f3nico: <a href=\"mailto:cevisva@enresa.es\">cevisva@enresa.es<\/a><\/p>\n\n\n\n<p>El Espacio Enresa Vandell\u00f3s I se localiza en la carretaera N-340, Km 1123,7, 43890 L'Hospitalet de L'Infant (Tarragona)<\/p>\n\n\n\n<p>Para m\u00e1s informaci\u00f3n: <a href=\"https:\/\/www.enresa.es\/esp\/inicio\/conozca-enresa\/espacios-enresa\" target=\"_blank\" rel=\"noreferrer noopener\">Espacios Enresa<\/a><\/p>\n","protected":false},"excerpt":{"rendered":"<p>El Espacio de Enresa en El Cabril explica la gesti\u00f3n de los residuos radiactivos de muy baja, baja y media actividad que se producen en Espa\u00f1a.<\/p>\n","protected":false},"author":1088,"featured_media":22128,"template":"","meta":{"_acf_changed":false},"tags":[5695],"provincia":[7056],"tipo_instalacion":[7083],"tipo_visita":[7242],"class_list":["post-22126","re_visita","type-re_visita","status-publish","has-post-thumbnail","hentry","tag-residuos-radiactivos","provincia-cataluna-tarragona","tipo_instalacion-gestion-de-residuos-radiactivos","tipo_visita-presencial"],"acf":[],"yoast_head":"<!-- This site is optimized with the Yoast SEO plugin v26.8 - https:\/\/yoast.com\/product\/yoast-seo-wordpress\/ -->\n<title>Visita Presencial: Espacio Enresa Vandell\u00f3s I (Espa\u00f1a) - Rinc\u00f3n educativo<\/title>\n<meta name=\"robots\" content=\"index, follow, max-snippet:-1, max-image-preview:large, max-video-preview:-1\" \/>\n<link rel=\"canonical\" href=\"https:\/\/rinconeducativo.org\/es\/visitas\/visita-presencial-espacio-enresa-vandellos-i\/\" \/>\n<meta property=\"og:locale\" content=\"es_ES\" \/>\n<meta property=\"og:type\" content=\"article\" \/>\n<meta property=\"og:title\" content=\"Visita Presencial: Espacio Enresa Vandell\u00f3s I (Espa\u00f1a) - Rinc\u00f3n educativo\" \/>\n<meta property=\"og:description\" content=\"El Espacio de Enresa en El Cabril explica la gesti\u00f3n de los residuos radiactivos de muy baja, baja y media actividad que se producen en Espa\u00f1a.\" \/>\n<meta property=\"og:url\" content=\"https:\/\/rinconeducativo.org\/es\/visitas\/visita-presencial-espacio-enresa-vandellos-i\/\" \/>\n<meta property=\"og:site_name\" content=\"Rinc\u00f3n educativo\" \/>\n<meta property=\"article:modified_time\" content=\"2022-12-23T09:40:29+00:00\" \/>\n<meta property=\"og:image\" content=\"https:\/\/rinconeducativo.org\/wp-content\/uploads\/2022\/11\/Espacio_vandellos_Enresa.jpg\" \/>\n\t<meta property=\"og:image:width\" content=\"600\" \/>\n\t<meta property=\"og:image:height\" content=\"300\" \/>\n\t<meta property=\"og:image:type\" content=\"image\/jpeg\" \/>\n<meta name=\"twitter:card\" content=\"summary_large_image\" \/>\n<script type=\"application\/ld+json\" class=\"yoast-schema-graph\">{\"@context\":\"https:\/\/schema.org\",\"@graph\":[{\"@type\":\"WebPage\",\"@id\":\"https:\/\/rinconeducativo.org\/es\/visitas\/visita-presencial-espacio-enresa-vandellos-i\/\",\"url\":\"https:\/\/rinconeducativo.org\/es\/visitas\/visita-presencial-espacio-enresa-vandellos-i\/\",\"name\":\"Visita Presencial: Espacio Enresa Vandell\u00f3s I (Espa\u00f1a) - Rinc\u00f3n educativo\",\"isPartOf\":{\"@id\":\"https:\/\/rinconeducativo.org\/es\/#website\"},\"primaryImageOfPage\":{\"@id\":\"https:\/\/rinconeducativo.org\/es\/visitas\/visita-presencial-espacio-enresa-vandellos-i\/#primaryimage\"},\"image\":{\"@id\":\"https:\/\/rinconeducativo.org\/es\/visitas\/visita-presencial-espacio-enresa-vandellos-i\/#primaryimage\"},\"thumbnailUrl\":\"https:\/\/rinconeducativo.org\/wp-content\/uploads\/2022\/11\/Espacio_vandellos_Enresa.jpg\",\"datePublished\":\"2022-11-24T09:36:57+00:00\",\"dateModified\":\"2022-12-23T09:40:29+00:00\",\"breadcrumb\":{\"@id\":\"https:\/\/rinconeducativo.org\/es\/visitas\/visita-presencial-espacio-enresa-vandellos-i\/#breadcrumb\"},\"inLanguage\":\"es\",\"potentialAction\":[{\"@type\":\"ReadAction\",\"target\":[\"https:\/\/rinconeducativo.org\/es\/visitas\/visita-presencial-espacio-enresa-vandellos-i\/\"]}]},{\"@type\":\"ImageObject\",\"inLanguage\":\"es\",\"@id\":\"https:\/\/rinconeducativo.org\/es\/visitas\/visita-presencial-espacio-enresa-vandellos-i\/#primaryimage\",\"url\":\"https:\/\/rinconeducativo.org\/wp-content\/uploads\/2022\/11\/Espacio_vandellos_Enresa.jpg\",\"contentUrl\":\"https:\/\/rinconeducativo.org\/wp-content\/uploads\/2022\/11\/Espacio_vandellos_Enresa.jpg\",\"width\":600,\"height\":300,\"caption\":\"Espacio Enresa en Vandell\u00f3s I\"},{\"@type\":\"BreadcrumbList\",\"@id\":\"https:\/\/rinconeducativo.org\/es\/visitas\/visita-presencial-espacio-enresa-vandellos-i\/#breadcrumb\",\"itemListElement\":[{\"@type\":\"ListItem\",\"position\":1,\"name\":\"Portada\",\"item\":\"https:\/\/rinconeducativo.org\/es\/\"},{\"@type\":\"ListItem\",\"position\":2,\"name\":\"Visits\",\"item\":\"https:\/\/rinconeducativo.org\/en\/visits\/\"},{\"@type\":\"ListItem\",\"position\":3,\"name\":\"Visita Presencial: Espacio Enresa Vandell\u00f3s I (Espa\u00f1a)\"}]},{\"@type\":\"WebSite\",\"@id\":\"https:\/\/rinconeducativo.org\/es\/#website\",\"url\":\"https:\/\/rinconeducativo.org\/es\/\",\"name\":\"Rinc\u00f3n educativo\",\"description\":\"Un proyecto del Foro Nuclear\",\"potentialAction\":[{\"@type\":\"SearchAction\",\"target\":{\"@type\":\"EntryPoint\",\"urlTemplate\":\"https:\/\/rinconeducativo.org\/es\/?s={search_term_string}\"},\"query-input\":{\"@type\":\"PropertyValueSpecification\",\"valueRequired\":true,\"valueName\":\"search_term_string\"}}],\"inLanguage\":\"es\"}]}<\/script>\n<!-- \/ Yoast SEO plugin. -->","yoast_head_json":{"title":"Visita Presencial: Espacio Enresa Vandell\u00f3s I (Espa\u00f1a) - Rinc\u00f3n educativo","robots":{"index":"index","follow":"follow","max-snippet":"max-snippet:-1","max-image-preview":"max-image-preview:large","max-video-preview":"max-video-preview:-1"},"canonical":"https:\/\/rinconeducativo.org\/es\/visitas\/visita-presencial-espacio-enresa-vandellos-i\/","og_locale":"es_ES","og_type":"article","og_title":"Visita Presencial: Espacio Enresa Vandell\u00f3s I (Espa\u00f1a) - Rinc\u00f3n educativo","og_description":"El Espacio de Enresa en El Cabril explica la gesti\u00f3n de los residuos radiactivos de muy baja, baja y media actividad que se producen en Espa\u00f1a.","og_url":"https:\/\/rinconeducativo.org\/es\/visitas\/visita-presencial-espacio-enresa-vandellos-i\/","og_site_name":"Rinc\u00f3n educativo","article_modified_time":"2022-12-23T09:40:29+00:00","og_image":[{"width":600,"height":300,"url":"https:\/\/rinconeducativo.org\/wp-content\/uploads\/2022\/11\/Espacio_vandellos_Enresa.jpg","type":"image\/jpeg"}],"twitter_card":"summary_large_image","schema":{"@context":"https:\/\/schema.org","@graph":[{"@type":"WebPage","@id":"https:\/\/rinconeducativo.org\/es\/visitas\/visita-presencial-espacio-enresa-vandellos-i\/","url":"https:\/\/rinconeducativo.org\/es\/visitas\/visita-presencial-espacio-enresa-vandellos-i\/","name":"Visita Presencial: Espacio Enresa Vandell\u00f3s I (Espa\u00f1a) - Rinc\u00f3n educativo","isPartOf":{"@id":"https:\/\/rinconeducativo.org\/es\/#website"},"primaryImageOfPage":{"@id":"https:\/\/rinconeducativo.org\/es\/visitas\/visita-presencial-espacio-enresa-vandellos-i\/#primaryimage"},"image":{"@id":"https:\/\/rinconeducativo.org\/es\/visitas\/visita-presencial-espacio-enresa-vandellos-i\/#primaryimage"},"thumbnailUrl":"https:\/\/rinconeducativo.org\/wp-content\/uploads\/2022\/11\/Espacio_vandellos_Enresa.jpg","datePublished":"2022-11-24T09:36:57+00:00","dateModified":"2022-12-23T09:40:29+00:00","breadcrumb":{"@id":"https:\/\/rinconeducativo.org\/es\/visitas\/visita-presencial-espacio-enresa-vandellos-i\/#breadcrumb"},"inLanguage":"es","potentialAction":[{"@type":"ReadAction","target":["https:\/\/rinconeducativo.org\/es\/visitas\/visita-presencial-espacio-enresa-vandellos-i\/"]}]},{"@type":"ImageObject","inLanguage":"es","@id":"https:\/\/rinconeducativo.org\/es\/visitas\/visita-presencial-espacio-enresa-vandellos-i\/#primaryimage","url":"https:\/\/rinconeducativo.org\/wp-content\/uploads\/2022\/11\/Espacio_vandellos_Enresa.jpg","contentUrl":"https:\/\/rinconeducativo.org\/wp-content\/uploads\/2022\/11\/Espacio_vandellos_Enresa.jpg","width":600,"height":300,"caption":"Espacio Enresa en Vandell\u00f3s I"},{"@type":"BreadcrumbList","@id":"https:\/\/rinconeducativo.org\/es\/visitas\/visita-presencial-espacio-enresa-vandellos-i\/#breadcrumb","itemListElement":[{"@type":"ListItem","position":1,"name":"Portada","item":"https:\/\/rinconeducativo.org\/es\/"},{"@type":"ListItem","position":2,"name":"Visits","item":"https:\/\/rinconeducativo.org\/en\/visits\/"},{"@type":"ListItem","position":3,"name":"Visita Presencial: Espacio Enresa Vandell\u00f3s I (Espa\u00f1a)"}]},{"@type":"WebSite","@id":"https:\/\/rinconeducativo.org\/es\/#website","url":"https:\/\/rinconeducativo.org\/es\/","name":"Rinc\u00f3n educativo","description":"Un proyecto del Foro Nuclear","potentialAction":[{"@type":"SearchAction","target":{"@type":"EntryPoint","urlTemplate":"https:\/\/rinconeducativo.org\/es\/?s={search_term_string}"},"query-input":{"@type":"PropertyValueSpecification","valueRequired":true,"valueName":"search_term_string"}}],"inLanguage":"es"}]}},"_links":{"self":[{"href":"https:\/\/rinconeducativo.org\/es\/wp-json\/wp\/v2\/re_visita\/22126","targetHints":{"allow":["GET"]}}],"collection":[{"href":"https:\/\/rinconeducativo.org\/es\/wp-json\/wp\/v2\/re_visita"}],"about":[{"href":"https:\/\/rinconeducativo.org\/es\/wp-json\/wp\/v2\/types\/re_visita"}],"author":[{"embeddable":true,"href":"https:\/\/rinconeducativo.org\/es\/wp-json\/wp\/v2\/users\/1088"}],"wp:featuredmedia":[{"embeddable":true,"href":"https:\/\/rinconeducativo.org\/es\/wp-json\/wp\/v2\/media\/22128"}],"wp:attachment":[{"href":"https:\/\/rinconeducativo.org\/es\/wp-json\/wp\/v2\/media?parent=22126"}],"wp:term":[{"taxonomy":"post_tag","embeddable":true,"href":"https:\/\/rinconeducativo.org\/es\/wp-json\/wp\/v2\/tags?post=22126"},{"taxonomy":"provincia","embeddable":true,"href":"https:\/\/rinconeducativo.org\/es\/wp-json\/wp\/v2\/provincia?post=22126"},{"taxonomy":"tipo_instalacion","embeddable":true,"href":"https:\/\/rinconeducativo.org\/es\/wp-json\/wp\/v2\/tipo_instalacion?post=22126"},{"taxonomy":"tipo_visita","embeddable":true,"href":"https:\/\/rinconeducativo.org\/es\/wp-json\/wp\/v2\/tipo_visita?post=22126"}],"curies":[{"name":"wp","href":"https:\/\/api.w.org\/{rel}","templated":true}]}}

Visita Presencial: Espacio Enresa Vandellós I (España)

<p>Los espacios Enresa son centros interactivos en los que se informa de una manera científica pero asequible. Están abiertos a todo tipo de público, aunque sus contenidos están especialmente adaptados para la comunidad de estudiantes. La información se presenta en paneles, maquetas y audiovisuales que buscan la participación del visitante. Además, las visitas están en todo momento acompañadas por personal especializado que resolverá todas sus dudas.</p>



<p>Son gratuitos y están abiertos durante todo el año. El único requisito es realizar una reserva previa, puesto que las visitas se realizan de manera programada.</p>



<p>Ubicado en la antigua central nuclear de Vandellós I (desmantelada a nivel II), este centro de información está orientado a informar sobre las actividades de Enresa en materia de desmantelamiento.</p>



<p>La visita incluye programas interactivos que muestran al visitante las tecnologías aplicadas en el desmantelamiento de instalaciones nucleares y la gestión de los materiales generados en el proceso, talleres prácticos para escolares y una visita guiada por la instalación de lo que en su día fue la central nuclear Vandellós I.</p>



<figure class="wp-block-image size-full"><img loading="lazy" decoding="async" width="600" height="300" src="https://rinconeducativo.org/wp-content/uploads/2022/11/Espacio_vandellos_Enresa.jpg" alt="" class="wp-image-22128" srcset="https://rinconeducativo.org/wp-content/uploads/2022/11/Espacio_vandellos_Enresa.jpg 600w, https://rinconeducativo.org/wp-content/uploads/2022/11/Espacio_vandellos_Enresa-500x250.jpg 500w" sizes="auto, (max-width: 600px) 100vw, 600px" /></figure>



<h2 class="wp-block-heading">Cómo realizar la visita</h2>



<p>Para ello debe ponerse en contacto con los responsables a través del teléfono: +34 977 818 500 o el correo electrónico: <a href="mailto:cevisva@enresa.es">cevisva@enresa.es</a></p>



<p>El Espacio Enresa Vandellós I se localiza en la carretaera N-340, Km 1123,7, 43890 L'Hospitalet de L'Infant (Tarragona)</p>



<p>Para más información: <a href="https://www.enresa.es/esp/inicio/conozca-enresa/espacios-enresa" target="_blank" rel="noreferrer noopener">Espacios Enresa</a></p>

<p>El Espacio de Enresa en El Cabril explica la gestión de los residuos radiactivos de muy baja, baja y media actividad que se producen en España.</p>

<!-- This site is optimized with the Yoast SEO plugin v26.8 - https://yoast.com/product/yoast-seo-wordpress/ -->
<title>Visita Presencial: Espacio Enresa Vandellós I (España) - Rincón educativo</title>
<meta name="robots" content="index, follow, max-snippet:-1, max-image-preview:large, max-video-preview:-1" />
<link rel="canonical" href="https://rinconeducativo.org/es/visitas/visita-presencial-espacio-enresa-vandellos-i/" />
<meta property="og:locale" content="es_ES" />
<meta property="og:type" content="article" />
<meta property="og:title" content="Visita Presencial: Espacio Enresa Vandellós I (España) - Rincón educativo" />
<meta property="og:description" content="El Espacio de Enresa en El Cabril explica la gestión de los residuos radiactivos de muy baja, baja y media actividad que se producen en España." />
<meta property="og:url" content="https://rinconeducativo.org/es/visitas/visita-presencial-espacio-enresa-vandellos-i/" />
<meta property="og:site_name" content="Rincón educativo" />
<meta property="article:modified_time" content="2022-12-23T09:40:29+00:00" />
<meta property="og:image" content="https://rinconeducativo.org/wp-content/uploads/2022/11/Espacio_vandellos_Enresa.jpg" />
	<meta property="og:image:width" content="600" />
	<meta property="og:image:height" content="300" />
	<meta property="og:image:type" content="image/jpeg" />
<meta name="twitter:card" content="summary_large_image" />
<script type="application/ld+json" class="yoast-schema-graph">{"@context":"https://schema.org","@graph":[{"@type":"WebPage","@id":"https://rinconeducativo.org/es/visitas/visita-presencial-espacio-enresa-vandellos-i/","url":"https://rinconeducativo.org/es/visitas/visita-presencial-espacio-enresa-vandellos-i/","name":"Visita Presencial: Espacio Enresa Vandellós I (España) - Rincón educativo","isPartOf":{"@id":"https://rinconeducativo.org/es/#website"},"primaryImageOfPage":{"@id":"https://rinconeducativo.org/es/visitas/visita-presencial-espacio-enresa-vandellos-i/#primaryimage"},"image":{"@id":"https://rinconeducativo.org/es/visitas/visita-presencial-espacio-enresa-vandellos-i/#primaryimage"},"thumbnailUrl":"https://rinconeducativo.org/wp-content/uploads/2022/11/Espacio_vandellos_Enresa.jpg","datePublished":"2022-11-24T09:36:57+00:00","dateModified":"2022-12-23T09:40:29+00:00","breadcrumb":{"@id":"https://rinconeducativo.org/es/visitas/visita-presencial-espacio-enresa-vandellos-i/#breadcrumb"},"inLanguage":"es","potentialAction":[{"@type":"ReadAction","target":["https://rinconeducativo.org/es/visitas/visita-presencial-espacio-enresa-vandellos-i/"]}]},{"@type":"ImageObject","inLanguage":"es","@id":"https://rinconeducativo.org/es/visitas/visita-presencial-espacio-enresa-vandellos-i/#primaryimage","url":"https://rinconeducativo.org/wp-content/uploads/2022/11/Espacio_vandellos_Enresa.jpg","contentUrl":"https://rinconeducativo.org/wp-content/uploads/2022/11/Espacio_vandellos_Enresa.jpg","width":600,"height":300,"caption":"Espacio Enresa en Vandellós I"},{"@type":"BreadcrumbList","@id":"https://rinconeducativo.org/es/visitas/visita-presencial-espacio-enresa-vandellos-i/#breadcrumb","itemListElement":[{"@type":"ListItem","position":1,"name":"Portada","item":"https://rinconeducativo.org/es/"},{"@type":"ListItem","position":2,"name":"Visits","item":"https://rinconeducativo.org/en/visits/"},{"@type":"ListItem","position":3,"name":"Visita Presencial: Espacio Enresa Vandellós I (España)"}]},{"@type":"WebSite","@id":"https://rinconeducativo.org/es/#website","url":"https://rinconeducativo.org/es/","name":"Rincón educativo","description":"Un proyecto del Foro Nuclear","potentialAction":[{"@type":"SearchAction","target":{"@type":"EntryPoint","urlTemplate":"https://rinconeducativo.org/es/?s={search_term_string}"},"query-input":{"@type":"PropertyValueSpecification","valueRequired":true,"valueName":"search_term_string"}}],"inLanguage":"es"}]}</script>
<!-- / Yoast SEO plugin. -->

Visita Presencial: Espacio Enresa Vandellós I (España) - Rincón educativo

El Espacio de Enresa en El Cabril explica la gestión de los residuos radiactivos de muy baja, baja y media actividad que se producen en España.

Rincón educativo

Espacio Enresa en Vandellós I
