{"id":40278,"date":"2024-06-11T10:30:00","date_gmt":"2024-06-11T08:30:00","guid":{"rendered":"https:\/\/rinconeducativo.org\/?post_type=re_recurso&#038;p=40278"},"modified":"2025-06-11T10:39:07","modified_gmt":"2025-06-11T08:39:07","slug":"sonia-cotelle-determino-semivida-torio-230-establecio-numero-atomico-polonio","status":"publish","type":"re_recurso","link":"https:\/\/rinconeducativo.org\/es\/recursos-educativos\/sonia-cotelle-determino-semivida-torio-230-establecio-numero-atomico-polonio\/","title":{"rendered":"Sonia Cotelle, determin\u00f3 la semivida del torio-230 y estableci\u00f3 el n\u00famero at\u00f3mico del polonio"},"content":{"rendered":"<div class=\"wp-block-image\">\n<figure class=\"alignleft size-full\"><img loading=\"lazy\" decoding=\"async\" width=\"173\" height=\"146\" src=\"https:\/\/rinconeducativo.org\/wp-content\/uploads\/2025\/06\/Cotelle_Sonia.png\" alt=\"\" class=\"wp-image-40279\"\/><\/figure>\n<\/div>\n\n\n<p>19 de junio de 1896, Varsovia (Polonia) - 18 de enero de 1945, Par\u00eds (Francia)<\/p>\n\n\n\n<p>Se diplom\u00f3 en qu\u00edmica general, biol\u00f3gica y aplicada en la Universidad de la Sorbona (Francia). Se especializ\u00f3 en fuentes radiactivas y, en 1919, comenz\u00f3 su trabajo como investigadora incorpor\u00e1ndose al equipo de la cient\u00edfica <a href=\"https:\/\/rinconeducativo.org\/es\/recursos-educativos\/lamina-interactiva-sobre-marie-curie\/\" target=\"_blank\" rel=\"noreferrer noopener\">Marie Curie<\/a> en el Institut du Radium (actual Museo Curie) de Par\u00eds (Francia), donde lleg\u00f3 a ser responsable del servicio de medici\u00f3n entre 1924 y 1926.<\/p>\n\n\n\n<p>Entre 1926 y 1927 trabaj\u00f3 como cient\u00edfica qu\u00edmica en la facultad de ciencias e investig\u00f3 sobre el polonio y el actinio en colaboraci\u00f3n con Marie Curie. Asimismo, determin\u00f3 la semivida o el tiempo de vida medio del ionio, el nombre por el que se conoc\u00eda al torio-230 en aquella \u00e9poca.<\/p>\n\n\n\n<p>Durante su etapa en Checoslovaquia, donde vivi\u00f3 entre 1927 y 1936, Cotelle determin\u00f3 el n\u00famero at\u00f3mico del polonio por espectroscopia de<a href=\"https:\/\/rinconeducativo.org\/es\/?s=rayos+x&amp;wpessid=12518\" target=\"_blank\" rel=\"noreferrer noopener\"> rayos X<\/a>. Al finalizar este periodo, regres\u00f3 a Par\u00eds donde sigui\u00f3 colaborando con equipos pioneros en la investigaci\u00f3n de los elementos y compuestos radiactivos.<\/p>\n\n\n\n<p>Falleci\u00f3 como consecuencia de varias enfermedades originadas por la ingesti\u00f3n accidental de polonio, ocurrida mientras trabajaba en el laboratorio en 1927.<\/p>\n","protected":false},"excerpt":{"rendered":"<p>Sonia Cotelle, determin\u00f3 la semivida del torio-230 y estableci\u00f3 el n\u00famero at\u00f3mico del polonio<\/p>\n","protected":false},"author":1088,"featured_media":40279,"template":"","meta":{"_acf_changed":false,"footnotes":""},"tags":[6071],"edad":[7029,7030,7031,7028],"recursos_tipo":[7014],"recursos_tema":[7010,7096,7097],"clasificacion_anterior":[],"class_list":["post-40278","re_recurso","type-re_recurso","status-publish","has-post-thumbnail","hentry","tag-tabla-periodica","edad-de-6-a-12","edad-de-12-a-16","edad-mas-16","edad-todas-las-edades","recursos_tipo-personajes","recursos_tema-ciencia","recursos_tema-mujeres-en-la-ciencia","recursos_tema-tablas-periodicas"],"acf":[],"yoast_head":"<!-- This site is optimized with the Yoast SEO plugin v26.8 - https:\/\/yoast.com\/product\/yoast-seo-wordpress\/ -->\n<title>Sonia Cotelle, determin\u00f3 la semivida del torio-230 y estableci\u00f3 el n\u00famero at\u00f3mico del polonio - Rinc\u00f3n educativo<\/title>\n<meta name=\"robots\" content=\"index, follow, max-snippet:-1, max-image-preview:large, max-video-preview:-1\" \/>\n<link rel=\"canonical\" href=\"https:\/\/rinconeducativo.org\/es\/recursos-educativos\/sonia-cotelle-determino-semivida-torio-230-establecio-numero-atomico-polonio\/\" \/>\n<meta property=\"og:locale\" content=\"es_ES\" \/>\n<meta property=\"og:type\" content=\"article\" \/>\n<meta property=\"og:title\" content=\"Sonia Cotelle, determin\u00f3 la semivida del torio-230 y estableci\u00f3 el n\u00famero at\u00f3mico del polonio - Rinc\u00f3n educativo\" \/>\n<meta property=\"og:description\" content=\"Sonia Cotelle, determin\u00f3 la semivida del torio-230 y estableci\u00f3 el n\u00famero at\u00f3mico del polonio\" \/>\n<meta property=\"og:url\" content=\"https:\/\/rinconeducativo.org\/es\/recursos-educativos\/sonia-cotelle-determino-semivida-torio-230-establecio-numero-atomico-polonio\/\" \/>\n<meta property=\"og:site_name\" content=\"Rinc\u00f3n educativo\" \/>\n<meta property=\"article:modified_time\" content=\"2025-06-11T08:39:07+00:00\" \/>\n<meta property=\"og:image\" content=\"https:\/\/rinconeducativo.org\/wp-content\/uploads\/2025\/06\/Cotelle_Sonia.png\" \/>\n\t<meta property=\"og:image:width\" content=\"173\" \/>\n\t<meta property=\"og:image:height\" content=\"146\" \/>\n\t<meta property=\"og:image:type\" content=\"image\/png\" \/>\n<meta name=\"twitter:card\" content=\"summary_large_image\" \/>\n<script type=\"application\/ld+json\" class=\"yoast-schema-graph\">{\"@context\":\"https:\/\/schema.org\",\"@graph\":[{\"@type\":\"WebPage\",\"@id\":\"https:\/\/rinconeducativo.org\/es\/recursos-educativos\/sonia-cotelle-determino-semivida-torio-230-establecio-numero-atomico-polonio\/\",\"url\":\"https:\/\/rinconeducativo.org\/es\/recursos-educativos\/sonia-cotelle-determino-semivida-torio-230-establecio-numero-atomico-polonio\/\",\"name\":\"Sonia Cotelle, determin\u00f3 la semivida del torio-230 y estableci\u00f3 el n\u00famero at\u00f3mico del polonio - Rinc\u00f3n educativo\",\"isPartOf\":{\"@id\":\"https:\/\/rinconeducativo.org\/es\/#website\"},\"primaryImageOfPage\":{\"@id\":\"https:\/\/rinconeducativo.org\/es\/recursos-educativos\/sonia-cotelle-determino-semivida-torio-230-establecio-numero-atomico-polonio\/#primaryimage\"},\"image\":{\"@id\":\"https:\/\/rinconeducativo.org\/es\/recursos-educativos\/sonia-cotelle-determino-semivida-torio-230-establecio-numero-atomico-polonio\/#primaryimage\"},\"thumbnailUrl\":\"https:\/\/rinconeducativo.org\/wp-content\/uploads\/2025\/06\/Cotelle_Sonia.png\",\"datePublished\":\"2024-06-11T08:30:00+00:00\",\"dateModified\":\"2025-06-11T08:39:07+00:00\",\"breadcrumb\":{\"@id\":\"https:\/\/rinconeducativo.org\/es\/recursos-educativos\/sonia-cotelle-determino-semivida-torio-230-establecio-numero-atomico-polonio\/#breadcrumb\"},\"inLanguage\":\"es\",\"potentialAction\":[{\"@type\":\"ReadAction\",\"target\":[\"https:\/\/rinconeducativo.org\/es\/recursos-educativos\/sonia-cotelle-determino-semivida-torio-230-establecio-numero-atomico-polonio\/\"]}]},{\"@type\":\"ImageObject\",\"inLanguage\":\"es\",\"@id\":\"https:\/\/rinconeducativo.org\/es\/recursos-educativos\/sonia-cotelle-determino-semivida-torio-230-establecio-numero-atomico-polonio\/#primaryimage\",\"url\":\"https:\/\/rinconeducativo.org\/wp-content\/uploads\/2025\/06\/Cotelle_Sonia.png\",\"contentUrl\":\"https:\/\/rinconeducativo.org\/wp-content\/uploads\/2025\/06\/Cotelle_Sonia.png\",\"width\":173,\"height\":146,\"caption\":\"Sonia Cotelle\"},{\"@type\":\"BreadcrumbList\",\"@id\":\"https:\/\/rinconeducativo.org\/es\/recursos-educativos\/sonia-cotelle-determino-semivida-torio-230-establecio-numero-atomico-polonio\/#breadcrumb\",\"itemListElement\":[{\"@type\":\"ListItem\",\"position\":1,\"name\":\"Portada\",\"item\":\"https:\/\/rinconeducativo.org\/es\/\"},{\"@type\":\"ListItem\",\"position\":2,\"name\":\"Recursos educativos\",\"item\":\"https:\/\/rinconeducativo.org\/es\/recursos-educativos\/\"},{\"@type\":\"ListItem\",\"position\":3,\"name\":\"Sonia Cotelle, determin\u00f3 la semivida del torio-230 y estableci\u00f3 el n\u00famero at\u00f3mico del polonio\"}]},{\"@type\":\"WebSite\",\"@id\":\"https:\/\/rinconeducativo.org\/es\/#website\",\"url\":\"https:\/\/rinconeducativo.org\/es\/\",\"name\":\"Rinc\u00f3n educativo\",\"description\":\"Un proyecto del Foro Nuclear\",\"potentialAction\":[{\"@type\":\"SearchAction\",\"target\":{\"@type\":\"EntryPoint\",\"urlTemplate\":\"https:\/\/rinconeducativo.org\/es\/?s={search_term_string}\"},\"query-input\":{\"@type\":\"PropertyValueSpecification\",\"valueRequired\":true,\"valueName\":\"search_term_string\"}}],\"inLanguage\":\"es\"}]}<\/script>\n<!-- \/ Yoast SEO plugin. -->","yoast_head_json":{"title":"Sonia Cotelle, determin\u00f3 la semivida del torio-230 y estableci\u00f3 el n\u00famero at\u00f3mico del polonio - Rinc\u00f3n educativo","robots":{"index":"index","follow":"follow","max-snippet":"max-snippet:-1","max-image-preview":"max-image-preview:large","max-video-preview":"max-video-preview:-1"},"canonical":"https:\/\/rinconeducativo.org\/es\/recursos-educativos\/sonia-cotelle-determino-semivida-torio-230-establecio-numero-atomico-polonio\/","og_locale":"es_ES","og_type":"article","og_title":"Sonia Cotelle, determin\u00f3 la semivida del torio-230 y estableci\u00f3 el n\u00famero at\u00f3mico del polonio - Rinc\u00f3n educativo","og_description":"Sonia Cotelle, determin\u00f3 la semivida del torio-230 y estableci\u00f3 el n\u00famero at\u00f3mico del polonio","og_url":"https:\/\/rinconeducativo.org\/es\/recursos-educativos\/sonia-cotelle-determino-semivida-torio-230-establecio-numero-atomico-polonio\/","og_site_name":"Rinc\u00f3n educativo","article_modified_time":"2025-06-11T08:39:07+00:00","og_image":[{"width":173,"height":146,"url":"https:\/\/rinconeducativo.org\/wp-content\/uploads\/2025\/06\/Cotelle_Sonia.png","type":"image\/png"}],"twitter_card":"summary_large_image","schema":{"@context":"https:\/\/schema.org","@graph":[{"@type":"WebPage","@id":"https:\/\/rinconeducativo.org\/es\/recursos-educativos\/sonia-cotelle-determino-semivida-torio-230-establecio-numero-atomico-polonio\/","url":"https:\/\/rinconeducativo.org\/es\/recursos-educativos\/sonia-cotelle-determino-semivida-torio-230-establecio-numero-atomico-polonio\/","name":"Sonia Cotelle, determin\u00f3 la semivida del torio-230 y estableci\u00f3 el n\u00famero at\u00f3mico del polonio - Rinc\u00f3n educativo","isPartOf":{"@id":"https:\/\/rinconeducativo.org\/es\/#website"},"primaryImageOfPage":{"@id":"https:\/\/rinconeducativo.org\/es\/recursos-educativos\/sonia-cotelle-determino-semivida-torio-230-establecio-numero-atomico-polonio\/#primaryimage"},"image":{"@id":"https:\/\/rinconeducativo.org\/es\/recursos-educativos\/sonia-cotelle-determino-semivida-torio-230-establecio-numero-atomico-polonio\/#primaryimage"},"thumbnailUrl":"https:\/\/rinconeducativo.org\/wp-content\/uploads\/2025\/06\/Cotelle_Sonia.png","datePublished":"2024-06-11T08:30:00+00:00","dateModified":"2025-06-11T08:39:07+00:00","breadcrumb":{"@id":"https:\/\/rinconeducativo.org\/es\/recursos-educativos\/sonia-cotelle-determino-semivida-torio-230-establecio-numero-atomico-polonio\/#breadcrumb"},"inLanguage":"es","potentialAction":[{"@type":"ReadAction","target":["https:\/\/rinconeducativo.org\/es\/recursos-educativos\/sonia-cotelle-determino-semivida-torio-230-establecio-numero-atomico-polonio\/"]}]},{"@type":"ImageObject","inLanguage":"es","@id":"https:\/\/rinconeducativo.org\/es\/recursos-educativos\/sonia-cotelle-determino-semivida-torio-230-establecio-numero-atomico-polonio\/#primaryimage","url":"https:\/\/rinconeducativo.org\/wp-content\/uploads\/2025\/06\/Cotelle_Sonia.png","contentUrl":"https:\/\/rinconeducativo.org\/wp-content\/uploads\/2025\/06\/Cotelle_Sonia.png","width":173,"height":146,"caption":"Sonia Cotelle"},{"@type":"BreadcrumbList","@id":"https:\/\/rinconeducativo.org\/es\/recursos-educativos\/sonia-cotelle-determino-semivida-torio-230-establecio-numero-atomico-polonio\/#breadcrumb","itemListElement":[{"@type":"ListItem","position":1,"name":"Portada","item":"https:\/\/rinconeducativo.org\/es\/"},{"@type":"ListItem","position":2,"name":"Recursos educativos","item":"https:\/\/rinconeducativo.org\/es\/recursos-educativos\/"},{"@type":"ListItem","position":3,"name":"Sonia Cotelle, determin\u00f3 la semivida del torio-230 y estableci\u00f3 el n\u00famero at\u00f3mico del polonio"}]},{"@type":"WebSite","@id":"https:\/\/rinconeducativo.org\/es\/#website","url":"https:\/\/rinconeducativo.org\/es\/","name":"Rinc\u00f3n educativo","description":"Un proyecto del Foro Nuclear","potentialAction":[{"@type":"SearchAction","target":{"@type":"EntryPoint","urlTemplate":"https:\/\/rinconeducativo.org\/es\/?s={search_term_string}"},"query-input":{"@type":"PropertyValueSpecification","valueRequired":true,"valueName":"search_term_string"}}],"inLanguage":"es"}]}},"_links":{"self":[{"href":"https:\/\/rinconeducativo.org\/es\/wp-json\/wp\/v2\/re_recurso\/40278","targetHints":{"allow":["GET"]}}],"collection":[{"href":"https:\/\/rinconeducativo.org\/es\/wp-json\/wp\/v2\/re_recurso"}],"about":[{"href":"https:\/\/rinconeducativo.org\/es\/wp-json\/wp\/v2\/types\/re_recurso"}],"author":[{"embeddable":true,"href":"https:\/\/rinconeducativo.org\/es\/wp-json\/wp\/v2\/users\/1088"}],"version-history":[{"count":1,"href":"https:\/\/rinconeducativo.org\/es\/wp-json\/wp\/v2\/re_recurso\/40278\/revisions"}],"predecessor-version":[{"id":40281,"href":"https:\/\/rinconeducativo.org\/es\/wp-json\/wp\/v2\/re_recurso\/40278\/revisions\/40281"}],"wp:featuredmedia":[{"embeddable":true,"href":"https:\/\/rinconeducativo.org\/es\/wp-json\/wp\/v2\/media\/40279"}],"wp:attachment":[{"href":"https:\/\/rinconeducativo.org\/es\/wp-json\/wp\/v2\/media?parent=40278"}],"wp:term":[{"taxonomy":"post_tag","embeddable":true,"href":"https:\/\/rinconeducativo.org\/es\/wp-json\/wp\/v2\/tags?post=40278"},{"taxonomy":"edad","embeddable":true,"href":"https:\/\/rinconeducativo.org\/es\/wp-json\/wp\/v2\/edad?post=40278"},{"taxonomy":"recursos_tipo","embeddable":true,"href":"https:\/\/rinconeducativo.org\/es\/wp-json\/wp\/v2\/recursos_tipo?post=40278"},{"taxonomy":"recursos_tema","embeddable":true,"href":"https:\/\/rinconeducativo.org\/es\/wp-json\/wp\/v2\/recursos_tema?post=40278"},{"taxonomy":"clasificacion_anterior","embeddable":true,"href":"https:\/\/rinconeducativo.org\/es\/wp-json\/wp\/v2\/clasificacion_anterior?post=40278"}],"curies":[{"name":"wp","href":"https:\/\/api.w.org\/{rel}","templated":true}]}}

Sonia Cotelle, determinó la semivida del torio-230 y estableció el número atómico del polonio

<div class="wp-block-image">
<figure class="alignleft size-full"><img loading="lazy" decoding="async" width="173" height="146" src="https://rinconeducativo.org/wp-content/uploads/2025/06/Cotelle_Sonia.png" alt="" class="wp-image-40279"/></figure>
</div>


<p>19 de junio de 1896, Varsovia (Polonia) - 18 de enero de 1945, París (Francia)</p>



<p>Se diplomó en química general, biológica y aplicada en la Universidad de la Sorbona (Francia). Se especializó en fuentes radiactivas y, en 1919, comenzó su trabajo como investigadora incorporándose al equipo de la científica <a href="https://rinconeducativo.org/es/recursos-educativos/lamina-interactiva-sobre-marie-curie/" target="_blank" rel="noreferrer noopener">Marie Curie</a> en el Institut du Radium (actual Museo Curie) de París (Francia), donde llegó a ser responsable del servicio de medición entre 1924 y 1926.</p>



<p>Entre 1926 y 1927 trabajó como científica química en la facultad de ciencias e investigó sobre el polonio y el actinio en colaboración con Marie Curie. Asimismo, determinó la semivida o el tiempo de vida medio del ionio, el nombre por el que se conocía al torio-230 en aquella época.</p>



<p>Durante su etapa en Checoslovaquia, donde vivió entre 1927 y 1936, Cotelle determinó el número atómico del polonio por espectroscopia de<a href="https://rinconeducativo.org/es/?s=rayos+x&amp;wpessid=12518" target="_blank" rel="noreferrer noopener"> rayos X</a>. Al finalizar este periodo, regresó a París donde siguió colaborando con equipos pioneros en la investigación de los elementos y compuestos radiactivos.</p>



<p>Falleció como consecuencia de varias enfermedades originadas por la ingestión accidental de polonio, ocurrida mientras trabajaba en el laboratorio en 1927.</p>

<p>Sonia Cotelle, determinó la semivida del torio-230 y estableció el número atómico del polonio</p>

<!-- This site is optimized with the Yoast SEO plugin v26.8 - https://yoast.com/product/yoast-seo-wordpress/ -->
<title>Sonia Cotelle, determinó la semivida del torio-230 y estableció el número atómico del polonio - Rincón educativo</title>
<meta name="robots" content="index, follow, max-snippet:-1, max-image-preview:large, max-video-preview:-1" />
<link rel="canonical" href="https://rinconeducativo.org/es/recursos-educativos/sonia-cotelle-determino-semivida-torio-230-establecio-numero-atomico-polonio/" />
<meta property="og:locale" content="es_ES" />
<meta property="og:type" content="article" />
<meta property="og:title" content="Sonia Cotelle, determinó la semivida del torio-230 y estableció el número atómico del polonio - Rincón educativo" />
<meta property="og:description" content="Sonia Cotelle, determinó la semivida del torio-230 y estableció el número atómico del polonio" />
<meta property="og:url" content="https://rinconeducativo.org/es/recursos-educativos/sonia-cotelle-determino-semivida-torio-230-establecio-numero-atomico-polonio/" />
<meta property="og:site_name" content="Rincón educativo" />
<meta property="article:modified_time" content="2025-06-11T08:39:07+00:00" />
<meta property="og:image" content="https://rinconeducativo.org/wp-content/uploads/2025/06/Cotelle_Sonia.png" />
	<meta property="og:image:width" content="173" />
	<meta property="og:image:height" content="146" />
	<meta property="og:image:type" content="image/png" />
<meta name="twitter:card" content="summary_large_image" />
<script type="application/ld+json" class="yoast-schema-graph">{"@context":"https://schema.org","@graph":[{"@type":"WebPage","@id":"https://rinconeducativo.org/es/recursos-educativos/sonia-cotelle-determino-semivida-torio-230-establecio-numero-atomico-polonio/","url":"https://rinconeducativo.org/es/recursos-educativos/sonia-cotelle-determino-semivida-torio-230-establecio-numero-atomico-polonio/","name":"Sonia Cotelle, determinó la semivida del torio-230 y estableció el número atómico del polonio - Rincón educativo","isPartOf":{"@id":"https://rinconeducativo.org/es/#website"},"primaryImageOfPage":{"@id":"https://rinconeducativo.org/es/recursos-educativos/sonia-cotelle-determino-semivida-torio-230-establecio-numero-atomico-polonio/#primaryimage"},"image":{"@id":"https://rinconeducativo.org/es/recursos-educativos/sonia-cotelle-determino-semivida-torio-230-establecio-numero-atomico-polonio/#primaryimage"},"thumbnailUrl":"https://rinconeducativo.org/wp-content/uploads/2025/06/Cotelle_Sonia.png","datePublished":"2024-06-11T08:30:00+00:00","dateModified":"2025-06-11T08:39:07+00:00","breadcrumb":{"@id":"https://rinconeducativo.org/es/recursos-educativos/sonia-cotelle-determino-semivida-torio-230-establecio-numero-atomico-polonio/#breadcrumb"},"inLanguage":"es","potentialAction":[{"@type":"ReadAction","target":["https://rinconeducativo.org/es/recursos-educativos/sonia-cotelle-determino-semivida-torio-230-establecio-numero-atomico-polonio/"]}]},{"@type":"ImageObject","inLanguage":"es","@id":"https://rinconeducativo.org/es/recursos-educativos/sonia-cotelle-determino-semivida-torio-230-establecio-numero-atomico-polonio/#primaryimage","url":"https://rinconeducativo.org/wp-content/uploads/2025/06/Cotelle_Sonia.png","contentUrl":"https://rinconeducativo.org/wp-content/uploads/2025/06/Cotelle_Sonia.png","width":173,"height":146,"caption":"Sonia Cotelle"},{"@type":"BreadcrumbList","@id":"https://rinconeducativo.org/es/recursos-educativos/sonia-cotelle-determino-semivida-torio-230-establecio-numero-atomico-polonio/#breadcrumb","itemListElement":[{"@type":"ListItem","position":1,"name":"Portada","item":"https://rinconeducativo.org/es/"},{"@type":"ListItem","position":2,"name":"Recursos educativos","item":"https://rinconeducativo.org/es/recursos-educativos/"},{"@type":"ListItem","position":3,"name":"Sonia Cotelle, determinó la semivida del torio-230 y estableció el número atómico del polonio"}]},{"@type":"WebSite","@id":"https://rinconeducativo.org/es/#website","url":"https://rinconeducativo.org/es/","name":"Rincón educativo","description":"Un proyecto del Foro Nuclear","potentialAction":[{"@type":"SearchAction","target":{"@type":"EntryPoint","urlTemplate":"https://rinconeducativo.org/es/?s={search_term_string}"},"query-input":{"@type":"PropertyValueSpecification","valueRequired":true,"valueName":"search_term_string"}}],"inLanguage":"es"}]}</script>
<!-- / Yoast SEO plugin. -->

Sonia Cotelle, determinó la semivida del torio-230 y estableció el número atómico del polonio - Rincón educativo

Rincón educativo
