{"id":13401,"date":"2022-08-04T20:14:43","date_gmt":"2022-08-04T20:14:43","guid":{"rendered":"https:\/\/wp2.rinconeducativo.org\/?post_type=re_recurso&#038;p=13401"},"modified":"2024-12-13T09:18:27","modified_gmt":"2024-12-13T08:18:27","slug":"nuestro-silencioso-companero-el-gas-radon","status":"publish","type":"re_recurso","link":"https:\/\/rinconeducativo.org\/es\/recursos-educativos\/nuestro-silencioso-companero-el-gas-radon\/","title":{"rendered":"Nuestro silencioso compa\u00f1ero: el gas rad\u00f3n"},"content":{"rendered":"\n<p>La octava conferencia de este ciclo fue&nbsp;<strong>\u201cNuestro silencioso compa\u00f1ero: el gas rad\u00f3n\u201d<\/strong>, impartida por Jos\u00e9 Luis Guti\u00e9rrez Villanueva, Doctor en Ciencias F\u00edsicas que actualmente trabaja como Specialist Radon Measurement Advisor en Radonova Laboratories AB (Suecia). Es investigador, miembro fundador de la European Radon Association, miembro de la RSEF y de la Sociedad sueca de Radioecolog\u00eda. Asimismo, participa como experto en misiones por todo el mundo del OIEA.<\/p>\n\n\n\n<p>A lo largo de esta conferencia se repasaron los conceptos b\u00e1sicos de este gran desconocido: fuentes de rad\u00f3n, c\u00f3mo se debe medir, efectos en la salud, legislaci\u00f3n, etc.<\/p>\n\n\n<div class=\"wp-block-image\">\n<figure class=\"alignleft is-resized\"><img decoding=\"async\" src=\"https:\/\/rinconeducativo.org\/sites\/default\/files\/composicion_jose_luis_gutierrez_villanueva.jpg\" alt=\"Jos\u00e9 Luis Gutierrez\" width=\"-17\" height=\"-17\"\/><\/figure>\n<\/div>\n\n\n<p>Descubriendo c\u00f3mo el rad\u00f3n es un gas radiactivo que est\u00e1 acompa\u00f1\u00e1ndonos en todos los lugares en los que nos encontramos, siendo el responsable de la mitad de la dosis de radiaci\u00f3n natural que recibe un ciudadano\/a a lo largo de un a\u00f1o y es la segunda causa de muerte por c\u00e1ncer de pulm\u00f3n despu\u00e9s del tabaco.<\/p>\n\n\n\n<p>En el interior de los edificios puede alcanzar niveles elevados, por lo que el C\u00f3digo T\u00e9cnico de la edificaci\u00f3n, aprobado por RD el 29 de diciembre de 2019, establece la obligaci\u00f3n de realizar medidas de gas rad\u00f3n en edificios. En la actualidad, los niveles de rad\u00f3n en interiores deben cumplir con la Directiva Europea EURATOM 59\/2013 que establece el nivel de rad\u00f3n en 300 Bq m-3. Es un valor que no se puede sobrepasar.<\/p>\n\n\n\n<figure class=\"wp-block-embed is-type-video is-provider-youtube wp-block-embed-youtube wp-embed-aspect-16-9 wp-has-aspect-ratio\"><div class=\"wp-block-embed__wrapper\">\n<iframe loading=\"lazy\" title=\"Nuestro silencioso compa\u00f1ero: el gas rad\u00f3n, conferencia de Aprende &quot;ConCiencia&quot; de Rinc\u00f3n Educativo\" width=\"500\" height=\"281\" src=\"https:\/\/www.youtube.com\/embed\/rdGSnf6C8Bk?feature=oembed\" frameborder=\"0\" allow=\"accelerometer; autoplay; clipboard-write; encrypted-media; gyroscope; picture-in-picture; web-share\" referrerpolicy=\"strict-origin-when-cross-origin\" allowfullscreen><\/iframe>\n<\/div><\/figure>\n\n\n\n<div class=\"wp-block-buttons is-layout-flex wp-block-buttons-is-layout-flex\">\n<div class=\"wp-block-button\"><a class=\"wp-block-button__link wp-element-button\" href=\"https:\/\/rinconeducativo.org\/sites\/default\/files\/presentacion_radon_silencioso_companero_aprendeconciencia.pdf\">Descargar presentaci\u00f3n<\/a><\/div>\n<\/div>\n","protected":false},"excerpt":{"rendered":"<p>Aprende \"ConCiencia\": Nuestro silencioso compa\u00f1ero: el gas rad\u00f3n<\/p>\n","protected":false},"author":1088,"featured_media":13402,"template":"","meta":{"_acf_changed":false,"footnotes":""},"tags":[6007,6071],"edad":[7029,7030,7031,7028],"recursos_tipo":[7427,7013],"recursos_tema":[7095,7010],"clasificacion_anterior":[],"class_list":["post-13401","re_recurso","type-re_recurso","status-publish","has-post-thumbnail","hentry","tag-radon","tag-tabla-periodica","edad-de-6-a-12","edad-de-12-a-16","edad-mas-16","edad-todas-las-edades","recursos_tipo-presentaciones","recursos_tipo-videos","recursos_tema-aprende-conciencia","recursos_tema-ciencia"],"acf":[],"yoast_head":"<!-- This site is optimized with the Yoast SEO plugin v26.8 - https:\/\/yoast.com\/product\/yoast-seo-wordpress\/ -->\n<title>Nuestro silencioso compa\u00f1ero: el gas rad\u00f3n - Rinc\u00f3n educativo<\/title>\n<meta name=\"robots\" content=\"index, follow, max-snippet:-1, max-image-preview:large, max-video-preview:-1\" \/>\n<link rel=\"canonical\" href=\"https:\/\/rinconeducativo.org\/es\/recursos-educativos\/nuestro-silencioso-companero-el-gas-radon\/\" \/>\n<meta property=\"og:locale\" content=\"es_ES\" \/>\n<meta property=\"og:type\" content=\"article\" \/>\n<meta property=\"og:title\" content=\"Nuestro silencioso compa\u00f1ero: el gas rad\u00f3n - Rinc\u00f3n educativo\" \/>\n<meta property=\"og:description\" content=\"Aprende &quot;ConCiencia&quot;: Nuestro silencioso compa\u00f1ero: el gas rad\u00f3n\" \/>\n<meta property=\"og:url\" content=\"https:\/\/rinconeducativo.org\/es\/recursos-educativos\/nuestro-silencioso-companero-el-gas-radon\/\" \/>\n<meta property=\"og:site_name\" content=\"Rinc\u00f3n educativo\" \/>\n<meta property=\"article:modified_time\" content=\"2024-12-13T08:18:27+00:00\" \/>\n<meta property=\"og:image\" content=\"https:\/\/rinconeducativo.org\/wp-content\/uploads\/2022\/08\/composicion_jose_luis_gutierrez_villanueva.jpg\" \/>\n\t<meta property=\"og:image:width\" content=\"265\" \/>\n\t<meta property=\"og:image:height\" content=\"265\" \/>\n\t<meta property=\"og:image:type\" content=\"image\/jpeg\" \/>\n<meta name=\"twitter:card\" content=\"summary_large_image\" \/>\n<script type=\"application\/ld+json\" class=\"yoast-schema-graph\">{\"@context\":\"https:\/\/schema.org\",\"@graph\":[{\"@type\":\"WebPage\",\"@id\":\"https:\/\/rinconeducativo.org\/es\/recursos-educativos\/nuestro-silencioso-companero-el-gas-radon\/\",\"url\":\"https:\/\/rinconeducativo.org\/es\/recursos-educativos\/nuestro-silencioso-companero-el-gas-radon\/\",\"name\":\"Nuestro silencioso compa\u00f1ero: el gas rad\u00f3n - Rinc\u00f3n educativo\",\"isPartOf\":{\"@id\":\"https:\/\/rinconeducativo.org\/es\/#website\"},\"primaryImageOfPage\":{\"@id\":\"https:\/\/rinconeducativo.org\/es\/recursos-educativos\/nuestro-silencioso-companero-el-gas-radon\/#primaryimage\"},\"image\":{\"@id\":\"https:\/\/rinconeducativo.org\/es\/recursos-educativos\/nuestro-silencioso-companero-el-gas-radon\/#primaryimage\"},\"thumbnailUrl\":\"https:\/\/rinconeducativo.org\/wp-content\/uploads\/2022\/08\/composicion_jose_luis_gutierrez_villanueva.jpg\",\"datePublished\":\"2022-08-04T20:14:43+00:00\",\"dateModified\":\"2024-12-13T08:18:27+00:00\",\"breadcrumb\":{\"@id\":\"https:\/\/rinconeducativo.org\/es\/recursos-educativos\/nuestro-silencioso-companero-el-gas-radon\/#breadcrumb\"},\"inLanguage\":\"es\",\"potentialAction\":[{\"@type\":\"ReadAction\",\"target\":[\"https:\/\/rinconeducativo.org\/es\/recursos-educativos\/nuestro-silencioso-companero-el-gas-radon\/\"]}]},{\"@type\":\"ImageObject\",\"inLanguage\":\"es\",\"@id\":\"https:\/\/rinconeducativo.org\/es\/recursos-educativos\/nuestro-silencioso-companero-el-gas-radon\/#primaryimage\",\"url\":\"https:\/\/rinconeducativo.org\/wp-content\/uploads\/2022\/08\/composicion_jose_luis_gutierrez_villanueva.jpg\",\"contentUrl\":\"https:\/\/rinconeducativo.org\/wp-content\/uploads\/2022\/08\/composicion_jose_luis_gutierrez_villanueva.jpg\",\"width\":265,\"height\":265},{\"@type\":\"BreadcrumbList\",\"@id\":\"https:\/\/rinconeducativo.org\/es\/recursos-educativos\/nuestro-silencioso-companero-el-gas-radon\/#breadcrumb\",\"itemListElement\":[{\"@type\":\"ListItem\",\"position\":1,\"name\":\"Portada\",\"item\":\"https:\/\/rinconeducativo.org\/es\/\"},{\"@type\":\"ListItem\",\"position\":2,\"name\":\"Recursos educativos\",\"item\":\"https:\/\/rinconeducativo.org\/es\/recursos-educativos\/\"},{\"@type\":\"ListItem\",\"position\":3,\"name\":\"Nuestro silencioso compa\u00f1ero: el gas rad\u00f3n\"}]},{\"@type\":\"WebSite\",\"@id\":\"https:\/\/rinconeducativo.org\/es\/#website\",\"url\":\"https:\/\/rinconeducativo.org\/es\/\",\"name\":\"Rinc\u00f3n educativo\",\"description\":\"Un proyecto del Foro Nuclear\",\"potentialAction\":[{\"@type\":\"SearchAction\",\"target\":{\"@type\":\"EntryPoint\",\"urlTemplate\":\"https:\/\/rinconeducativo.org\/es\/?s={search_term_string}\"},\"query-input\":{\"@type\":\"PropertyValueSpecification\",\"valueRequired\":true,\"valueName\":\"search_term_string\"}}],\"inLanguage\":\"es\"}]}<\/script>\n<!-- \/ Yoast SEO plugin. -->","yoast_head_json":{"title":"Nuestro silencioso compa\u00f1ero: el gas rad\u00f3n - Rinc\u00f3n educativo","robots":{"index":"index","follow":"follow","max-snippet":"max-snippet:-1","max-image-preview":"max-image-preview:large","max-video-preview":"max-video-preview:-1"},"canonical":"https:\/\/rinconeducativo.org\/es\/recursos-educativos\/nuestro-silencioso-companero-el-gas-radon\/","og_locale":"es_ES","og_type":"article","og_title":"Nuestro silencioso compa\u00f1ero: el gas rad\u00f3n - Rinc\u00f3n educativo","og_description":"Aprende \"ConCiencia\": Nuestro silencioso compa\u00f1ero: el gas rad\u00f3n","og_url":"https:\/\/rinconeducativo.org\/es\/recursos-educativos\/nuestro-silencioso-companero-el-gas-radon\/","og_site_name":"Rinc\u00f3n educativo","article_modified_time":"2024-12-13T08:18:27+00:00","og_image":[{"width":265,"height":265,"url":"https:\/\/rinconeducativo.org\/wp-content\/uploads\/2022\/08\/composicion_jose_luis_gutierrez_villanueva.jpg","type":"image\/jpeg"}],"twitter_card":"summary_large_image","schema":{"@context":"https:\/\/schema.org","@graph":[{"@type":"WebPage","@id":"https:\/\/rinconeducativo.org\/es\/recursos-educativos\/nuestro-silencioso-companero-el-gas-radon\/","url":"https:\/\/rinconeducativo.org\/es\/recursos-educativos\/nuestro-silencioso-companero-el-gas-radon\/","name":"Nuestro silencioso compa\u00f1ero: el gas rad\u00f3n - Rinc\u00f3n educativo","isPartOf":{"@id":"https:\/\/rinconeducativo.org\/es\/#website"},"primaryImageOfPage":{"@id":"https:\/\/rinconeducativo.org\/es\/recursos-educativos\/nuestro-silencioso-companero-el-gas-radon\/#primaryimage"},"image":{"@id":"https:\/\/rinconeducativo.org\/es\/recursos-educativos\/nuestro-silencioso-companero-el-gas-radon\/#primaryimage"},"thumbnailUrl":"https:\/\/rinconeducativo.org\/wp-content\/uploads\/2022\/08\/composicion_jose_luis_gutierrez_villanueva.jpg","datePublished":"2022-08-04T20:14:43+00:00","dateModified":"2024-12-13T08:18:27+00:00","breadcrumb":{"@id":"https:\/\/rinconeducativo.org\/es\/recursos-educativos\/nuestro-silencioso-companero-el-gas-radon\/#breadcrumb"},"inLanguage":"es","potentialAction":[{"@type":"ReadAction","target":["https:\/\/rinconeducativo.org\/es\/recursos-educativos\/nuestro-silencioso-companero-el-gas-radon\/"]}]},{"@type":"ImageObject","inLanguage":"es","@id":"https:\/\/rinconeducativo.org\/es\/recursos-educativos\/nuestro-silencioso-companero-el-gas-radon\/#primaryimage","url":"https:\/\/rinconeducativo.org\/wp-content\/uploads\/2022\/08\/composicion_jose_luis_gutierrez_villanueva.jpg","contentUrl":"https:\/\/rinconeducativo.org\/wp-content\/uploads\/2022\/08\/composicion_jose_luis_gutierrez_villanueva.jpg","width":265,"height":265},{"@type":"BreadcrumbList","@id":"https:\/\/rinconeducativo.org\/es\/recursos-educativos\/nuestro-silencioso-companero-el-gas-radon\/#breadcrumb","itemListElement":[{"@type":"ListItem","position":1,"name":"Portada","item":"https:\/\/rinconeducativo.org\/es\/"},{"@type":"ListItem","position":2,"name":"Recursos educativos","item":"https:\/\/rinconeducativo.org\/es\/recursos-educativos\/"},{"@type":"ListItem","position":3,"name":"Nuestro silencioso compa\u00f1ero: el gas rad\u00f3n"}]},{"@type":"WebSite","@id":"https:\/\/rinconeducativo.org\/es\/#website","url":"https:\/\/rinconeducativo.org\/es\/","name":"Rinc\u00f3n educativo","description":"Un proyecto del Foro Nuclear","potentialAction":[{"@type":"SearchAction","target":{"@type":"EntryPoint","urlTemplate":"https:\/\/rinconeducativo.org\/es\/?s={search_term_string}"},"query-input":{"@type":"PropertyValueSpecification","valueRequired":true,"valueName":"search_term_string"}}],"inLanguage":"es"}]}},"_links":{"self":[{"href":"https:\/\/rinconeducativo.org\/es\/wp-json\/wp\/v2\/re_recurso\/13401","targetHints":{"allow":["GET"]}}],"collection":[{"href":"https:\/\/rinconeducativo.org\/es\/wp-json\/wp\/v2\/re_recurso"}],"about":[{"href":"https:\/\/rinconeducativo.org\/es\/wp-json\/wp\/v2\/types\/re_recurso"}],"author":[{"embeddable":true,"href":"https:\/\/rinconeducativo.org\/es\/wp-json\/wp\/v2\/users\/1088"}],"version-history":[{"count":2,"href":"https:\/\/rinconeducativo.org\/es\/wp-json\/wp\/v2\/re_recurso\/13401\/revisions"}],"predecessor-version":[{"id":28411,"href":"https:\/\/rinconeducativo.org\/es\/wp-json\/wp\/v2\/re_recurso\/13401\/revisions\/28411"}],"wp:featuredmedia":[{"embeddable":true,"href":"https:\/\/rinconeducativo.org\/es\/wp-json\/wp\/v2\/media\/13402"}],"wp:attachment":[{"href":"https:\/\/rinconeducativo.org\/es\/wp-json\/wp\/v2\/media?parent=13401"}],"wp:term":[{"taxonomy":"post_tag","embeddable":true,"href":"https:\/\/rinconeducativo.org\/es\/wp-json\/wp\/v2\/tags?post=13401"},{"taxonomy":"edad","embeddable":true,"href":"https:\/\/rinconeducativo.org\/es\/wp-json\/wp\/v2\/edad?post=13401"},{"taxonomy":"recursos_tipo","embeddable":true,"href":"https:\/\/rinconeducativo.org\/es\/wp-json\/wp\/v2\/recursos_tipo?post=13401"},{"taxonomy":"recursos_tema","embeddable":true,"href":"https:\/\/rinconeducativo.org\/es\/wp-json\/wp\/v2\/recursos_tema?post=13401"},{"taxonomy":"clasificacion_anterior","embeddable":true,"href":"https:\/\/rinconeducativo.org\/es\/wp-json\/wp\/v2\/clasificacion_anterior?post=13401"}],"curies":[{"name":"wp","href":"https:\/\/api.w.org\/{rel}","templated":true}]}}

Nuestro silencioso compañero: el gas radón

<p>La octava conferencia de este ciclo fue&nbsp;<strong>“Nuestro silencioso compañero: el gas radón”</strong>, impartida por José Luis Gutiérrez Villanueva, Doctor en Ciencias Físicas que actualmente trabaja como Specialist Radon Measurement Advisor en Radonova Laboratories AB (Suecia). Es investigador, miembro fundador de la European Radon Association, miembro de la RSEF y de la Sociedad sueca de Radioecología. Asimismo, participa como experto en misiones por todo el mundo del OIEA.</p>



<p>A lo largo de esta conferencia se repasaron los conceptos básicos de este gran desconocido: fuentes de radón, cómo se debe medir, efectos en la salud, legislación, etc.</p>


<div class="wp-block-image">
<figure class="alignleft is-resized"><img decoding="async" src="https://rinconeducativo.org/sites/default/files/composicion_jose_luis_gutierrez_villanueva.jpg" alt="José Luis Gutierrez" width="-17" height="-17"/></figure>
</div>


<p>Descubriendo cómo el radón es un gas radiactivo que está acompañándonos en todos los lugares en los que nos encontramos, siendo el responsable de la mitad de la dosis de radiación natural que recibe un ciudadano/a a lo largo de un año y es la segunda causa de muerte por cáncer de pulmón después del tabaco.</p>



<p>En el interior de los edificios puede alcanzar niveles elevados, por lo que el Código Técnico de la edificación, aprobado por RD el 29 de diciembre de 2019, establece la obligación de realizar medidas de gas radón en edificios. En la actualidad, los niveles de radón en interiores deben cumplir con la Directiva Europea EURATOM 59/2013 que establece el nivel de radón en 300 Bq m-3. Es un valor que no se puede sobrepasar.</p>



<figure class="wp-block-embed is-type-video is-provider-youtube wp-block-embed-youtube wp-embed-aspect-16-9 wp-has-aspect-ratio"><div class="wp-block-embed__wrapper">
<iframe loading="lazy" title="Nuestro silencioso compañero: el gas radón, conferencia de Aprende &quot;ConCiencia&quot; de Rincón Educativo" width="500" height="281" src="https://www.youtube.com/embed/rdGSnf6C8Bk?feature=oembed" frameborder="0" allow="accelerometer; autoplay; clipboard-write; encrypted-media; gyroscope; picture-in-picture; web-share" referrerpolicy="strict-origin-when-cross-origin" allowfullscreen></iframe>
</div></figure>



<div class="wp-block-buttons is-layout-flex wp-block-buttons-is-layout-flex">
<div class="wp-block-button"><a class="wp-block-button__link wp-element-button" href="https://rinconeducativo.org/sites/default/files/presentacion_radon_silencioso_companero_aprendeconciencia.pdf">Descargar presentación</a></div>
</div>

<p>Aprende "ConCiencia": Nuestro silencioso compañero: el gas radón</p>

<!-- This site is optimized with the Yoast SEO plugin v26.8 - https://yoast.com/product/yoast-seo-wordpress/ -->
<title>Nuestro silencioso compañero: el gas radón - Rincón educativo</title>
<meta name="robots" content="index, follow, max-snippet:-1, max-image-preview:large, max-video-preview:-1" />
<link rel="canonical" href="https://rinconeducativo.org/es/recursos-educativos/nuestro-silencioso-companero-el-gas-radon/" />
<meta property="og:locale" content="es_ES" />
<meta property="og:type" content="article" />
<meta property="og:title" content="Nuestro silencioso compañero: el gas radón - Rincón educativo" />
<meta property="og:description" content="Aprende &quot;ConCiencia&quot;: Nuestro silencioso compañero: el gas radón" />
<meta property="og:url" content="https://rinconeducativo.org/es/recursos-educativos/nuestro-silencioso-companero-el-gas-radon/" />
<meta property="og:site_name" content="Rincón educativo" />
<meta property="article:modified_time" content="2024-12-13T08:18:27+00:00" />
<meta property="og:image" content="https://rinconeducativo.org/wp-content/uploads/2022/08/composicion_jose_luis_gutierrez_villanueva.jpg" />
	<meta property="og:image:width" content="265" />
	<meta property="og:image:height" content="265" />
	<meta property="og:image:type" content="image/jpeg" />
<meta name="twitter:card" content="summary_large_image" />
<script type="application/ld+json" class="yoast-schema-graph">{"@context":"https://schema.org","@graph":[{"@type":"WebPage","@id":"https://rinconeducativo.org/es/recursos-educativos/nuestro-silencioso-companero-el-gas-radon/","url":"https://rinconeducativo.org/es/recursos-educativos/nuestro-silencioso-companero-el-gas-radon/","name":"Nuestro silencioso compañero: el gas radón - Rincón educativo","isPartOf":{"@id":"https://rinconeducativo.org/es/#website"},"primaryImageOfPage":{"@id":"https://rinconeducativo.org/es/recursos-educativos/nuestro-silencioso-companero-el-gas-radon/#primaryimage"},"image":{"@id":"https://rinconeducativo.org/es/recursos-educativos/nuestro-silencioso-companero-el-gas-radon/#primaryimage"},"thumbnailUrl":"https://rinconeducativo.org/wp-content/uploads/2022/08/composicion_jose_luis_gutierrez_villanueva.jpg","datePublished":"2022-08-04T20:14:43+00:00","dateModified":"2024-12-13T08:18:27+00:00","breadcrumb":{"@id":"https://rinconeducativo.org/es/recursos-educativos/nuestro-silencioso-companero-el-gas-radon/#breadcrumb"},"inLanguage":"es","potentialAction":[{"@type":"ReadAction","target":["https://rinconeducativo.org/es/recursos-educativos/nuestro-silencioso-companero-el-gas-radon/"]}]},{"@type":"ImageObject","inLanguage":"es","@id":"https://rinconeducativo.org/es/recursos-educativos/nuestro-silencioso-companero-el-gas-radon/#primaryimage","url":"https://rinconeducativo.org/wp-content/uploads/2022/08/composicion_jose_luis_gutierrez_villanueva.jpg","contentUrl":"https://rinconeducativo.org/wp-content/uploads/2022/08/composicion_jose_luis_gutierrez_villanueva.jpg","width":265,"height":265},{"@type":"BreadcrumbList","@id":"https://rinconeducativo.org/es/recursos-educativos/nuestro-silencioso-companero-el-gas-radon/#breadcrumb","itemListElement":[{"@type":"ListItem","position":1,"name":"Portada","item":"https://rinconeducativo.org/es/"},{"@type":"ListItem","position":2,"name":"Recursos educativos","item":"https://rinconeducativo.org/es/recursos-educativos/"},{"@type":"ListItem","position":3,"name":"Nuestro silencioso compañero: el gas radón"}]},{"@type":"WebSite","@id":"https://rinconeducativo.org/es/#website","url":"https://rinconeducativo.org/es/","name":"Rincón educativo","description":"Un proyecto del Foro Nuclear","potentialAction":[{"@type":"SearchAction","target":{"@type":"EntryPoint","urlTemplate":"https://rinconeducativo.org/es/?s={search_term_string}"},"query-input":{"@type":"PropertyValueSpecification","valueRequired":true,"valueName":"search_term_string"}}],"inLanguage":"es"}]}</script>
<!-- / Yoast SEO plugin. -->

Nuestro silencioso compañero: el gas radón - Rincón educativo

Aprende "ConCiencia": Nuestro silencioso compañero: el gas radón

Rincón educativo
