{"id":9607,"date":"2017-09-20T11:57:01","date_gmt":"2017-09-20T11:57:01","guid":{"rendered":"https:\/\/wp.rinconeducativo.org\/?jornadas=el-mix-electrico-en-la-transicion-energetica-en-espana-arcadio-gutierrez-director-general"},"modified":"2017-09-20T11:57:01","modified_gmt":"2017-09-20T11:57:01","slug":"el-mix-electrico-en-la-transicion-energetica-en-espana-arcadio-gutierrez-director-general","status":"publish","type":"re_jornada","link":"https:\/\/rinconeducativo.org\/es\/jornadas\/el-mix-electrico-en-la-transicion-energetica-en-espana-arcadio-gutierrez-director-general\/","title":{"rendered":"El mix el\u00e9ctrico en la transici\u00f3n energ\u00e9tica en Espa\u00f1a. Arcadio Guti\u00e9rrez. Director General De Enerclub."},"content":{"rendered":"<p class=\"rtecenter\"><a href=\"http:\/\/rinconeducativo.org\/contenidoextra\/jornadas2017madrid\/ponencias2017madrid-Arcadio-Gutierrez.pdf\"><img loading=\"lazy\" decoding=\"async\" class=\" size-full wp-image-9606\" alt=\"\" src=\"https:\/\/wp2.rinconeducativo.org\/wp-content\/uploads\/2017\/09\/ponencias2017madrid-arcadio-gutierrez.jpg\" style=\"width: 465px; height: 355px;\" width=\"858\" height=\"655\" srcset=\"https:\/\/rinconeducativo.org\/wp-content\/uploads\/2017\/09\/ponencias2017madrid-arcadio-gutierrez.jpg 858w, https:\/\/rinconeducativo.org\/wp-content\/uploads\/2017\/09\/ponencias2017madrid-arcadio-gutierrez-500x382.jpg 500w, https:\/\/rinconeducativo.org\/wp-content\/uploads\/2017\/09\/ponencias2017madrid-arcadio-gutierrez-768x586.jpg 768w\" sizes=\"auto, (max-width: 858px) 100vw, 858px\" \/><\/a><\/p>\n","protected":false},"excerpt":{"rendered":"","protected":false},"author":1,"featured_media":9606,"template":"","meta":{"_acf_changed":false},"tags":[],"jornadas_edicion":[7044],"jornadas_tipo":[7049],"clasificacion_anterior":[],"class_list":["post-9607","re_jornada","type-re_jornada","status-publish","has-post-thumbnail","hentry","jornadas_edicion-2017-madrid-sostenibilidad-y-clima","jornadas_tipo-ponencias"],"acf":[],"yoast_head":"<!-- This site is optimized with the Yoast SEO plugin v26.8 - https:\/\/yoast.com\/product\/yoast-seo-wordpress\/ -->\n<title>El mix el\u00e9ctrico en la transici\u00f3n energ\u00e9tica en Espa\u00f1a. Arcadio Guti\u00e9rrez. Director General De Enerclub. - Rinc\u00f3n educativo<\/title>\n<meta name=\"robots\" content=\"index, follow, max-snippet:-1, max-image-preview:large, max-video-preview:-1\" \/>\n<link rel=\"canonical\" href=\"https:\/\/rinconeducativo.org\/en\/jornadas\/el-mix-electrico-en-la-transicion-energetica-en-espana-arcadio-gutierrez-director-general\/\" \/>\n<meta property=\"og:locale\" content=\"es_ES\" \/>\n<meta property=\"og:type\" content=\"article\" \/>\n<meta property=\"og:title\" content=\"El mix el\u00e9ctrico en la transici\u00f3n energ\u00e9tica en Espa\u00f1a. Arcadio Guti\u00e9rrez. Director General De Enerclub. - Rinc\u00f3n educativo\" \/>\n<meta property=\"og:url\" content=\"https:\/\/rinconeducativo.org\/en\/jornadas\/el-mix-electrico-en-la-transicion-energetica-en-espana-arcadio-gutierrez-director-general\/\" \/>\n<meta property=\"og:site_name\" content=\"Rinc\u00f3n educativo\" \/>\n<meta property=\"og:image\" content=\"https:\/\/rinconeducativo.org\/wp-content\/uploads\/2017\/09\/ponencias2017madrid-arcadio-gutierrez.jpg\" \/>\n\t<meta property=\"og:image:width\" content=\"858\" \/>\n\t<meta property=\"og:image:height\" content=\"655\" \/>\n\t<meta property=\"og:image:type\" content=\"image\/jpeg\" \/>\n<meta name=\"twitter:card\" content=\"summary_large_image\" \/>\n<script type=\"application\/ld+json\" class=\"yoast-schema-graph\">{\"@context\":\"https:\/\/schema.org\",\"@graph\":[{\"@type\":\"WebPage\",\"@id\":\"https:\/\/rinconeducativo.org\/en\/jornadas\/el-mix-electrico-en-la-transicion-energetica-en-espana-arcadio-gutierrez-director-general\/\",\"url\":\"https:\/\/rinconeducativo.org\/en\/jornadas\/el-mix-electrico-en-la-transicion-energetica-en-espana-arcadio-gutierrez-director-general\/\",\"name\":\"El mix el\u00e9ctrico en la transici\u00f3n energ\u00e9tica en Espa\u00f1a. Arcadio Guti\u00e9rrez. Director General De Enerclub. - Rinc\u00f3n educativo\",\"isPartOf\":{\"@id\":\"https:\/\/rinconeducativo.org\/es\/#website\"},\"primaryImageOfPage\":{\"@id\":\"https:\/\/rinconeducativo.org\/en\/jornadas\/el-mix-electrico-en-la-transicion-energetica-en-espana-arcadio-gutierrez-director-general\/#primaryimage\"},\"image\":{\"@id\":\"https:\/\/rinconeducativo.org\/en\/jornadas\/el-mix-electrico-en-la-transicion-energetica-en-espana-arcadio-gutierrez-director-general\/#primaryimage\"},\"thumbnailUrl\":\"https:\/\/rinconeducativo.org\/wp-content\/uploads\/2017\/09\/ponencias2017madrid-arcadio-gutierrez.jpg\",\"datePublished\":\"2017-09-20T11:57:01+00:00\",\"breadcrumb\":{\"@id\":\"https:\/\/rinconeducativo.org\/en\/jornadas\/el-mix-electrico-en-la-transicion-energetica-en-espana-arcadio-gutierrez-director-general\/#breadcrumb\"},\"inLanguage\":\"es\",\"potentialAction\":[{\"@type\":\"ReadAction\",\"target\":[\"https:\/\/rinconeducativo.org\/en\/jornadas\/el-mix-electrico-en-la-transicion-energetica-en-espana-arcadio-gutierrez-director-general\/\"]}]},{\"@type\":\"ImageObject\",\"inLanguage\":\"es\",\"@id\":\"https:\/\/rinconeducativo.org\/en\/jornadas\/el-mix-electrico-en-la-transicion-energetica-en-espana-arcadio-gutierrez-director-general\/#primaryimage\",\"url\":\"https:\/\/rinconeducativo.org\/wp-content\/uploads\/2017\/09\/ponencias2017madrid-arcadio-gutierrez.jpg\",\"contentUrl\":\"https:\/\/rinconeducativo.org\/wp-content\/uploads\/2017\/09\/ponencias2017madrid-arcadio-gutierrez.jpg\",\"width\":858,\"height\":655,\"caption\":\"Arcadio Guti\u00e9rrez\"},{\"@type\":\"BreadcrumbList\",\"@id\":\"https:\/\/rinconeducativo.org\/en\/jornadas\/el-mix-electrico-en-la-transicion-energetica-en-espana-arcadio-gutierrez-director-general\/#breadcrumb\",\"itemListElement\":[{\"@type\":\"ListItem\",\"position\":1,\"name\":\"Portada\",\"item\":\"https:\/\/rinconeducativo.org\/es\/\"},{\"@type\":\"ListItem\",\"position\":2,\"name\":\"Conferences\",\"item\":\"https:\/\/rinconeducativo.org\/en\/jornadas-en\/\"},{\"@type\":\"ListItem\",\"position\":3,\"name\":\"El mix el\u00e9ctrico en la transici\u00f3n energ\u00e9tica en Espa\u00f1a. Arcadio Guti\u00e9rrez. Director General De Enerclub.\"}]},{\"@type\":\"WebSite\",\"@id\":\"https:\/\/rinconeducativo.org\/es\/#website\",\"url\":\"https:\/\/rinconeducativo.org\/es\/\",\"name\":\"Rinc\u00f3n educativo\",\"description\":\"Un proyecto del Foro Nuclear\",\"potentialAction\":[{\"@type\":\"SearchAction\",\"target\":{\"@type\":\"EntryPoint\",\"urlTemplate\":\"https:\/\/rinconeducativo.org\/es\/?s={search_term_string}\"},\"query-input\":{\"@type\":\"PropertyValueSpecification\",\"valueRequired\":true,\"valueName\":\"search_term_string\"}}],\"inLanguage\":\"es\"}]}<\/script>\n<!-- \/ Yoast SEO plugin. -->","yoast_head_json":{"title":"El mix el\u00e9ctrico en la transici\u00f3n energ\u00e9tica en Espa\u00f1a. Arcadio Guti\u00e9rrez. Director General De Enerclub. - Rinc\u00f3n educativo","robots":{"index":"index","follow":"follow","max-snippet":"max-snippet:-1","max-image-preview":"max-image-preview:large","max-video-preview":"max-video-preview:-1"},"canonical":"https:\/\/rinconeducativo.org\/en\/jornadas\/el-mix-electrico-en-la-transicion-energetica-en-espana-arcadio-gutierrez-director-general\/","og_locale":"es_ES","og_type":"article","og_title":"El mix el\u00e9ctrico en la transici\u00f3n energ\u00e9tica en Espa\u00f1a. Arcadio Guti\u00e9rrez. Director General De Enerclub. - Rinc\u00f3n educativo","og_url":"https:\/\/rinconeducativo.org\/en\/jornadas\/el-mix-electrico-en-la-transicion-energetica-en-espana-arcadio-gutierrez-director-general\/","og_site_name":"Rinc\u00f3n educativo","og_image":[{"width":858,"height":655,"url":"https:\/\/rinconeducativo.org\/wp-content\/uploads\/2017\/09\/ponencias2017madrid-arcadio-gutierrez.jpg","type":"image\/jpeg"}],"twitter_card":"summary_large_image","schema":{"@context":"https:\/\/schema.org","@graph":[{"@type":"WebPage","@id":"https:\/\/rinconeducativo.org\/en\/jornadas\/el-mix-electrico-en-la-transicion-energetica-en-espana-arcadio-gutierrez-director-general\/","url":"https:\/\/rinconeducativo.org\/en\/jornadas\/el-mix-electrico-en-la-transicion-energetica-en-espana-arcadio-gutierrez-director-general\/","name":"El mix el\u00e9ctrico en la transici\u00f3n energ\u00e9tica en Espa\u00f1a. Arcadio Guti\u00e9rrez. Director General De Enerclub. - Rinc\u00f3n educativo","isPartOf":{"@id":"https:\/\/rinconeducativo.org\/es\/#website"},"primaryImageOfPage":{"@id":"https:\/\/rinconeducativo.org\/en\/jornadas\/el-mix-electrico-en-la-transicion-energetica-en-espana-arcadio-gutierrez-director-general\/#primaryimage"},"image":{"@id":"https:\/\/rinconeducativo.org\/en\/jornadas\/el-mix-electrico-en-la-transicion-energetica-en-espana-arcadio-gutierrez-director-general\/#primaryimage"},"thumbnailUrl":"https:\/\/rinconeducativo.org\/wp-content\/uploads\/2017\/09\/ponencias2017madrid-arcadio-gutierrez.jpg","datePublished":"2017-09-20T11:57:01+00:00","breadcrumb":{"@id":"https:\/\/rinconeducativo.org\/en\/jornadas\/el-mix-electrico-en-la-transicion-energetica-en-espana-arcadio-gutierrez-director-general\/#breadcrumb"},"inLanguage":"es","potentialAction":[{"@type":"ReadAction","target":["https:\/\/rinconeducativo.org\/en\/jornadas\/el-mix-electrico-en-la-transicion-energetica-en-espana-arcadio-gutierrez-director-general\/"]}]},{"@type":"ImageObject","inLanguage":"es","@id":"https:\/\/rinconeducativo.org\/en\/jornadas\/el-mix-electrico-en-la-transicion-energetica-en-espana-arcadio-gutierrez-director-general\/#primaryimage","url":"https:\/\/rinconeducativo.org\/wp-content\/uploads\/2017\/09\/ponencias2017madrid-arcadio-gutierrez.jpg","contentUrl":"https:\/\/rinconeducativo.org\/wp-content\/uploads\/2017\/09\/ponencias2017madrid-arcadio-gutierrez.jpg","width":858,"height":655,"caption":"Arcadio Guti\u00e9rrez"},{"@type":"BreadcrumbList","@id":"https:\/\/rinconeducativo.org\/en\/jornadas\/el-mix-electrico-en-la-transicion-energetica-en-espana-arcadio-gutierrez-director-general\/#breadcrumb","itemListElement":[{"@type":"ListItem","position":1,"name":"Portada","item":"https:\/\/rinconeducativo.org\/es\/"},{"@type":"ListItem","position":2,"name":"Conferences","item":"https:\/\/rinconeducativo.org\/en\/jornadas-en\/"},{"@type":"ListItem","position":3,"name":"El mix el\u00e9ctrico en la transici\u00f3n energ\u00e9tica en Espa\u00f1a. Arcadio Guti\u00e9rrez. Director General De Enerclub."}]},{"@type":"WebSite","@id":"https:\/\/rinconeducativo.org\/es\/#website","url":"https:\/\/rinconeducativo.org\/es\/","name":"Rinc\u00f3n educativo","description":"Un proyecto del Foro Nuclear","potentialAction":[{"@type":"SearchAction","target":{"@type":"EntryPoint","urlTemplate":"https:\/\/rinconeducativo.org\/es\/?s={search_term_string}"},"query-input":{"@type":"PropertyValueSpecification","valueRequired":true,"valueName":"search_term_string"}}],"inLanguage":"es"}]}},"_links":{"self":[{"href":"https:\/\/rinconeducativo.org\/es\/wp-json\/wp\/v2\/re_jornada\/9607","targetHints":{"allow":["GET"]}}],"collection":[{"href":"https:\/\/rinconeducativo.org\/es\/wp-json\/wp\/v2\/re_jornada"}],"about":[{"href":"https:\/\/rinconeducativo.org\/es\/wp-json\/wp\/v2\/types\/re_jornada"}],"author":[{"embeddable":true,"href":"https:\/\/rinconeducativo.org\/es\/wp-json\/wp\/v2\/users\/1"}],"wp:featuredmedia":[{"embeddable":true,"href":"https:\/\/rinconeducativo.org\/es\/wp-json\/wp\/v2\/media\/9606"}],"wp:attachment":[{"href":"https:\/\/rinconeducativo.org\/es\/wp-json\/wp\/v2\/media?parent=9607"}],"wp:term":[{"taxonomy":"post_tag","embeddable":true,"href":"https:\/\/rinconeducativo.org\/es\/wp-json\/wp\/v2\/tags?post=9607"},{"taxonomy":"jornadas_edicion","embeddable":true,"href":"https:\/\/rinconeducativo.org\/es\/wp-json\/wp\/v2\/jornadas_edicion?post=9607"},{"taxonomy":"jornadas_tipo","embeddable":true,"href":"https:\/\/rinconeducativo.org\/es\/wp-json\/wp\/v2\/jornadas_tipo?post=9607"},{"taxonomy":"clasificacion_anterior","embeddable":true,"href":"https:\/\/rinconeducativo.org\/es\/wp-json\/wp\/v2\/clasificacion_anterior?post=9607"}],"curies":[{"name":"wp","href":"https:\/\/api.w.org\/{rel}","templated":true}]}}

El mix eléctrico en la transición energética en España. Arcadio Gutiérrez. Director General De Enerclub.

<!-- This site is optimized with the Yoast SEO plugin v26.8 - https://yoast.com/product/yoast-seo-wordpress/ -->
<title>El mix eléctrico en la transición energética en España. Arcadio Gutiérrez. Director General De Enerclub. - Rincón educativo</title>
<meta name="robots" content="index, follow, max-snippet:-1, max-image-preview:large, max-video-preview:-1" />
<link rel="canonical" href="https://rinconeducativo.org/en/jornadas/el-mix-electrico-en-la-transicion-energetica-en-espana-arcadio-gutierrez-director-general/" />
<meta property="og:locale" content="es_ES" />
<meta property="og:type" content="article" />
<meta property="og:title" content="El mix eléctrico en la transición energética en España. Arcadio Gutiérrez. Director General De Enerclub. - Rincón educativo" />
<meta property="og:url" content="https://rinconeducativo.org/en/jornadas/el-mix-electrico-en-la-transicion-energetica-en-espana-arcadio-gutierrez-director-general/" />
<meta property="og:site_name" content="Rincón educativo" />
<meta property="og:image" content="https://rinconeducativo.org/wp-content/uploads/2017/09/ponencias2017madrid-arcadio-gutierrez.jpg" />
	<meta property="og:image:width" content="858" />
	<meta property="og:image:height" content="655" />
	<meta property="og:image:type" content="image/jpeg" />
<meta name="twitter:card" content="summary_large_image" />
<script type="application/ld+json" class="yoast-schema-graph">{"@context":"https://schema.org","@graph":[{"@type":"WebPage","@id":"https://rinconeducativo.org/en/jornadas/el-mix-electrico-en-la-transicion-energetica-en-espana-arcadio-gutierrez-director-general/","url":"https://rinconeducativo.org/en/jornadas/el-mix-electrico-en-la-transicion-energetica-en-espana-arcadio-gutierrez-director-general/","name":"El mix eléctrico en la transición energética en España. Arcadio Gutiérrez. Director General De Enerclub. - Rincón educativo","isPartOf":{"@id":"https://rinconeducativo.org/es/#website"},"primaryImageOfPage":{"@id":"https://rinconeducativo.org/en/jornadas/el-mix-electrico-en-la-transicion-energetica-en-espana-arcadio-gutierrez-director-general/#primaryimage"},"image":{"@id":"https://rinconeducativo.org/en/jornadas/el-mix-electrico-en-la-transicion-energetica-en-espana-arcadio-gutierrez-director-general/#primaryimage"},"thumbnailUrl":"https://rinconeducativo.org/wp-content/uploads/2017/09/ponencias2017madrid-arcadio-gutierrez.jpg","datePublished":"2017-09-20T11:57:01+00:00","breadcrumb":{"@id":"https://rinconeducativo.org/en/jornadas/el-mix-electrico-en-la-transicion-energetica-en-espana-arcadio-gutierrez-director-general/#breadcrumb"},"inLanguage":"es","potentialAction":[{"@type":"ReadAction","target":["https://rinconeducativo.org/en/jornadas/el-mix-electrico-en-la-transicion-energetica-en-espana-arcadio-gutierrez-director-general/"]}]},{"@type":"ImageObject","inLanguage":"es","@id":"https://rinconeducativo.org/en/jornadas/el-mix-electrico-en-la-transicion-energetica-en-espana-arcadio-gutierrez-director-general/#primaryimage","url":"https://rinconeducativo.org/wp-content/uploads/2017/09/ponencias2017madrid-arcadio-gutierrez.jpg","contentUrl":"https://rinconeducativo.org/wp-content/uploads/2017/09/ponencias2017madrid-arcadio-gutierrez.jpg","width":858,"height":655,"caption":"Arcadio Gutiérrez"},{"@type":"BreadcrumbList","@id":"https://rinconeducativo.org/en/jornadas/el-mix-electrico-en-la-transicion-energetica-en-espana-arcadio-gutierrez-director-general/#breadcrumb","itemListElement":[{"@type":"ListItem","position":1,"name":"Portada","item":"https://rinconeducativo.org/es/"},{"@type":"ListItem","position":2,"name":"Conferences","item":"https://rinconeducativo.org/en/jornadas-en/"},{"@type":"ListItem","position":3,"name":"El mix eléctrico en la transición energética en España. Arcadio Gutiérrez. Director General De Enerclub."}]},{"@type":"WebSite","@id":"https://rinconeducativo.org/es/#website","url":"https://rinconeducativo.org/es/","name":"Rincón educativo","description":"Un proyecto del Foro Nuclear","potentialAction":[{"@type":"SearchAction","target":{"@type":"EntryPoint","urlTemplate":"https://rinconeducativo.org/es/?s={search_term_string}"},"query-input":{"@type":"PropertyValueSpecification","valueRequired":true,"valueName":"search_term_string"}}],"inLanguage":"es"}]}</script>
<!-- / Yoast SEO plugin. -->

El mix eléctrico en la transición energética en España. Arcadio Gutiérrez. Director General De Enerclub. - Rincón educativo

Rincón educativo

Arcadio Gutiérrez
