{"id":9381,"date":"2015-08-08T17:49:54","date_gmt":"2015-08-08T17:49:54","guid":{"rendered":"https:\/\/wp.rinconeducativo.org\/?jornadas=tecnosoles-y-humedales-reactivos-para-la-recuperacion-de-suelos-aguas-y-ecosistemas-en-la"},"modified":"2025-01-09T12:49:30","modified_gmt":"2025-01-09T11:49:30","slug":"tecnosoles-y-humedales-reactivos-para-la-recuperacion-de-suelos-aguas-y-ecosistemas-en-la","status":"publish","type":"re_jornada","link":"https:\/\/rinconeducativo.org\/es\/jornadas\/tecnosoles-y-humedales-reactivos-para-la-recuperacion-de-suelos-aguas-y-ecosistemas-en-la\/","title":{"rendered":"Tecnosoles y humedales reactivos para la recuperaci\u00f3n de suelos, aguas y ecosistemas en la mina de uranio de Saelices (Salamanca)"},"content":{"rendered":"<h2>Ponencia de Felipe Mac\u00edas<\/h2>\n<p><a href=\"http:\/\/rinconeducativo.org\/contenidoextra\/jornadas2014\/ponencias2014-felipe_macias.pdf\"><img loading=\"lazy\" decoding=\"async\" class=\" size-full wp-image-9380\" alt=\"\" src=\"https:\/\/wp2.rinconeducativo.org\/wp-content\/uploads\/2015\/08\/ponencias2014-felipe_macias1.jpg\" style=\"height:540px; width:960px\" width=\"842\" height=\"595\" srcset=\"https:\/\/rinconeducativo.org\/wp-content\/uploads\/2015\/08\/ponencias2014-felipe_macias1.jpg 842w, https:\/\/rinconeducativo.org\/wp-content\/uploads\/2015\/08\/ponencias2014-felipe_macias1-500x353.jpg 500w, https:\/\/rinconeducativo.org\/wp-content\/uploads\/2015\/08\/ponencias2014-felipe_macias1-768x543.jpg 768w\" sizes=\"auto, (max-width: 842px) 100vw, 842px\" \/><\/a><\/p>\n","protected":false},"excerpt":{"rendered":"<p>Ponencia de Felipe Mac\u00edas<\/p>\n","protected":false},"author":1,"featured_media":9379,"template":"","meta":{"_acf_changed":false},"tags":[],"jornadas_edicion":[7034],"jornadas_tipo":[7049],"clasificacion_anterior":[],"class_list":["post-9381","re_jornada","type-re_jornada","status-publish","has-post-thumbnail","hentry","jornadas_edicion-2014-energia-y-medio-ambiente","jornadas_tipo-ponencias"],"acf":[],"yoast_head":"<!-- This site is optimized with the Yoast SEO plugin v26.8 - https:\/\/yoast.com\/product\/yoast-seo-wordpress\/ -->\n<title>Tecnosoles y humedales reactivos para la recuperaci\u00f3n de suelos, aguas y ecosistemas en la mina de uranio de Saelices (Salamanca) - Rinc\u00f3n educativo<\/title>\n<meta name=\"robots\" content=\"index, follow, max-snippet:-1, max-image-preview:large, max-video-preview:-1\" \/>\n<link rel=\"canonical\" href=\"https:\/\/rinconeducativo.org\/es\/jornadas\/tecnosoles-y-humedales-reactivos-para-la-recuperacion-de-suelos-aguas-y-ecosistemas-en-la\/\" \/>\n<meta property=\"og:locale\" content=\"es_ES\" \/>\n<meta property=\"og:type\" content=\"article\" \/>\n<meta property=\"og:title\" content=\"Tecnosoles y humedales reactivos para la recuperaci\u00f3n de suelos, aguas y ecosistemas en la mina de uranio de Saelices (Salamanca) - Rinc\u00f3n educativo\" \/>\n<meta property=\"og:description\" content=\"Ponencia de Felipe Mac\u00edas\" \/>\n<meta property=\"og:url\" content=\"https:\/\/rinconeducativo.org\/es\/jornadas\/tecnosoles-y-humedales-reactivos-para-la-recuperacion-de-suelos-aguas-y-ecosistemas-en-la\/\" \/>\n<meta property=\"og:site_name\" content=\"Rinc\u00f3n educativo\" \/>\n<meta property=\"article:modified_time\" content=\"2025-01-09T11:49:30+00:00\" \/>\n<meta property=\"og:image\" content=\"https:\/\/rinconeducativo.org\/wp-content\/uploads\/2015\/08\/ponencias2014-felipe_macias.jpg\" \/>\n\t<meta property=\"og:image:width\" content=\"800\" \/>\n\t<meta property=\"og:image:height\" content=\"528\" \/>\n\t<meta property=\"og:image:type\" content=\"image\/jpeg\" \/>\n<meta name=\"twitter:card\" content=\"summary_large_image\" \/>\n<script type=\"application\/ld+json\" class=\"yoast-schema-graph\">{\"@context\":\"https:\/\/schema.org\",\"@graph\":[{\"@type\":\"WebPage\",\"@id\":\"https:\/\/rinconeducativo.org\/es\/jornadas\/tecnosoles-y-humedales-reactivos-para-la-recuperacion-de-suelos-aguas-y-ecosistemas-en-la\/\",\"url\":\"https:\/\/rinconeducativo.org\/es\/jornadas\/tecnosoles-y-humedales-reactivos-para-la-recuperacion-de-suelos-aguas-y-ecosistemas-en-la\/\",\"name\":\"Tecnosoles y humedales reactivos para la recuperaci\u00f3n de suelos, aguas y ecosistemas en la mina de uranio de Saelices (Salamanca) - Rinc\u00f3n educativo\",\"isPartOf\":{\"@id\":\"https:\/\/rinconeducativo.org\/es\/#website\"},\"primaryImageOfPage\":{\"@id\":\"https:\/\/rinconeducativo.org\/es\/jornadas\/tecnosoles-y-humedales-reactivos-para-la-recuperacion-de-suelos-aguas-y-ecosistemas-en-la\/#primaryimage\"},\"image\":{\"@id\":\"https:\/\/rinconeducativo.org\/es\/jornadas\/tecnosoles-y-humedales-reactivos-para-la-recuperacion-de-suelos-aguas-y-ecosistemas-en-la\/#primaryimage\"},\"thumbnailUrl\":\"https:\/\/rinconeducativo.org\/wp-content\/uploads\/2015\/08\/ponencias2014-felipe_macias.jpg\",\"datePublished\":\"2015-08-08T17:49:54+00:00\",\"dateModified\":\"2025-01-09T11:49:30+00:00\",\"breadcrumb\":{\"@id\":\"https:\/\/rinconeducativo.org\/es\/jornadas\/tecnosoles-y-humedales-reactivos-para-la-recuperacion-de-suelos-aguas-y-ecosistemas-en-la\/#breadcrumb\"},\"inLanguage\":\"es\",\"potentialAction\":[{\"@type\":\"ReadAction\",\"target\":[\"https:\/\/rinconeducativo.org\/es\/jornadas\/tecnosoles-y-humedales-reactivos-para-la-recuperacion-de-suelos-aguas-y-ecosistemas-en-la\/\"]}]},{\"@type\":\"ImageObject\",\"inLanguage\":\"es\",\"@id\":\"https:\/\/rinconeducativo.org\/es\/jornadas\/tecnosoles-y-humedales-reactivos-para-la-recuperacion-de-suelos-aguas-y-ecosistemas-en-la\/#primaryimage\",\"url\":\"https:\/\/rinconeducativo.org\/wp-content\/uploads\/2015\/08\/ponencias2014-felipe_macias.jpg\",\"contentUrl\":\"https:\/\/rinconeducativo.org\/wp-content\/uploads\/2015\/08\/ponencias2014-felipe_macias.jpg\",\"width\":800,\"height\":528,\"caption\":\"Tecnosoles y humedales reactivos para la recuperaci\u00f3n de suelos, aguas y ecosistemas en la mina de uranio de Saelices (Salamanca)\"},{\"@type\":\"BreadcrumbList\",\"@id\":\"https:\/\/rinconeducativo.org\/es\/jornadas\/tecnosoles-y-humedales-reactivos-para-la-recuperacion-de-suelos-aguas-y-ecosistemas-en-la\/#breadcrumb\",\"itemListElement\":[{\"@type\":\"ListItem\",\"position\":1,\"name\":\"Portada\",\"item\":\"https:\/\/rinconeducativo.org\/es\/\"},{\"@type\":\"ListItem\",\"position\":2,\"name\":\"Conferences\",\"item\":\"https:\/\/rinconeducativo.org\/en\/jornadas-en\/\"},{\"@type\":\"ListItem\",\"position\":3,\"name\":\"Tecnosoles y humedales reactivos para la recuperaci\u00f3n de suelos, aguas y ecosistemas en la mina de uranio de Saelices (Salamanca)\"}]},{\"@type\":\"WebSite\",\"@id\":\"https:\/\/rinconeducativo.org\/es\/#website\",\"url\":\"https:\/\/rinconeducativo.org\/es\/\",\"name\":\"Rinc\u00f3n educativo\",\"description\":\"Un proyecto del Foro Nuclear\",\"potentialAction\":[{\"@type\":\"SearchAction\",\"target\":{\"@type\":\"EntryPoint\",\"urlTemplate\":\"https:\/\/rinconeducativo.org\/es\/?s={search_term_string}\"},\"query-input\":{\"@type\":\"PropertyValueSpecification\",\"valueRequired\":true,\"valueName\":\"search_term_string\"}}],\"inLanguage\":\"es\"}]}<\/script>\n<!-- \/ Yoast SEO plugin. -->","yoast_head_json":{"title":"Tecnosoles y humedales reactivos para la recuperaci\u00f3n de suelos, aguas y ecosistemas en la mina de uranio de Saelices (Salamanca) - Rinc\u00f3n educativo","robots":{"index":"index","follow":"follow","max-snippet":"max-snippet:-1","max-image-preview":"max-image-preview:large","max-video-preview":"max-video-preview:-1"},"canonical":"https:\/\/rinconeducativo.org\/es\/jornadas\/tecnosoles-y-humedales-reactivos-para-la-recuperacion-de-suelos-aguas-y-ecosistemas-en-la\/","og_locale":"es_ES","og_type":"article","og_title":"Tecnosoles y humedales reactivos para la recuperaci\u00f3n de suelos, aguas y ecosistemas en la mina de uranio de Saelices (Salamanca) - Rinc\u00f3n educativo","og_description":"Ponencia de Felipe Mac\u00edas","og_url":"https:\/\/rinconeducativo.org\/es\/jornadas\/tecnosoles-y-humedales-reactivos-para-la-recuperacion-de-suelos-aguas-y-ecosistemas-en-la\/","og_site_name":"Rinc\u00f3n educativo","article_modified_time":"2025-01-09T11:49:30+00:00","og_image":[{"width":800,"height":528,"url":"https:\/\/rinconeducativo.org\/wp-content\/uploads\/2015\/08\/ponencias2014-felipe_macias.jpg","type":"image\/jpeg"}],"twitter_card":"summary_large_image","schema":{"@context":"https:\/\/schema.org","@graph":[{"@type":"WebPage","@id":"https:\/\/rinconeducativo.org\/es\/jornadas\/tecnosoles-y-humedales-reactivos-para-la-recuperacion-de-suelos-aguas-y-ecosistemas-en-la\/","url":"https:\/\/rinconeducativo.org\/es\/jornadas\/tecnosoles-y-humedales-reactivos-para-la-recuperacion-de-suelos-aguas-y-ecosistemas-en-la\/","name":"Tecnosoles y humedales reactivos para la recuperaci\u00f3n de suelos, aguas y ecosistemas en la mina de uranio de Saelices (Salamanca) - Rinc\u00f3n educativo","isPartOf":{"@id":"https:\/\/rinconeducativo.org\/es\/#website"},"primaryImageOfPage":{"@id":"https:\/\/rinconeducativo.org\/es\/jornadas\/tecnosoles-y-humedales-reactivos-para-la-recuperacion-de-suelos-aguas-y-ecosistemas-en-la\/#primaryimage"},"image":{"@id":"https:\/\/rinconeducativo.org\/es\/jornadas\/tecnosoles-y-humedales-reactivos-para-la-recuperacion-de-suelos-aguas-y-ecosistemas-en-la\/#primaryimage"},"thumbnailUrl":"https:\/\/rinconeducativo.org\/wp-content\/uploads\/2015\/08\/ponencias2014-felipe_macias.jpg","datePublished":"2015-08-08T17:49:54+00:00","dateModified":"2025-01-09T11:49:30+00:00","breadcrumb":{"@id":"https:\/\/rinconeducativo.org\/es\/jornadas\/tecnosoles-y-humedales-reactivos-para-la-recuperacion-de-suelos-aguas-y-ecosistemas-en-la\/#breadcrumb"},"inLanguage":"es","potentialAction":[{"@type":"ReadAction","target":["https:\/\/rinconeducativo.org\/es\/jornadas\/tecnosoles-y-humedales-reactivos-para-la-recuperacion-de-suelos-aguas-y-ecosistemas-en-la\/"]}]},{"@type":"ImageObject","inLanguage":"es","@id":"https:\/\/rinconeducativo.org\/es\/jornadas\/tecnosoles-y-humedales-reactivos-para-la-recuperacion-de-suelos-aguas-y-ecosistemas-en-la\/#primaryimage","url":"https:\/\/rinconeducativo.org\/wp-content\/uploads\/2015\/08\/ponencias2014-felipe_macias.jpg","contentUrl":"https:\/\/rinconeducativo.org\/wp-content\/uploads\/2015\/08\/ponencias2014-felipe_macias.jpg","width":800,"height":528,"caption":"Tecnosoles y humedales reactivos para la recuperaci\u00f3n de suelos, aguas y ecosistemas en la mina de uranio de Saelices (Salamanca)"},{"@type":"BreadcrumbList","@id":"https:\/\/rinconeducativo.org\/es\/jornadas\/tecnosoles-y-humedales-reactivos-para-la-recuperacion-de-suelos-aguas-y-ecosistemas-en-la\/#breadcrumb","itemListElement":[{"@type":"ListItem","position":1,"name":"Portada","item":"https:\/\/rinconeducativo.org\/es\/"},{"@type":"ListItem","position":2,"name":"Conferences","item":"https:\/\/rinconeducativo.org\/en\/jornadas-en\/"},{"@type":"ListItem","position":3,"name":"Tecnosoles y humedales reactivos para la recuperaci\u00f3n de suelos, aguas y ecosistemas en la mina de uranio de Saelices (Salamanca)"}]},{"@type":"WebSite","@id":"https:\/\/rinconeducativo.org\/es\/#website","url":"https:\/\/rinconeducativo.org\/es\/","name":"Rinc\u00f3n educativo","description":"Un proyecto del Foro Nuclear","potentialAction":[{"@type":"SearchAction","target":{"@type":"EntryPoint","urlTemplate":"https:\/\/rinconeducativo.org\/es\/?s={search_term_string}"},"query-input":{"@type":"PropertyValueSpecification","valueRequired":true,"valueName":"search_term_string"}}],"inLanguage":"es"}]}},"_links":{"self":[{"href":"https:\/\/rinconeducativo.org\/es\/wp-json\/wp\/v2\/re_jornada\/9381","targetHints":{"allow":["GET"]}}],"collection":[{"href":"https:\/\/rinconeducativo.org\/es\/wp-json\/wp\/v2\/re_jornada"}],"about":[{"href":"https:\/\/rinconeducativo.org\/es\/wp-json\/wp\/v2\/types\/re_jornada"}],"author":[{"embeddable":true,"href":"https:\/\/rinconeducativo.org\/es\/wp-json\/wp\/v2\/users\/1"}],"wp:featuredmedia":[{"embeddable":true,"href":"https:\/\/rinconeducativo.org\/es\/wp-json\/wp\/v2\/media\/9379"}],"wp:attachment":[{"href":"https:\/\/rinconeducativo.org\/es\/wp-json\/wp\/v2\/media?parent=9381"}],"wp:term":[{"taxonomy":"post_tag","embeddable":true,"href":"https:\/\/rinconeducativo.org\/es\/wp-json\/wp\/v2\/tags?post=9381"},{"taxonomy":"jornadas_edicion","embeddable":true,"href":"https:\/\/rinconeducativo.org\/es\/wp-json\/wp\/v2\/jornadas_edicion?post=9381"},{"taxonomy":"jornadas_tipo","embeddable":true,"href":"https:\/\/rinconeducativo.org\/es\/wp-json\/wp\/v2\/jornadas_tipo?post=9381"},{"taxonomy":"clasificacion_anterior","embeddable":true,"href":"https:\/\/rinconeducativo.org\/es\/wp-json\/wp\/v2\/clasificacion_anterior?post=9381"}],"curies":[{"name":"wp","href":"https:\/\/api.w.org\/{rel}","templated":true}]}}

Tecnosoles y humedales reactivos para la recuperación de suelos, aguas y ecosistemas en la mina de uranio de Saelices (Salamanca)

<h2>Ponencia de Felipe Macías</h2>
<p><a href="http://rinconeducativo.org/contenidoextra/jornadas2014/ponencias2014-felipe_macias.pdf"><img loading="lazy" decoding="async" class=" size-full wp-image-9380" alt="" src="https://wp2.rinconeducativo.org/wp-content/uploads/2015/08/ponencias2014-felipe_macias1.jpg" style="height:540px; width:960px" width="842" height="595" srcset="https://rinconeducativo.org/wp-content/uploads/2015/08/ponencias2014-felipe_macias1.jpg 842w, https://rinconeducativo.org/wp-content/uploads/2015/08/ponencias2014-felipe_macias1-500x353.jpg 500w, https://rinconeducativo.org/wp-content/uploads/2015/08/ponencias2014-felipe_macias1-768x543.jpg 768w" sizes="auto, (max-width: 842px) 100vw, 842px" /></a></p>

<p>Ponencia de Felipe Macías</p>

<!-- This site is optimized with the Yoast SEO plugin v26.8 - https://yoast.com/product/yoast-seo-wordpress/ -->
<title>Tecnosoles y humedales reactivos para la recuperación de suelos, aguas y ecosistemas en la mina de uranio de Saelices (Salamanca) - Rincón educativo</title>
<meta name="robots" content="index, follow, max-snippet:-1, max-image-preview:large, max-video-preview:-1" />
<link rel="canonical" href="https://rinconeducativo.org/es/jornadas/tecnosoles-y-humedales-reactivos-para-la-recuperacion-de-suelos-aguas-y-ecosistemas-en-la/" />
<meta property="og:locale" content="es_ES" />
<meta property="og:type" content="article" />
<meta property="og:title" content="Tecnosoles y humedales reactivos para la recuperación de suelos, aguas y ecosistemas en la mina de uranio de Saelices (Salamanca) - Rincón educativo" />
<meta property="og:description" content="Ponencia de Felipe Macías" />
<meta property="og:url" content="https://rinconeducativo.org/es/jornadas/tecnosoles-y-humedales-reactivos-para-la-recuperacion-de-suelos-aguas-y-ecosistemas-en-la/" />
<meta property="og:site_name" content="Rincón educativo" />
<meta property="article:modified_time" content="2025-01-09T11:49:30+00:00" />
<meta property="og:image" content="https://rinconeducativo.org/wp-content/uploads/2015/08/ponencias2014-felipe_macias.jpg" />
	<meta property="og:image:width" content="800" />
	<meta property="og:image:height" content="528" />
	<meta property="og:image:type" content="image/jpeg" />
<meta name="twitter:card" content="summary_large_image" />
<script type="application/ld+json" class="yoast-schema-graph">{"@context":"https://schema.org","@graph":[{"@type":"WebPage","@id":"https://rinconeducativo.org/es/jornadas/tecnosoles-y-humedales-reactivos-para-la-recuperacion-de-suelos-aguas-y-ecosistemas-en-la/","url":"https://rinconeducativo.org/es/jornadas/tecnosoles-y-humedales-reactivos-para-la-recuperacion-de-suelos-aguas-y-ecosistemas-en-la/","name":"Tecnosoles y humedales reactivos para la recuperación de suelos, aguas y ecosistemas en la mina de uranio de Saelices (Salamanca) - Rincón educativo","isPartOf":{"@id":"https://rinconeducativo.org/es/#website"},"primaryImageOfPage":{"@id":"https://rinconeducativo.org/es/jornadas/tecnosoles-y-humedales-reactivos-para-la-recuperacion-de-suelos-aguas-y-ecosistemas-en-la/#primaryimage"},"image":{"@id":"https://rinconeducativo.org/es/jornadas/tecnosoles-y-humedales-reactivos-para-la-recuperacion-de-suelos-aguas-y-ecosistemas-en-la/#primaryimage"},"thumbnailUrl":"https://rinconeducativo.org/wp-content/uploads/2015/08/ponencias2014-felipe_macias.jpg","datePublished":"2015-08-08T17:49:54+00:00","dateModified":"2025-01-09T11:49:30+00:00","breadcrumb":{"@id":"https://rinconeducativo.org/es/jornadas/tecnosoles-y-humedales-reactivos-para-la-recuperacion-de-suelos-aguas-y-ecosistemas-en-la/#breadcrumb"},"inLanguage":"es","potentialAction":[{"@type":"ReadAction","target":["https://rinconeducativo.org/es/jornadas/tecnosoles-y-humedales-reactivos-para-la-recuperacion-de-suelos-aguas-y-ecosistemas-en-la/"]}]},{"@type":"ImageObject","inLanguage":"es","@id":"https://rinconeducativo.org/es/jornadas/tecnosoles-y-humedales-reactivos-para-la-recuperacion-de-suelos-aguas-y-ecosistemas-en-la/#primaryimage","url":"https://rinconeducativo.org/wp-content/uploads/2015/08/ponencias2014-felipe_macias.jpg","contentUrl":"https://rinconeducativo.org/wp-content/uploads/2015/08/ponencias2014-felipe_macias.jpg","width":800,"height":528,"caption":"Tecnosoles y humedales reactivos para la recuperación de suelos, aguas y ecosistemas en la mina de uranio de Saelices (Salamanca)"},{"@type":"BreadcrumbList","@id":"https://rinconeducativo.org/es/jornadas/tecnosoles-y-humedales-reactivos-para-la-recuperacion-de-suelos-aguas-y-ecosistemas-en-la/#breadcrumb","itemListElement":[{"@type":"ListItem","position":1,"name":"Portada","item":"https://rinconeducativo.org/es/"},{"@type":"ListItem","position":2,"name":"Conferences","item":"https://rinconeducativo.org/en/jornadas-en/"},{"@type":"ListItem","position":3,"name":"Tecnosoles y humedales reactivos para la recuperación de suelos, aguas y ecosistemas en la mina de uranio de Saelices (Salamanca)"}]},{"@type":"WebSite","@id":"https://rinconeducativo.org/es/#website","url":"https://rinconeducativo.org/es/","name":"Rincón educativo","description":"Un proyecto del Foro Nuclear","potentialAction":[{"@type":"SearchAction","target":{"@type":"EntryPoint","urlTemplate":"https://rinconeducativo.org/es/?s={search_term_string}"},"query-input":{"@type":"PropertyValueSpecification","valueRequired":true,"valueName":"search_term_string"}}],"inLanguage":"es"}]}</script>
<!-- / Yoast SEO plugin. -->

Tecnosoles y humedales reactivos para la recuperación de suelos, aguas y ecosistemas en la mina de uranio de Saelices (Salamanca) - Rincón educativo

Ponencia de Felipe Macías

Rincón educativo
