{"id":9258,"date":"2015-08-05T11:39:53","date_gmt":"2015-08-05T11:39:53","guid":{"rendered":"https:\/\/wp.rinconeducativo.org\/?jornadas=el-mundo-devora-energia"},"modified":"2015-08-05T11:39:53","modified_gmt":"2015-08-05T11:39:53","slug":"el-mundo-devora-energia","status":"publish","type":"re_jornada","link":"https:\/\/rinconeducativo.org\/es\/jornadas\/el-mundo-devora-energia\/","title":{"rendered":"El mundo devora energ\u00eda"},"content":{"rendered":"<h2>Ponencia de C\u00e9sar Vacchiano<\/h2>\n<p><a href=\"http:\/\/rinconeducativo.org\/contenidoextra\/jornadas2012\/ponencias2012_cesar-vacchiano.pdf\"><img loading=\"lazy\" decoding=\"async\" class=\" size-full wp-image-9257\" alt=\"\" src=\"https:\/\/wp2.rinconeducativo.org\/wp-content\/uploads\/2015\/08\/ponencias2012_cesar-vacchiano1.jpg\" style=\"height:540px; width:960px\" width=\"842\" height=\"595\" srcset=\"https:\/\/rinconeducativo.org\/wp-content\/uploads\/2015\/08\/ponencias2012_cesar-vacchiano1.jpg 842w, https:\/\/rinconeducativo.org\/wp-content\/uploads\/2015\/08\/ponencias2012_cesar-vacchiano1-500x353.jpg 500w, https:\/\/rinconeducativo.org\/wp-content\/uploads\/2015\/08\/ponencias2012_cesar-vacchiano1-768x543.jpg 768w\" sizes=\"auto, (max-width: 842px) 100vw, 842px\" \/><\/a><\/p>\n","protected":false},"excerpt":{"rendered":"<p>Ponencia de C\u00e9sar Vacchiano<\/p>\n","protected":false},"author":1,"featured_media":9256,"template":"","meta":{"_acf_changed":false},"tags":[],"jornadas_edicion":[7036],"jornadas_tipo":[7049],"clasificacion_anterior":[],"class_list":["post-9258","re_jornada","type-re_jornada","status-publish","has-post-thumbnail","hentry","jornadas_edicion-2012-50-anos-de-excelencia-calidad-e-innovacion","jornadas_tipo-ponencias"],"acf":[],"yoast_head":"<!-- This site is optimized with the Yoast SEO plugin v26.8 - https:\/\/yoast.com\/product\/yoast-seo-wordpress\/ -->\n<title>El mundo devora energ\u00eda - Rinc\u00f3n educativo<\/title>\n<meta name=\"robots\" content=\"index, follow, max-snippet:-1, max-image-preview:large, max-video-preview:-1\" \/>\n<link rel=\"canonical\" href=\"https:\/\/rinconeducativo.org\/en\/jornadas\/el-mundo-devora-energia\/\" \/>\n<meta property=\"og:locale\" content=\"es_ES\" \/>\n<meta property=\"og:type\" content=\"article\" \/>\n<meta property=\"og:title\" content=\"El mundo devora energ\u00eda - Rinc\u00f3n educativo\" \/>\n<meta property=\"og:description\" content=\"Ponencia de C\u00e9sar Vacchiano\" \/>\n<meta property=\"og:url\" content=\"https:\/\/rinconeducativo.org\/en\/jornadas\/el-mundo-devora-energia\/\" \/>\n<meta property=\"og:site_name\" content=\"Rinc\u00f3n educativo\" \/>\n<meta property=\"og:image\" content=\"https:\/\/rinconeducativo.org\/wp-content\/uploads\/2015\/08\/ponencias2012_cesar-vacchiano.jpg\" \/>\n\t<meta property=\"og:image:width\" content=\"800\" \/>\n\t<meta property=\"og:image:height\" content=\"533\" \/>\n\t<meta property=\"og:image:type\" content=\"image\/jpeg\" \/>\n<meta name=\"twitter:card\" content=\"summary_large_image\" \/>\n<script type=\"application\/ld+json\" class=\"yoast-schema-graph\">{\"@context\":\"https:\/\/schema.org\",\"@graph\":[{\"@type\":\"WebPage\",\"@id\":\"https:\/\/rinconeducativo.org\/en\/jornadas\/el-mundo-devora-energia\/\",\"url\":\"https:\/\/rinconeducativo.org\/en\/jornadas\/el-mundo-devora-energia\/\",\"name\":\"El mundo devora energ\u00eda - Rinc\u00f3n educativo\",\"isPartOf\":{\"@id\":\"https:\/\/rinconeducativo.org\/es\/#website\"},\"primaryImageOfPage\":{\"@id\":\"https:\/\/rinconeducativo.org\/en\/jornadas\/el-mundo-devora-energia\/#primaryimage\"},\"image\":{\"@id\":\"https:\/\/rinconeducativo.org\/en\/jornadas\/el-mundo-devora-energia\/#primaryimage\"},\"thumbnailUrl\":\"https:\/\/rinconeducativo.org\/wp-content\/uploads\/2015\/08\/ponencias2012_cesar-vacchiano.jpg\",\"datePublished\":\"2015-08-05T11:39:53+00:00\",\"breadcrumb\":{\"@id\":\"https:\/\/rinconeducativo.org\/en\/jornadas\/el-mundo-devora-energia\/#breadcrumb\"},\"inLanguage\":\"es\",\"potentialAction\":[{\"@type\":\"ReadAction\",\"target\":[\"https:\/\/rinconeducativo.org\/en\/jornadas\/el-mundo-devora-energia\/\"]}]},{\"@type\":\"ImageObject\",\"inLanguage\":\"es\",\"@id\":\"https:\/\/rinconeducativo.org\/en\/jornadas\/el-mundo-devora-energia\/#primaryimage\",\"url\":\"https:\/\/rinconeducativo.org\/wp-content\/uploads\/2015\/08\/ponencias2012_cesar-vacchiano.jpg\",\"contentUrl\":\"https:\/\/rinconeducativo.org\/wp-content\/uploads\/2015\/08\/ponencias2012_cesar-vacchiano.jpg\",\"width\":800,\"height\":533,\"caption\":\"El mundo devora energ\u00eda\"},{\"@type\":\"BreadcrumbList\",\"@id\":\"https:\/\/rinconeducativo.org\/en\/jornadas\/el-mundo-devora-energia\/#breadcrumb\",\"itemListElement\":[{\"@type\":\"ListItem\",\"position\":1,\"name\":\"Portada\",\"item\":\"https:\/\/rinconeducativo.org\/es\/\"},{\"@type\":\"ListItem\",\"position\":2,\"name\":\"Conferences\",\"item\":\"https:\/\/rinconeducativo.org\/en\/jornadas-en\/\"},{\"@type\":\"ListItem\",\"position\":3,\"name\":\"El mundo devora energ\u00eda\"}]},{\"@type\":\"WebSite\",\"@id\":\"https:\/\/rinconeducativo.org\/es\/#website\",\"url\":\"https:\/\/rinconeducativo.org\/es\/\",\"name\":\"Rinc\u00f3n educativo\",\"description\":\"Un proyecto del Foro Nuclear\",\"potentialAction\":[{\"@type\":\"SearchAction\",\"target\":{\"@type\":\"EntryPoint\",\"urlTemplate\":\"https:\/\/rinconeducativo.org\/es\/?s={search_term_string}\"},\"query-input\":{\"@type\":\"PropertyValueSpecification\",\"valueRequired\":true,\"valueName\":\"search_term_string\"}}],\"inLanguage\":\"es\"}]}<\/script>\n<!-- \/ Yoast SEO plugin. -->","yoast_head_json":{"title":"El mundo devora energ\u00eda - Rinc\u00f3n educativo","robots":{"index":"index","follow":"follow","max-snippet":"max-snippet:-1","max-image-preview":"max-image-preview:large","max-video-preview":"max-video-preview:-1"},"canonical":"https:\/\/rinconeducativo.org\/en\/jornadas\/el-mundo-devora-energia\/","og_locale":"es_ES","og_type":"article","og_title":"El mundo devora energ\u00eda - Rinc\u00f3n educativo","og_description":"Ponencia de C\u00e9sar Vacchiano","og_url":"https:\/\/rinconeducativo.org\/en\/jornadas\/el-mundo-devora-energia\/","og_site_name":"Rinc\u00f3n educativo","og_image":[{"width":800,"height":533,"url":"https:\/\/rinconeducativo.org\/wp-content\/uploads\/2015\/08\/ponencias2012_cesar-vacchiano.jpg","type":"image\/jpeg"}],"twitter_card":"summary_large_image","schema":{"@context":"https:\/\/schema.org","@graph":[{"@type":"WebPage","@id":"https:\/\/rinconeducativo.org\/en\/jornadas\/el-mundo-devora-energia\/","url":"https:\/\/rinconeducativo.org\/en\/jornadas\/el-mundo-devora-energia\/","name":"El mundo devora energ\u00eda - Rinc\u00f3n educativo","isPartOf":{"@id":"https:\/\/rinconeducativo.org\/es\/#website"},"primaryImageOfPage":{"@id":"https:\/\/rinconeducativo.org\/en\/jornadas\/el-mundo-devora-energia\/#primaryimage"},"image":{"@id":"https:\/\/rinconeducativo.org\/en\/jornadas\/el-mundo-devora-energia\/#primaryimage"},"thumbnailUrl":"https:\/\/rinconeducativo.org\/wp-content\/uploads\/2015\/08\/ponencias2012_cesar-vacchiano.jpg","datePublished":"2015-08-05T11:39:53+00:00","breadcrumb":{"@id":"https:\/\/rinconeducativo.org\/en\/jornadas\/el-mundo-devora-energia\/#breadcrumb"},"inLanguage":"es","potentialAction":[{"@type":"ReadAction","target":["https:\/\/rinconeducativo.org\/en\/jornadas\/el-mundo-devora-energia\/"]}]},{"@type":"ImageObject","inLanguage":"es","@id":"https:\/\/rinconeducativo.org\/en\/jornadas\/el-mundo-devora-energia\/#primaryimage","url":"https:\/\/rinconeducativo.org\/wp-content\/uploads\/2015\/08\/ponencias2012_cesar-vacchiano.jpg","contentUrl":"https:\/\/rinconeducativo.org\/wp-content\/uploads\/2015\/08\/ponencias2012_cesar-vacchiano.jpg","width":800,"height":533,"caption":"El mundo devora energ\u00eda"},{"@type":"BreadcrumbList","@id":"https:\/\/rinconeducativo.org\/en\/jornadas\/el-mundo-devora-energia\/#breadcrumb","itemListElement":[{"@type":"ListItem","position":1,"name":"Portada","item":"https:\/\/rinconeducativo.org\/es\/"},{"@type":"ListItem","position":2,"name":"Conferences","item":"https:\/\/rinconeducativo.org\/en\/jornadas-en\/"},{"@type":"ListItem","position":3,"name":"El mundo devora energ\u00eda"}]},{"@type":"WebSite","@id":"https:\/\/rinconeducativo.org\/es\/#website","url":"https:\/\/rinconeducativo.org\/es\/","name":"Rinc\u00f3n educativo","description":"Un proyecto del Foro Nuclear","potentialAction":[{"@type":"SearchAction","target":{"@type":"EntryPoint","urlTemplate":"https:\/\/rinconeducativo.org\/es\/?s={search_term_string}"},"query-input":{"@type":"PropertyValueSpecification","valueRequired":true,"valueName":"search_term_string"}}],"inLanguage":"es"}]}},"_links":{"self":[{"href":"https:\/\/rinconeducativo.org\/es\/wp-json\/wp\/v2\/re_jornada\/9258","targetHints":{"allow":["GET"]}}],"collection":[{"href":"https:\/\/rinconeducativo.org\/es\/wp-json\/wp\/v2\/re_jornada"}],"about":[{"href":"https:\/\/rinconeducativo.org\/es\/wp-json\/wp\/v2\/types\/re_jornada"}],"author":[{"embeddable":true,"href":"https:\/\/rinconeducativo.org\/es\/wp-json\/wp\/v2\/users\/1"}],"wp:featuredmedia":[{"embeddable":true,"href":"https:\/\/rinconeducativo.org\/es\/wp-json\/wp\/v2\/media\/9256"}],"wp:attachment":[{"href":"https:\/\/rinconeducativo.org\/es\/wp-json\/wp\/v2\/media?parent=9258"}],"wp:term":[{"taxonomy":"post_tag","embeddable":true,"href":"https:\/\/rinconeducativo.org\/es\/wp-json\/wp\/v2\/tags?post=9258"},{"taxonomy":"jornadas_edicion","embeddable":true,"href":"https:\/\/rinconeducativo.org\/es\/wp-json\/wp\/v2\/jornadas_edicion?post=9258"},{"taxonomy":"jornadas_tipo","embeddable":true,"href":"https:\/\/rinconeducativo.org\/es\/wp-json\/wp\/v2\/jornadas_tipo?post=9258"},{"taxonomy":"clasificacion_anterior","embeddable":true,"href":"https:\/\/rinconeducativo.org\/es\/wp-json\/wp\/v2\/clasificacion_anterior?post=9258"}],"curies":[{"name":"wp","href":"https:\/\/api.w.org\/{rel}","templated":true}]}}

El mundo devora energía

<h2>Ponencia de César Vacchiano</h2>
<p><a href="http://rinconeducativo.org/contenidoextra/jornadas2012/ponencias2012_cesar-vacchiano.pdf"><img loading="lazy" decoding="async" class=" size-full wp-image-9257" alt="" src="https://wp2.rinconeducativo.org/wp-content/uploads/2015/08/ponencias2012_cesar-vacchiano1.jpg" style="height:540px; width:960px" width="842" height="595" srcset="https://rinconeducativo.org/wp-content/uploads/2015/08/ponencias2012_cesar-vacchiano1.jpg 842w, https://rinconeducativo.org/wp-content/uploads/2015/08/ponencias2012_cesar-vacchiano1-500x353.jpg 500w, https://rinconeducativo.org/wp-content/uploads/2015/08/ponencias2012_cesar-vacchiano1-768x543.jpg 768w" sizes="auto, (max-width: 842px) 100vw, 842px" /></a></p>

<p>Ponencia de César Vacchiano</p>

<!-- This site is optimized with the Yoast SEO plugin v26.8 - https://yoast.com/product/yoast-seo-wordpress/ -->
<title>El mundo devora energía - Rincón educativo</title>
<meta name="robots" content="index, follow, max-snippet:-1, max-image-preview:large, max-video-preview:-1" />
<link rel="canonical" href="https://rinconeducativo.org/en/jornadas/el-mundo-devora-energia/" />
<meta property="og:locale" content="es_ES" />
<meta property="og:type" content="article" />
<meta property="og:title" content="El mundo devora energía - Rincón educativo" />
<meta property="og:description" content="Ponencia de César Vacchiano" />
<meta property="og:url" content="https://rinconeducativo.org/en/jornadas/el-mundo-devora-energia/" />
<meta property="og:site_name" content="Rincón educativo" />
<meta property="og:image" content="https://rinconeducativo.org/wp-content/uploads/2015/08/ponencias2012_cesar-vacchiano.jpg" />
	<meta property="og:image:width" content="800" />
	<meta property="og:image:height" content="533" />
	<meta property="og:image:type" content="image/jpeg" />
<meta name="twitter:card" content="summary_large_image" />
<script type="application/ld+json" class="yoast-schema-graph">{"@context":"https://schema.org","@graph":[{"@type":"WebPage","@id":"https://rinconeducativo.org/en/jornadas/el-mundo-devora-energia/","url":"https://rinconeducativo.org/en/jornadas/el-mundo-devora-energia/","name":"El mundo devora energía - Rincón educativo","isPartOf":{"@id":"https://rinconeducativo.org/es/#website"},"primaryImageOfPage":{"@id":"https://rinconeducativo.org/en/jornadas/el-mundo-devora-energia/#primaryimage"},"image":{"@id":"https://rinconeducativo.org/en/jornadas/el-mundo-devora-energia/#primaryimage"},"thumbnailUrl":"https://rinconeducativo.org/wp-content/uploads/2015/08/ponencias2012_cesar-vacchiano.jpg","datePublished":"2015-08-05T11:39:53+00:00","breadcrumb":{"@id":"https://rinconeducativo.org/en/jornadas/el-mundo-devora-energia/#breadcrumb"},"inLanguage":"es","potentialAction":[{"@type":"ReadAction","target":["https://rinconeducativo.org/en/jornadas/el-mundo-devora-energia/"]}]},{"@type":"ImageObject","inLanguage":"es","@id":"https://rinconeducativo.org/en/jornadas/el-mundo-devora-energia/#primaryimage","url":"https://rinconeducativo.org/wp-content/uploads/2015/08/ponencias2012_cesar-vacchiano.jpg","contentUrl":"https://rinconeducativo.org/wp-content/uploads/2015/08/ponencias2012_cesar-vacchiano.jpg","width":800,"height":533,"caption":"El mundo devora energía"},{"@type":"BreadcrumbList","@id":"https://rinconeducativo.org/en/jornadas/el-mundo-devora-energia/#breadcrumb","itemListElement":[{"@type":"ListItem","position":1,"name":"Portada","item":"https://rinconeducativo.org/es/"},{"@type":"ListItem","position":2,"name":"Conferences","item":"https://rinconeducativo.org/en/jornadas-en/"},{"@type":"ListItem","position":3,"name":"El mundo devora energía"}]},{"@type":"WebSite","@id":"https://rinconeducativo.org/es/#website","url":"https://rinconeducativo.org/es/","name":"Rincón educativo","description":"Un proyecto del Foro Nuclear","potentialAction":[{"@type":"SearchAction","target":{"@type":"EntryPoint","urlTemplate":"https://rinconeducativo.org/es/?s={search_term_string}"},"query-input":{"@type":"PropertyValueSpecification","valueRequired":true,"valueName":"search_term_string"}}],"inLanguage":"es"}]}</script>
<!-- / Yoast SEO plugin. -->

El mundo devora energía - Rincón educativo

Ponencia de César Vacchiano

Rincón educativo
