{"id":9152,"date":"2015-08-01T07:36:52","date_gmt":"2015-08-01T07:36:52","guid":{"rendered":"https:\/\/wp.rinconeducativo.org\/?jornadas=estudios-epidemologicos-sobre-los-efectos-de-las-bajas-dosis-de-radiacion-en-el-ser-humano"},"modified":"2025-01-09T12:52:32","modified_gmt":"2025-01-09T11:52:32","slug":"estudios-epidemologicos-sobre-los-efectos-de-las-bajas-dosis-de-radiacion-en-el-ser-humano","status":"publish","type":"re_jornada","link":"https:\/\/rinconeducativo.org\/es\/jornadas\/estudios-epidemologicos-sobre-los-efectos-de-las-bajas-dosis-de-radiacion-en-el-ser-humano\/","title":{"rendered":"Estudios epidemol\u00f3gicos sobre los efectos de las bajas dosis de radiaci\u00f3n en el ser humano"},"content":{"rendered":"<h2>Ponencia de Rafael Herranz Crespo<\/h2>\n<p><a href=\"http:\/\/rinconeducativo.org\/contenidoextra\/jornadas2010\/ponencias2010_rafael_herranz_crespo.pdf\"><img loading=\"lazy\" decoding=\"async\" class=\" size-full wp-image-9151\" alt=\"\" src=\"https:\/\/wp2.rinconeducativo.org\/wp-content\/uploads\/2015\/08\/ponencias2010_rafael_herranz_crespo1.jpg\" style=\"height:450px; width:600px\" width=\"841\" height=\"595\" srcset=\"https:\/\/rinconeducativo.org\/wp-content\/uploads\/2015\/08\/ponencias2010_rafael_herranz_crespo1.jpg 841w, https:\/\/rinconeducativo.org\/wp-content\/uploads\/2015\/08\/ponencias2010_rafael_herranz_crespo1-500x354.jpg 500w, https:\/\/rinconeducativo.org\/wp-content\/uploads\/2015\/08\/ponencias2010_rafael_herranz_crespo1-768x543.jpg 768w\" sizes=\"auto, (max-width: 841px) 100vw, 841px\" \/><\/a><\/p>\n","protected":false},"excerpt":{"rendered":"<p>Ponencia de Rafael Herranz Crespo<\/p>\n","protected":false},"author":1,"featured_media":9150,"template":"","meta":{"_acf_changed":false},"tags":[],"jornadas_edicion":[7038],"jornadas_tipo":[7049],"clasificacion_anterior":[],"class_list":["post-9152","re_jornada","type-re_jornada","status-publish","has-post-thumbnail","hentry","jornadas_edicion-2010-la-proteccion-del-medio-ambiente-en-la-gestion-de-las-centrales-nucleares","jornadas_tipo-ponencias"],"acf":[],"yoast_head":"<!-- This site is optimized with the Yoast SEO plugin v26.8 - https:\/\/yoast.com\/product\/yoast-seo-wordpress\/ -->\n<title>Estudios epidemol\u00f3gicos sobre los efectos de las bajas dosis de radiaci\u00f3n en el ser humano - Rinc\u00f3n educativo<\/title>\n<meta name=\"robots\" content=\"index, follow, max-snippet:-1, max-image-preview:large, max-video-preview:-1\" \/>\n<link rel=\"canonical\" href=\"https:\/\/rinconeducativo.org\/es\/jornadas\/estudios-epidemologicos-sobre-los-efectos-de-las-bajas-dosis-de-radiacion-en-el-ser-humano\/\" \/>\n<meta property=\"og:locale\" content=\"es_ES\" \/>\n<meta property=\"og:type\" content=\"article\" \/>\n<meta property=\"og:title\" content=\"Estudios epidemol\u00f3gicos sobre los efectos de las bajas dosis de radiaci\u00f3n en el ser humano - Rinc\u00f3n educativo\" \/>\n<meta property=\"og:description\" content=\"Ponencia de Rafael Herranz Crespo\" \/>\n<meta property=\"og:url\" content=\"https:\/\/rinconeducativo.org\/es\/jornadas\/estudios-epidemologicos-sobre-los-efectos-de-las-bajas-dosis-de-radiacion-en-el-ser-humano\/\" \/>\n<meta property=\"og:site_name\" content=\"Rinc\u00f3n educativo\" \/>\n<meta property=\"article:modified_time\" content=\"2025-01-09T11:52:32+00:00\" \/>\n<meta property=\"og:image\" content=\"https:\/\/rinconeducativo.org\/wp-content\/uploads\/2015\/08\/ponencias2010_rafael_herranz_crespo.jpg\" \/>\n\t<meta property=\"og:image:width\" content=\"616\" \/>\n\t<meta property=\"og:image:height\" content=\"596\" \/>\n\t<meta property=\"og:image:type\" content=\"image\/jpeg\" \/>\n<meta name=\"twitter:card\" content=\"summary_large_image\" \/>\n<script type=\"application\/ld+json\" class=\"yoast-schema-graph\">{\"@context\":\"https:\/\/schema.org\",\"@graph\":[{\"@type\":\"WebPage\",\"@id\":\"https:\/\/rinconeducativo.org\/es\/jornadas\/estudios-epidemologicos-sobre-los-efectos-de-las-bajas-dosis-de-radiacion-en-el-ser-humano\/\",\"url\":\"https:\/\/rinconeducativo.org\/es\/jornadas\/estudios-epidemologicos-sobre-los-efectos-de-las-bajas-dosis-de-radiacion-en-el-ser-humano\/\",\"name\":\"Estudios epidemol\u00f3gicos sobre los efectos de las bajas dosis de radiaci\u00f3n en el ser humano - Rinc\u00f3n educativo\",\"isPartOf\":{\"@id\":\"https:\/\/rinconeducativo.org\/es\/#website\"},\"primaryImageOfPage\":{\"@id\":\"https:\/\/rinconeducativo.org\/es\/jornadas\/estudios-epidemologicos-sobre-los-efectos-de-las-bajas-dosis-de-radiacion-en-el-ser-humano\/#primaryimage\"},\"image\":{\"@id\":\"https:\/\/rinconeducativo.org\/es\/jornadas\/estudios-epidemologicos-sobre-los-efectos-de-las-bajas-dosis-de-radiacion-en-el-ser-humano\/#primaryimage\"},\"thumbnailUrl\":\"https:\/\/rinconeducativo.org\/wp-content\/uploads\/2015\/08\/ponencias2010_rafael_herranz_crespo.jpg\",\"datePublished\":\"2015-08-01T07:36:52+00:00\",\"dateModified\":\"2025-01-09T11:52:32+00:00\",\"breadcrumb\":{\"@id\":\"https:\/\/rinconeducativo.org\/es\/jornadas\/estudios-epidemologicos-sobre-los-efectos-de-las-bajas-dosis-de-radiacion-en-el-ser-humano\/#breadcrumb\"},\"inLanguage\":\"es\",\"potentialAction\":[{\"@type\":\"ReadAction\",\"target\":[\"https:\/\/rinconeducativo.org\/es\/jornadas\/estudios-epidemologicos-sobre-los-efectos-de-las-bajas-dosis-de-radiacion-en-el-ser-humano\/\"]}]},{\"@type\":\"ImageObject\",\"inLanguage\":\"es\",\"@id\":\"https:\/\/rinconeducativo.org\/es\/jornadas\/estudios-epidemologicos-sobre-los-efectos-de-las-bajas-dosis-de-radiacion-en-el-ser-humano\/#primaryimage\",\"url\":\"https:\/\/rinconeducativo.org\/wp-content\/uploads\/2015\/08\/ponencias2010_rafael_herranz_crespo.jpg\",\"contentUrl\":\"https:\/\/rinconeducativo.org\/wp-content\/uploads\/2015\/08\/ponencias2010_rafael_herranz_crespo.jpg\",\"width\":616,\"height\":596,\"caption\":\"Estudios epidemol\u00f3gicos sobre los efectos de las bajas dosis de radiaci\u00f3n en el ser humano\"},{\"@type\":\"BreadcrumbList\",\"@id\":\"https:\/\/rinconeducativo.org\/es\/jornadas\/estudios-epidemologicos-sobre-los-efectos-de-las-bajas-dosis-de-radiacion-en-el-ser-humano\/#breadcrumb\",\"itemListElement\":[{\"@type\":\"ListItem\",\"position\":1,\"name\":\"Portada\",\"item\":\"https:\/\/rinconeducativo.org\/es\/\"},{\"@type\":\"ListItem\",\"position\":2,\"name\":\"Conferences\",\"item\":\"https:\/\/rinconeducativo.org\/en\/jornadas-en\/\"},{\"@type\":\"ListItem\",\"position\":3,\"name\":\"Estudios epidemol\u00f3gicos sobre los efectos de las bajas dosis de radiaci\u00f3n en el ser humano\"}]},{\"@type\":\"WebSite\",\"@id\":\"https:\/\/rinconeducativo.org\/es\/#website\",\"url\":\"https:\/\/rinconeducativo.org\/es\/\",\"name\":\"Rinc\u00f3n educativo\",\"description\":\"Un proyecto del Foro Nuclear\",\"potentialAction\":[{\"@type\":\"SearchAction\",\"target\":{\"@type\":\"EntryPoint\",\"urlTemplate\":\"https:\/\/rinconeducativo.org\/es\/?s={search_term_string}\"},\"query-input\":{\"@type\":\"PropertyValueSpecification\",\"valueRequired\":true,\"valueName\":\"search_term_string\"}}],\"inLanguage\":\"es\"}]}<\/script>\n<!-- \/ Yoast SEO plugin. -->","yoast_head_json":{"title":"Estudios epidemol\u00f3gicos sobre los efectos de las bajas dosis de radiaci\u00f3n en el ser humano - Rinc\u00f3n educativo","robots":{"index":"index","follow":"follow","max-snippet":"max-snippet:-1","max-image-preview":"max-image-preview:large","max-video-preview":"max-video-preview:-1"},"canonical":"https:\/\/rinconeducativo.org\/es\/jornadas\/estudios-epidemologicos-sobre-los-efectos-de-las-bajas-dosis-de-radiacion-en-el-ser-humano\/","og_locale":"es_ES","og_type":"article","og_title":"Estudios epidemol\u00f3gicos sobre los efectos de las bajas dosis de radiaci\u00f3n en el ser humano - Rinc\u00f3n educativo","og_description":"Ponencia de Rafael Herranz Crespo","og_url":"https:\/\/rinconeducativo.org\/es\/jornadas\/estudios-epidemologicos-sobre-los-efectos-de-las-bajas-dosis-de-radiacion-en-el-ser-humano\/","og_site_name":"Rinc\u00f3n educativo","article_modified_time":"2025-01-09T11:52:32+00:00","og_image":[{"width":616,"height":596,"url":"https:\/\/rinconeducativo.org\/wp-content\/uploads\/2015\/08\/ponencias2010_rafael_herranz_crespo.jpg","type":"image\/jpeg"}],"twitter_card":"summary_large_image","schema":{"@context":"https:\/\/schema.org","@graph":[{"@type":"WebPage","@id":"https:\/\/rinconeducativo.org\/es\/jornadas\/estudios-epidemologicos-sobre-los-efectos-de-las-bajas-dosis-de-radiacion-en-el-ser-humano\/","url":"https:\/\/rinconeducativo.org\/es\/jornadas\/estudios-epidemologicos-sobre-los-efectos-de-las-bajas-dosis-de-radiacion-en-el-ser-humano\/","name":"Estudios epidemol\u00f3gicos sobre los efectos de las bajas dosis de radiaci\u00f3n en el ser humano - Rinc\u00f3n educativo","isPartOf":{"@id":"https:\/\/rinconeducativo.org\/es\/#website"},"primaryImageOfPage":{"@id":"https:\/\/rinconeducativo.org\/es\/jornadas\/estudios-epidemologicos-sobre-los-efectos-de-las-bajas-dosis-de-radiacion-en-el-ser-humano\/#primaryimage"},"image":{"@id":"https:\/\/rinconeducativo.org\/es\/jornadas\/estudios-epidemologicos-sobre-los-efectos-de-las-bajas-dosis-de-radiacion-en-el-ser-humano\/#primaryimage"},"thumbnailUrl":"https:\/\/rinconeducativo.org\/wp-content\/uploads\/2015\/08\/ponencias2010_rafael_herranz_crespo.jpg","datePublished":"2015-08-01T07:36:52+00:00","dateModified":"2025-01-09T11:52:32+00:00","breadcrumb":{"@id":"https:\/\/rinconeducativo.org\/es\/jornadas\/estudios-epidemologicos-sobre-los-efectos-de-las-bajas-dosis-de-radiacion-en-el-ser-humano\/#breadcrumb"},"inLanguage":"es","potentialAction":[{"@type":"ReadAction","target":["https:\/\/rinconeducativo.org\/es\/jornadas\/estudios-epidemologicos-sobre-los-efectos-de-las-bajas-dosis-de-radiacion-en-el-ser-humano\/"]}]},{"@type":"ImageObject","inLanguage":"es","@id":"https:\/\/rinconeducativo.org\/es\/jornadas\/estudios-epidemologicos-sobre-los-efectos-de-las-bajas-dosis-de-radiacion-en-el-ser-humano\/#primaryimage","url":"https:\/\/rinconeducativo.org\/wp-content\/uploads\/2015\/08\/ponencias2010_rafael_herranz_crespo.jpg","contentUrl":"https:\/\/rinconeducativo.org\/wp-content\/uploads\/2015\/08\/ponencias2010_rafael_herranz_crespo.jpg","width":616,"height":596,"caption":"Estudios epidemol\u00f3gicos sobre los efectos de las bajas dosis de radiaci\u00f3n en el ser humano"},{"@type":"BreadcrumbList","@id":"https:\/\/rinconeducativo.org\/es\/jornadas\/estudios-epidemologicos-sobre-los-efectos-de-las-bajas-dosis-de-radiacion-en-el-ser-humano\/#breadcrumb","itemListElement":[{"@type":"ListItem","position":1,"name":"Portada","item":"https:\/\/rinconeducativo.org\/es\/"},{"@type":"ListItem","position":2,"name":"Conferences","item":"https:\/\/rinconeducativo.org\/en\/jornadas-en\/"},{"@type":"ListItem","position":3,"name":"Estudios epidemol\u00f3gicos sobre los efectos de las bajas dosis de radiaci\u00f3n en el ser humano"}]},{"@type":"WebSite","@id":"https:\/\/rinconeducativo.org\/es\/#website","url":"https:\/\/rinconeducativo.org\/es\/","name":"Rinc\u00f3n educativo","description":"Un proyecto del Foro Nuclear","potentialAction":[{"@type":"SearchAction","target":{"@type":"EntryPoint","urlTemplate":"https:\/\/rinconeducativo.org\/es\/?s={search_term_string}"},"query-input":{"@type":"PropertyValueSpecification","valueRequired":true,"valueName":"search_term_string"}}],"inLanguage":"es"}]}},"_links":{"self":[{"href":"https:\/\/rinconeducativo.org\/es\/wp-json\/wp\/v2\/re_jornada\/9152","targetHints":{"allow":["GET"]}}],"collection":[{"href":"https:\/\/rinconeducativo.org\/es\/wp-json\/wp\/v2\/re_jornada"}],"about":[{"href":"https:\/\/rinconeducativo.org\/es\/wp-json\/wp\/v2\/types\/re_jornada"}],"author":[{"embeddable":true,"href":"https:\/\/rinconeducativo.org\/es\/wp-json\/wp\/v2\/users\/1"}],"wp:featuredmedia":[{"embeddable":true,"href":"https:\/\/rinconeducativo.org\/es\/wp-json\/wp\/v2\/media\/9150"}],"wp:attachment":[{"href":"https:\/\/rinconeducativo.org\/es\/wp-json\/wp\/v2\/media?parent=9152"}],"wp:term":[{"taxonomy":"post_tag","embeddable":true,"href":"https:\/\/rinconeducativo.org\/es\/wp-json\/wp\/v2\/tags?post=9152"},{"taxonomy":"jornadas_edicion","embeddable":true,"href":"https:\/\/rinconeducativo.org\/es\/wp-json\/wp\/v2\/jornadas_edicion?post=9152"},{"taxonomy":"jornadas_tipo","embeddable":true,"href":"https:\/\/rinconeducativo.org\/es\/wp-json\/wp\/v2\/jornadas_tipo?post=9152"},{"taxonomy":"clasificacion_anterior","embeddable":true,"href":"https:\/\/rinconeducativo.org\/es\/wp-json\/wp\/v2\/clasificacion_anterior?post=9152"}],"curies":[{"name":"wp","href":"https:\/\/api.w.org\/{rel}","templated":true}]}}

Estudios epidemológicos sobre los efectos de las bajas dosis de radiación en el ser humano

<!-- This site is optimized with the Yoast SEO plugin v26.8 - https://yoast.com/product/yoast-seo-wordpress/ -->
<title>Estudios epidemológicos sobre los efectos de las bajas dosis de radiación en el ser humano - Rincón educativo</title>
<meta name="robots" content="index, follow, max-snippet:-1, max-image-preview:large, max-video-preview:-1" />
<link rel="canonical" href="https://rinconeducativo.org/es/jornadas/estudios-epidemologicos-sobre-los-efectos-de-las-bajas-dosis-de-radiacion-en-el-ser-humano/" />
<meta property="og:locale" content="es_ES" />
<meta property="og:type" content="article" />
<meta property="og:title" content="Estudios epidemológicos sobre los efectos de las bajas dosis de radiación en el ser humano - Rincón educativo" />
<meta property="og:description" content="Ponencia de Rafael Herranz Crespo" />
<meta property="og:url" content="https://rinconeducativo.org/es/jornadas/estudios-epidemologicos-sobre-los-efectos-de-las-bajas-dosis-de-radiacion-en-el-ser-humano/" />
<meta property="og:site_name" content="Rincón educativo" />
<meta property="article:modified_time" content="2025-01-09T11:52:32+00:00" />
<meta property="og:image" content="https://rinconeducativo.org/wp-content/uploads/2015/08/ponencias2010_rafael_herranz_crespo.jpg" />
	<meta property="og:image:width" content="616" />
	<meta property="og:image:height" content="596" />
	<meta property="og:image:type" content="image/jpeg" />
<meta name="twitter:card" content="summary_large_image" />
<script type="application/ld+json" class="yoast-schema-graph">{"@context":"https://schema.org","@graph":[{"@type":"WebPage","@id":"https://rinconeducativo.org/es/jornadas/estudios-epidemologicos-sobre-los-efectos-de-las-bajas-dosis-de-radiacion-en-el-ser-humano/","url":"https://rinconeducativo.org/es/jornadas/estudios-epidemologicos-sobre-los-efectos-de-las-bajas-dosis-de-radiacion-en-el-ser-humano/","name":"Estudios epidemológicos sobre los efectos de las bajas dosis de radiación en el ser humano - Rincón educativo","isPartOf":{"@id":"https://rinconeducativo.org/es/#website"},"primaryImageOfPage":{"@id":"https://rinconeducativo.org/es/jornadas/estudios-epidemologicos-sobre-los-efectos-de-las-bajas-dosis-de-radiacion-en-el-ser-humano/#primaryimage"},"image":{"@id":"https://rinconeducativo.org/es/jornadas/estudios-epidemologicos-sobre-los-efectos-de-las-bajas-dosis-de-radiacion-en-el-ser-humano/#primaryimage"},"thumbnailUrl":"https://rinconeducativo.org/wp-content/uploads/2015/08/ponencias2010_rafael_herranz_crespo.jpg","datePublished":"2015-08-01T07:36:52+00:00","dateModified":"2025-01-09T11:52:32+00:00","breadcrumb":{"@id":"https://rinconeducativo.org/es/jornadas/estudios-epidemologicos-sobre-los-efectos-de-las-bajas-dosis-de-radiacion-en-el-ser-humano/#breadcrumb"},"inLanguage":"es","potentialAction":[{"@type":"ReadAction","target":["https://rinconeducativo.org/es/jornadas/estudios-epidemologicos-sobre-los-efectos-de-las-bajas-dosis-de-radiacion-en-el-ser-humano/"]}]},{"@type":"ImageObject","inLanguage":"es","@id":"https://rinconeducativo.org/es/jornadas/estudios-epidemologicos-sobre-los-efectos-de-las-bajas-dosis-de-radiacion-en-el-ser-humano/#primaryimage","url":"https://rinconeducativo.org/wp-content/uploads/2015/08/ponencias2010_rafael_herranz_crespo.jpg","contentUrl":"https://rinconeducativo.org/wp-content/uploads/2015/08/ponencias2010_rafael_herranz_crespo.jpg","width":616,"height":596,"caption":"Estudios epidemológicos sobre los efectos de las bajas dosis de radiación en el ser humano"},{"@type":"BreadcrumbList","@id":"https://rinconeducativo.org/es/jornadas/estudios-epidemologicos-sobre-los-efectos-de-las-bajas-dosis-de-radiacion-en-el-ser-humano/#breadcrumb","itemListElement":[{"@type":"ListItem","position":1,"name":"Portada","item":"https://rinconeducativo.org/es/"},{"@type":"ListItem","position":2,"name":"Conferences","item":"https://rinconeducativo.org/en/jornadas-en/"},{"@type":"ListItem","position":3,"name":"Estudios epidemológicos sobre los efectos de las bajas dosis de radiación en el ser humano"}]},{"@type":"WebSite","@id":"https://rinconeducativo.org/es/#website","url":"https://rinconeducativo.org/es/","name":"Rincón educativo","description":"Un proyecto del Foro Nuclear","potentialAction":[{"@type":"SearchAction","target":{"@type":"EntryPoint","urlTemplate":"https://rinconeducativo.org/es/?s={search_term_string}"},"query-input":{"@type":"PropertyValueSpecification","valueRequired":true,"valueName":"search_term_string"}}],"inLanguage":"es"}]}</script>
<!-- / Yoast SEO plugin. -->

Estudios epidemológicos sobre los efectos de las bajas dosis de radiación en el ser humano - Rincón educativo

Rincón educativo
