{"id":9132,"date":"2015-08-01T06:30:29","date_gmt":"2015-08-01T06:30:29","guid":{"rendered":"https:\/\/wp.rinconeducativo.org\/?jornadas=aspectos-de-la-clausura-de-las-fabricas-de-concentrados-de-uranio-y-de-las-explotaciones-de"},"modified":"2025-01-09T12:52:50","modified_gmt":"2025-01-09T11:52:50","slug":"aspectos-de-la-clausura-de-las-fabricas-de-concentrados-de-uranio-y-de-las-explotaciones-de","status":"publish","type":"re_jornada","link":"https:\/\/rinconeducativo.org\/es\/jornadas\/aspectos-de-la-clausura-de-las-fabricas-de-concentrados-de-uranio-y-de-las-explotaciones-de\/","title":{"rendered":"Aspectos de la clausura de las f\u00e1bricas de concentrados de uranio y de las explotaciones de minerales radiactivos"},"content":{"rendered":"<h2>Ponencia de Javier Ru\u00edz S\u00e1nchez-Porro<\/h2>\n<p><a href=\"http:\/\/rinconeducativo.org\/contenidoextra\/jornadas2010\/ponencias2010_javier-ruiz.pdf\"><img loading=\"lazy\" decoding=\"async\" class=\" size-full wp-image-9131\" alt=\"\" src=\"https:\/\/wp2.rinconeducativo.org\/wp-content\/uploads\/2015\/08\/ponencias2010_javier-ruiz1.jpg\" style=\"height:450px; width:600px\" width=\"842\" height=\"595\" srcset=\"https:\/\/rinconeducativo.org\/wp-content\/uploads\/2015\/08\/ponencias2010_javier-ruiz1.jpg 842w, https:\/\/rinconeducativo.org\/wp-content\/uploads\/2015\/08\/ponencias2010_javier-ruiz1-500x353.jpg 500w, https:\/\/rinconeducativo.org\/wp-content\/uploads\/2015\/08\/ponencias2010_javier-ruiz1-768x543.jpg 768w\" sizes=\"auto, (max-width: 842px) 100vw, 842px\" \/><\/a><\/p>\n","protected":false},"excerpt":{"rendered":"<p>Ponencia de Javier Ru\u00edz S\u00e1nchez-Porro<\/p>\n","protected":false},"author":1,"featured_media":9130,"template":"","meta":{"_acf_changed":false},"tags":[],"jornadas_edicion":[7038],"jornadas_tipo":[7049],"clasificacion_anterior":[],"class_list":["post-9132","re_jornada","type-re_jornada","status-publish","has-post-thumbnail","hentry","jornadas_edicion-2010-la-proteccion-del-medio-ambiente-en-la-gestion-de-las-centrales-nucleares","jornadas_tipo-ponencias"],"acf":[],"yoast_head":"<!-- This site is optimized with the Yoast SEO plugin v26.8 - https:\/\/yoast.com\/product\/yoast-seo-wordpress\/ -->\n<title>Aspectos de la clausura de las f\u00e1bricas de concentrados de uranio y de las explotaciones de minerales radiactivos - Rinc\u00f3n educativo<\/title>\n<meta name=\"robots\" content=\"index, follow, max-snippet:-1, max-image-preview:large, max-video-preview:-1\" \/>\n<link rel=\"canonical\" href=\"https:\/\/rinconeducativo.org\/es\/jornadas\/aspectos-de-la-clausura-de-las-fabricas-de-concentrados-de-uranio-y-de-las-explotaciones-de\/\" \/>\n<meta property=\"og:locale\" content=\"es_ES\" \/>\n<meta property=\"og:type\" content=\"article\" \/>\n<meta property=\"og:title\" content=\"Aspectos de la clausura de las f\u00e1bricas de concentrados de uranio y de las explotaciones de minerales radiactivos - Rinc\u00f3n educativo\" \/>\n<meta property=\"og:description\" content=\"Ponencia de Javier Ru\u00edz S\u00e1nchez-Porro\" \/>\n<meta property=\"og:url\" content=\"https:\/\/rinconeducativo.org\/es\/jornadas\/aspectos-de-la-clausura-de-las-fabricas-de-concentrados-de-uranio-y-de-las-explotaciones-de\/\" \/>\n<meta property=\"og:site_name\" content=\"Rinc\u00f3n educativo\" \/>\n<meta property=\"article:modified_time\" content=\"2025-01-09T11:52:50+00:00\" \/>\n<meta property=\"og:image\" content=\"https:\/\/rinconeducativo.org\/wp-content\/uploads\/2015\/08\/ponencias2010_javier-ruiz.jpg\" \/>\n\t<meta property=\"og:image:width\" content=\"514\" \/>\n\t<meta property=\"og:image:height\" content=\"352\" \/>\n\t<meta property=\"og:image:type\" content=\"image\/jpeg\" \/>\n<meta name=\"twitter:card\" content=\"summary_large_image\" \/>\n<script type=\"application\/ld+json\" class=\"yoast-schema-graph\">{\"@context\":\"https:\/\/schema.org\",\"@graph\":[{\"@type\":\"WebPage\",\"@id\":\"https:\/\/rinconeducativo.org\/es\/jornadas\/aspectos-de-la-clausura-de-las-fabricas-de-concentrados-de-uranio-y-de-las-explotaciones-de\/\",\"url\":\"https:\/\/rinconeducativo.org\/es\/jornadas\/aspectos-de-la-clausura-de-las-fabricas-de-concentrados-de-uranio-y-de-las-explotaciones-de\/\",\"name\":\"Aspectos de la clausura de las f\u00e1bricas de concentrados de uranio y de las explotaciones de minerales radiactivos - Rinc\u00f3n educativo\",\"isPartOf\":{\"@id\":\"https:\/\/rinconeducativo.org\/es\/#website\"},\"primaryImageOfPage\":{\"@id\":\"https:\/\/rinconeducativo.org\/es\/jornadas\/aspectos-de-la-clausura-de-las-fabricas-de-concentrados-de-uranio-y-de-las-explotaciones-de\/#primaryimage\"},\"image\":{\"@id\":\"https:\/\/rinconeducativo.org\/es\/jornadas\/aspectos-de-la-clausura-de-las-fabricas-de-concentrados-de-uranio-y-de-las-explotaciones-de\/#primaryimage\"},\"thumbnailUrl\":\"https:\/\/rinconeducativo.org\/wp-content\/uploads\/2015\/08\/ponencias2010_javier-ruiz.jpg\",\"datePublished\":\"2015-08-01T06:30:29+00:00\",\"dateModified\":\"2025-01-09T11:52:50+00:00\",\"breadcrumb\":{\"@id\":\"https:\/\/rinconeducativo.org\/es\/jornadas\/aspectos-de-la-clausura-de-las-fabricas-de-concentrados-de-uranio-y-de-las-explotaciones-de\/#breadcrumb\"},\"inLanguage\":\"es\",\"potentialAction\":[{\"@type\":\"ReadAction\",\"target\":[\"https:\/\/rinconeducativo.org\/es\/jornadas\/aspectos-de-la-clausura-de-las-fabricas-de-concentrados-de-uranio-y-de-las-explotaciones-de\/\"]}]},{\"@type\":\"ImageObject\",\"inLanguage\":\"es\",\"@id\":\"https:\/\/rinconeducativo.org\/es\/jornadas\/aspectos-de-la-clausura-de-las-fabricas-de-concentrados-de-uranio-y-de-las-explotaciones-de\/#primaryimage\",\"url\":\"https:\/\/rinconeducativo.org\/wp-content\/uploads\/2015\/08\/ponencias2010_javier-ruiz.jpg\",\"contentUrl\":\"https:\/\/rinconeducativo.org\/wp-content\/uploads\/2015\/08\/ponencias2010_javier-ruiz.jpg\",\"width\":514,\"height\":352,\"caption\":\"Aspectos de la clausura de las f\u00e1bricas de concentrados de uranio y de las explotaciones de minerales radiactivos\"},{\"@type\":\"BreadcrumbList\",\"@id\":\"https:\/\/rinconeducativo.org\/es\/jornadas\/aspectos-de-la-clausura-de-las-fabricas-de-concentrados-de-uranio-y-de-las-explotaciones-de\/#breadcrumb\",\"itemListElement\":[{\"@type\":\"ListItem\",\"position\":1,\"name\":\"Portada\",\"item\":\"https:\/\/rinconeducativo.org\/es\/\"},{\"@type\":\"ListItem\",\"position\":2,\"name\":\"Conferences\",\"item\":\"https:\/\/rinconeducativo.org\/en\/jornadas-en\/\"},{\"@type\":\"ListItem\",\"position\":3,\"name\":\"Aspectos de la clausura de las f\u00e1bricas de concentrados de uranio y de las explotaciones de minerales radiactivos\"}]},{\"@type\":\"WebSite\",\"@id\":\"https:\/\/rinconeducativo.org\/es\/#website\",\"url\":\"https:\/\/rinconeducativo.org\/es\/\",\"name\":\"Rinc\u00f3n educativo\",\"description\":\"Un proyecto del Foro Nuclear\",\"potentialAction\":[{\"@type\":\"SearchAction\",\"target\":{\"@type\":\"EntryPoint\",\"urlTemplate\":\"https:\/\/rinconeducativo.org\/es\/?s={search_term_string}\"},\"query-input\":{\"@type\":\"PropertyValueSpecification\",\"valueRequired\":true,\"valueName\":\"search_term_string\"}}],\"inLanguage\":\"es\"}]}<\/script>\n<!-- \/ Yoast SEO plugin. -->","yoast_head_json":{"title":"Aspectos de la clausura de las f\u00e1bricas de concentrados de uranio y de las explotaciones de minerales radiactivos - Rinc\u00f3n educativo","robots":{"index":"index","follow":"follow","max-snippet":"max-snippet:-1","max-image-preview":"max-image-preview:large","max-video-preview":"max-video-preview:-1"},"canonical":"https:\/\/rinconeducativo.org\/es\/jornadas\/aspectos-de-la-clausura-de-las-fabricas-de-concentrados-de-uranio-y-de-las-explotaciones-de\/","og_locale":"es_ES","og_type":"article","og_title":"Aspectos de la clausura de las f\u00e1bricas de concentrados de uranio y de las explotaciones de minerales radiactivos - Rinc\u00f3n educativo","og_description":"Ponencia de Javier Ru\u00edz S\u00e1nchez-Porro","og_url":"https:\/\/rinconeducativo.org\/es\/jornadas\/aspectos-de-la-clausura-de-las-fabricas-de-concentrados-de-uranio-y-de-las-explotaciones-de\/","og_site_name":"Rinc\u00f3n educativo","article_modified_time":"2025-01-09T11:52:50+00:00","og_image":[{"width":514,"height":352,"url":"https:\/\/rinconeducativo.org\/wp-content\/uploads\/2015\/08\/ponencias2010_javier-ruiz.jpg","type":"image\/jpeg"}],"twitter_card":"summary_large_image","schema":{"@context":"https:\/\/schema.org","@graph":[{"@type":"WebPage","@id":"https:\/\/rinconeducativo.org\/es\/jornadas\/aspectos-de-la-clausura-de-las-fabricas-de-concentrados-de-uranio-y-de-las-explotaciones-de\/","url":"https:\/\/rinconeducativo.org\/es\/jornadas\/aspectos-de-la-clausura-de-las-fabricas-de-concentrados-de-uranio-y-de-las-explotaciones-de\/","name":"Aspectos de la clausura de las f\u00e1bricas de concentrados de uranio y de las explotaciones de minerales radiactivos - Rinc\u00f3n educativo","isPartOf":{"@id":"https:\/\/rinconeducativo.org\/es\/#website"},"primaryImageOfPage":{"@id":"https:\/\/rinconeducativo.org\/es\/jornadas\/aspectos-de-la-clausura-de-las-fabricas-de-concentrados-de-uranio-y-de-las-explotaciones-de\/#primaryimage"},"image":{"@id":"https:\/\/rinconeducativo.org\/es\/jornadas\/aspectos-de-la-clausura-de-las-fabricas-de-concentrados-de-uranio-y-de-las-explotaciones-de\/#primaryimage"},"thumbnailUrl":"https:\/\/rinconeducativo.org\/wp-content\/uploads\/2015\/08\/ponencias2010_javier-ruiz.jpg","datePublished":"2015-08-01T06:30:29+00:00","dateModified":"2025-01-09T11:52:50+00:00","breadcrumb":{"@id":"https:\/\/rinconeducativo.org\/es\/jornadas\/aspectos-de-la-clausura-de-las-fabricas-de-concentrados-de-uranio-y-de-las-explotaciones-de\/#breadcrumb"},"inLanguage":"es","potentialAction":[{"@type":"ReadAction","target":["https:\/\/rinconeducativo.org\/es\/jornadas\/aspectos-de-la-clausura-de-las-fabricas-de-concentrados-de-uranio-y-de-las-explotaciones-de\/"]}]},{"@type":"ImageObject","inLanguage":"es","@id":"https:\/\/rinconeducativo.org\/es\/jornadas\/aspectos-de-la-clausura-de-las-fabricas-de-concentrados-de-uranio-y-de-las-explotaciones-de\/#primaryimage","url":"https:\/\/rinconeducativo.org\/wp-content\/uploads\/2015\/08\/ponencias2010_javier-ruiz.jpg","contentUrl":"https:\/\/rinconeducativo.org\/wp-content\/uploads\/2015\/08\/ponencias2010_javier-ruiz.jpg","width":514,"height":352,"caption":"Aspectos de la clausura de las f\u00e1bricas de concentrados de uranio y de las explotaciones de minerales radiactivos"},{"@type":"BreadcrumbList","@id":"https:\/\/rinconeducativo.org\/es\/jornadas\/aspectos-de-la-clausura-de-las-fabricas-de-concentrados-de-uranio-y-de-las-explotaciones-de\/#breadcrumb","itemListElement":[{"@type":"ListItem","position":1,"name":"Portada","item":"https:\/\/rinconeducativo.org\/es\/"},{"@type":"ListItem","position":2,"name":"Conferences","item":"https:\/\/rinconeducativo.org\/en\/jornadas-en\/"},{"@type":"ListItem","position":3,"name":"Aspectos de la clausura de las f\u00e1bricas de concentrados de uranio y de las explotaciones de minerales radiactivos"}]},{"@type":"WebSite","@id":"https:\/\/rinconeducativo.org\/es\/#website","url":"https:\/\/rinconeducativo.org\/es\/","name":"Rinc\u00f3n educativo","description":"Un proyecto del Foro Nuclear","potentialAction":[{"@type":"SearchAction","target":{"@type":"EntryPoint","urlTemplate":"https:\/\/rinconeducativo.org\/es\/?s={search_term_string}"},"query-input":{"@type":"PropertyValueSpecification","valueRequired":true,"valueName":"search_term_string"}}],"inLanguage":"es"}]}},"_links":{"self":[{"href":"https:\/\/rinconeducativo.org\/es\/wp-json\/wp\/v2\/re_jornada\/9132","targetHints":{"allow":["GET"]}}],"collection":[{"href":"https:\/\/rinconeducativo.org\/es\/wp-json\/wp\/v2\/re_jornada"}],"about":[{"href":"https:\/\/rinconeducativo.org\/es\/wp-json\/wp\/v2\/types\/re_jornada"}],"author":[{"embeddable":true,"href":"https:\/\/rinconeducativo.org\/es\/wp-json\/wp\/v2\/users\/1"}],"wp:featuredmedia":[{"embeddable":true,"href":"https:\/\/rinconeducativo.org\/es\/wp-json\/wp\/v2\/media\/9130"}],"wp:attachment":[{"href":"https:\/\/rinconeducativo.org\/es\/wp-json\/wp\/v2\/media?parent=9132"}],"wp:term":[{"taxonomy":"post_tag","embeddable":true,"href":"https:\/\/rinconeducativo.org\/es\/wp-json\/wp\/v2\/tags?post=9132"},{"taxonomy":"jornadas_edicion","embeddable":true,"href":"https:\/\/rinconeducativo.org\/es\/wp-json\/wp\/v2\/jornadas_edicion?post=9132"},{"taxonomy":"jornadas_tipo","embeddable":true,"href":"https:\/\/rinconeducativo.org\/es\/wp-json\/wp\/v2\/jornadas_tipo?post=9132"},{"taxonomy":"clasificacion_anterior","embeddable":true,"href":"https:\/\/rinconeducativo.org\/es\/wp-json\/wp\/v2\/clasificacion_anterior?post=9132"}],"curies":[{"name":"wp","href":"https:\/\/api.w.org\/{rel}","templated":true}]}}

Aspectos de la clausura de las fábricas de concentrados de uranio y de las explotaciones de minerales radiactivos

<h2>Ponencia de Javier Ruíz Sánchez-Porro</h2>
<p><a href="http://rinconeducativo.org/contenidoextra/jornadas2010/ponencias2010_javier-ruiz.pdf"><img loading="lazy" decoding="async" class=" size-full wp-image-9131" alt="" src="https://wp2.rinconeducativo.org/wp-content/uploads/2015/08/ponencias2010_javier-ruiz1.jpg" style="height:450px; width:600px" width="842" height="595" srcset="https://rinconeducativo.org/wp-content/uploads/2015/08/ponencias2010_javier-ruiz1.jpg 842w, https://rinconeducativo.org/wp-content/uploads/2015/08/ponencias2010_javier-ruiz1-500x353.jpg 500w, https://rinconeducativo.org/wp-content/uploads/2015/08/ponencias2010_javier-ruiz1-768x543.jpg 768w" sizes="auto, (max-width: 842px) 100vw, 842px" /></a></p>

<p>Ponencia de Javier Ruíz Sánchez-Porro</p>

<!-- This site is optimized with the Yoast SEO plugin v26.8 - https://yoast.com/product/yoast-seo-wordpress/ -->
<title>Aspectos de la clausura de las fábricas de concentrados de uranio y de las explotaciones de minerales radiactivos - Rincón educativo</title>
<meta name="robots" content="index, follow, max-snippet:-1, max-image-preview:large, max-video-preview:-1" />
<link rel="canonical" href="https://rinconeducativo.org/es/jornadas/aspectos-de-la-clausura-de-las-fabricas-de-concentrados-de-uranio-y-de-las-explotaciones-de/" />
<meta property="og:locale" content="es_ES" />
<meta property="og:type" content="article" />
<meta property="og:title" content="Aspectos de la clausura de las fábricas de concentrados de uranio y de las explotaciones de minerales radiactivos - Rincón educativo" />
<meta property="og:description" content="Ponencia de Javier Ruíz Sánchez-Porro" />
<meta property="og:url" content="https://rinconeducativo.org/es/jornadas/aspectos-de-la-clausura-de-las-fabricas-de-concentrados-de-uranio-y-de-las-explotaciones-de/" />
<meta property="og:site_name" content="Rincón educativo" />
<meta property="article:modified_time" content="2025-01-09T11:52:50+00:00" />
<meta property="og:image" content="https://rinconeducativo.org/wp-content/uploads/2015/08/ponencias2010_javier-ruiz.jpg" />
	<meta property="og:image:width" content="514" />
	<meta property="og:image:height" content="352" />
	<meta property="og:image:type" content="image/jpeg" />
<meta name="twitter:card" content="summary_large_image" />
<script type="application/ld+json" class="yoast-schema-graph">{"@context":"https://schema.org","@graph":[{"@type":"WebPage","@id":"https://rinconeducativo.org/es/jornadas/aspectos-de-la-clausura-de-las-fabricas-de-concentrados-de-uranio-y-de-las-explotaciones-de/","url":"https://rinconeducativo.org/es/jornadas/aspectos-de-la-clausura-de-las-fabricas-de-concentrados-de-uranio-y-de-las-explotaciones-de/","name":"Aspectos de la clausura de las fábricas de concentrados de uranio y de las explotaciones de minerales radiactivos - Rincón educativo","isPartOf":{"@id":"https://rinconeducativo.org/es/#website"},"primaryImageOfPage":{"@id":"https://rinconeducativo.org/es/jornadas/aspectos-de-la-clausura-de-las-fabricas-de-concentrados-de-uranio-y-de-las-explotaciones-de/#primaryimage"},"image":{"@id":"https://rinconeducativo.org/es/jornadas/aspectos-de-la-clausura-de-las-fabricas-de-concentrados-de-uranio-y-de-las-explotaciones-de/#primaryimage"},"thumbnailUrl":"https://rinconeducativo.org/wp-content/uploads/2015/08/ponencias2010_javier-ruiz.jpg","datePublished":"2015-08-01T06:30:29+00:00","dateModified":"2025-01-09T11:52:50+00:00","breadcrumb":{"@id":"https://rinconeducativo.org/es/jornadas/aspectos-de-la-clausura-de-las-fabricas-de-concentrados-de-uranio-y-de-las-explotaciones-de/#breadcrumb"},"inLanguage":"es","potentialAction":[{"@type":"ReadAction","target":["https://rinconeducativo.org/es/jornadas/aspectos-de-la-clausura-de-las-fabricas-de-concentrados-de-uranio-y-de-las-explotaciones-de/"]}]},{"@type":"ImageObject","inLanguage":"es","@id":"https://rinconeducativo.org/es/jornadas/aspectos-de-la-clausura-de-las-fabricas-de-concentrados-de-uranio-y-de-las-explotaciones-de/#primaryimage","url":"https://rinconeducativo.org/wp-content/uploads/2015/08/ponencias2010_javier-ruiz.jpg","contentUrl":"https://rinconeducativo.org/wp-content/uploads/2015/08/ponencias2010_javier-ruiz.jpg","width":514,"height":352,"caption":"Aspectos de la clausura de las fábricas de concentrados de uranio y de las explotaciones de minerales radiactivos"},{"@type":"BreadcrumbList","@id":"https://rinconeducativo.org/es/jornadas/aspectos-de-la-clausura-de-las-fabricas-de-concentrados-de-uranio-y-de-las-explotaciones-de/#breadcrumb","itemListElement":[{"@type":"ListItem","position":1,"name":"Portada","item":"https://rinconeducativo.org/es/"},{"@type":"ListItem","position":2,"name":"Conferences","item":"https://rinconeducativo.org/en/jornadas-en/"},{"@type":"ListItem","position":3,"name":"Aspectos de la clausura de las fábricas de concentrados de uranio y de las explotaciones de minerales radiactivos"}]},{"@type":"WebSite","@id":"https://rinconeducativo.org/es/#website","url":"https://rinconeducativo.org/es/","name":"Rincón educativo","description":"Un proyecto del Foro Nuclear","potentialAction":[{"@type":"SearchAction","target":{"@type":"EntryPoint","urlTemplate":"https://rinconeducativo.org/es/?s={search_term_string}"},"query-input":{"@type":"PropertyValueSpecification","valueRequired":true,"valueName":"search_term_string"}}],"inLanguage":"es"}]}</script>
<!-- / Yoast SEO plugin. -->

Aspectos de la clausura de las fábricas de concentrados de uranio y de las explotaciones de minerales radiactivos - Rincón educativo

Ponencia de Javier Ruíz Sánchez-Porro

Rincón educativo
