{"id":7954,"date":"2020-07-14T06:59:31","date_gmt":"2020-07-14T06:59:31","guid":{"rendered":"https:\/\/wp.rinconeducativo.org\/?event=14-de-julio-de-1811-amedeo-avogadro-publica-la-ley-que-lleva-su-nombre"},"modified":"2025-07-10T11:31:50","modified_gmt":"2025-07-10T09:31:50","slug":"14-julio-1811-amedeo-avogadro-publica-ley-lleva-su-nombre","status":"publish","type":"re_efemeride","link":"https:\/\/rinconeducativo.org\/es\/efemerides\/14-julio-1811-amedeo-avogadro-publica-ley-lleva-su-nombre\/","title":{"rendered":"14 de julio de 1811 - Amedeo Avogadro publica la ley que lleva su nombre"},"content":{"rendered":"\n<p>El gran f\u00edsico y qu\u00edmico italiano Lorenzo Romano Amedeo Carlo Avogadro Bocado, conde de Quaregna y Cerreto, publica la ley que lleva su nombre y por la que se ha hecho c\u00e9lebre.<\/p>\n\n\n\n<p>Se apoy\u00f3 en la teor\u00eda at\u00f3mica de <a href=\"https:\/\/rinconeducativo.org\/es\/recursos-educativos\/john-dalton-cientifico-multidisciplinar-que-sento-las-bases-de-la-quimica\">John Dalton<\/a>&nbsp;y en la ley de Gay-Lussac sobre los vectores de movimiento en la mol\u00e9cula.<\/p>\n\n\n\n<p>La y dice as\u00ed:<\/p>\n\n\n\n<p>\"<em>Volumini uguali di diversi, alla stessa temperatura e pressione, contengono lo stesso numero di molecole<\/em>\" (\"Vol\u00famenes iguales de gases diferentes en las mismas condiciones de presi\u00f3n y temperatura, contienen el mismo n\u00famero de mol\u00e9culas\")<\/p>\n\n\n\n<p>En 1811, env\u00eda una memoria con el desarrollo de esta teor\u00eda al \"<em>Journal de Physicque, de Chimie et d'Histoire naturelle<\/em>\" con el t\u00edtulo \"<em>Essai d'une mani\u00e8re de d\u00e9terminer les masses relatives des moelcules \u00e9l\u00e9mentaires des corps, et les proportions selon lesquelles elles entrent dans ces combinaisons<\/em>\" (Ensayo de una manera de determinar las masas relativas de las mol\u00e9culas elementales de los cuerpos, y las proporciones seg\u00fan las cuales entran en estas combinaciones).<\/p>\n\n\n<div class=\"wp-block-image\">\n<figure class=\"alignleft size-full\"><img loading=\"lazy\" decoding=\"async\" width=\"258\" height=\"195\" src=\"https:\/\/rinconeducativo.org\/wp-content\/uploads\/2022\/09\/numero_Avogadro_2.jpg\" alt=\"\" class=\"wp-image-18406\"\/><figcaption class=\"wp-element-caption\">Constante de Avogadro<\/figcaption><\/figure>\n<\/div>\n\n\n<p>El reto m\u00e1s importante que tuvo que superar estaba relacionado con la confusi\u00f3n que exist\u00eda en aquella \u00e9poca entre \u00e1tomos y mol\u00e9culas. Una de sus mayores contribuciones fue clarifiacar la distinci\u00f3n entre ambos conceptos, admitiendo que las mol\u00e9culas pueden estar constituidas por \u00e1tomos iguales (diferencia que no establec\u00eda Dalton, por ejemplo). A decir verdad, nucna us\u00f3 la palabra \u00e1tomo en sus trabajos porque en aquellos tiempos se utilizaban los t\u00e9rminos \u00e1tomo y mol\u00e9cula indistintamente, pero consideraba que hab\u00eda tres tipos de mol\u00e9cuas, de las cuales una era una mol\u00e9cula elemental (lo que nosotros llamamos \u00e1tomo).<\/p>\n\n\n\n<p>Tambi\u00e9n diferenci\u00f3 entre los t\u00e9rminos masa y peso.<\/p>\n\n\n\n<p>M\u00e1s tarde, en 1814,&nbsp;public\u00f3 \"<em>M\u00e9moire sur les masses relatives des mol\u00e9cules des corps simples, ou densit\u00e9s pr\u00e9sum\u00e9es de leur gaz, et sur la constitution de quelques-uns de leur compos\u00e9s, pour servir de suite \u00e0 l'Essai sur le m\u00eame sujet\"<\/em>&nbsp;(Memoria sobre las masas relativas de las mol\u00e9culas de los cuerpos simples, o densidades esperadas de su gas, y sobre la constituci\u00f3n de algunos de sus compuestos, para servir seguidamente como ensayo sobre el mismo sujeto) que versaba sobre la densidad&nbsp;de los gases.<\/p>\n\n\n\n<p>Si quieres saber m\u00e1s sobre este cient\u00edfico, haz clic en: <a href=\"https:\/\/rinconeducativo.org\/es\/recursos-educativos\/amedeo-avogadro-conocido-por-promulgar-la-ley-que-lleva-su-nombre\">Amedeo Avogadro<\/a><\/p>\n","protected":false},"excerpt":{"rendered":"<p>14 de julio de 1811 - Amedeo Avogadro publica la ley que lleva su nombre<\/p>\n","protected":false},"author":1088,"featured_media":18406,"template":"","meta":{"_acf_changed":false,"footnotes":""},"tags":[6255,6071],"mes":[7120],"clasificacion_anterior":[],"class_list":["post-7954","re_efemeride","type-re_efemeride","status-publish","has-post-thumbnail","hentry","tag-atomos","tag-tabla-periodica","mes-julio"],"acf":{"fecha":"18110714"},"yoast_head":"<!-- This site is optimized with the Yoast SEO plugin v26.8 - https:\/\/yoast.com\/product\/yoast-seo-wordpress\/ -->\n<title>14 de julio de 1811 - Amedeo Avogadro publica la ley que lleva su nombre - Rinc\u00f3n educativo<\/title>\n<meta name=\"robots\" content=\"index, follow, max-snippet:-1, max-image-preview:large, max-video-preview:-1\" \/>\n<link rel=\"canonical\" href=\"https:\/\/rinconeducativo.org\/es\/efemerides\/14-julio-1811-amedeo-avogadro-publica-ley-lleva-su-nombre\/\" \/>\n<meta property=\"og:locale\" content=\"es_ES\" \/>\n<meta property=\"og:type\" content=\"article\" \/>\n<meta property=\"og:title\" content=\"14 de julio de 1811 - Amedeo Avogadro publica la ley que lleva su nombre - Rinc\u00f3n educativo\" \/>\n<meta property=\"og:description\" content=\"14 de julio de 1811 - Amedeo Avogadro publica la ley que lleva su nombre\" \/>\n<meta property=\"og:url\" content=\"https:\/\/rinconeducativo.org\/es\/efemerides\/14-julio-1811-amedeo-avogadro-publica-ley-lleva-su-nombre\/\" \/>\n<meta property=\"og:site_name\" content=\"Rinc\u00f3n educativo\" \/>\n<meta property=\"article:modified_time\" content=\"2025-07-10T09:31:50+00:00\" \/>\n<meta property=\"og:image\" content=\"https:\/\/rinconeducativo.org\/wp-content\/uploads\/2022\/09\/numero_Avogadro_2.jpg\" \/>\n\t<meta property=\"og:image:width\" content=\"258\" \/>\n\t<meta property=\"og:image:height\" content=\"195\" \/>\n\t<meta property=\"og:image:type\" content=\"image\/jpeg\" \/>\n<meta name=\"twitter:card\" content=\"summary_large_image\" \/>\n<script type=\"application\/ld+json\" class=\"yoast-schema-graph\">{\"@context\":\"https:\/\/schema.org\",\"@graph\":[{\"@type\":\"WebPage\",\"@id\":\"https:\/\/rinconeducativo.org\/es\/efemerides\/14-julio-1811-amedeo-avogadro-publica-ley-lleva-su-nombre\/\",\"url\":\"https:\/\/rinconeducativo.org\/es\/efemerides\/14-julio-1811-amedeo-avogadro-publica-ley-lleva-su-nombre\/\",\"name\":\"14 de julio de 1811 - Amedeo Avogadro publica la ley que lleva su nombre - Rinc\u00f3n educativo\",\"isPartOf\":{\"@id\":\"https:\/\/rinconeducativo.org\/es\/#website\"},\"primaryImageOfPage\":{\"@id\":\"https:\/\/rinconeducativo.org\/es\/efemerides\/14-julio-1811-amedeo-avogadro-publica-ley-lleva-su-nombre\/#primaryimage\"},\"image\":{\"@id\":\"https:\/\/rinconeducativo.org\/es\/efemerides\/14-julio-1811-amedeo-avogadro-publica-ley-lleva-su-nombre\/#primaryimage\"},\"thumbnailUrl\":\"https:\/\/rinconeducativo.org\/wp-content\/uploads\/2022\/09\/numero_Avogadro_2.jpg\",\"datePublished\":\"2020-07-14T06:59:31+00:00\",\"dateModified\":\"2025-07-10T09:31:50+00:00\",\"breadcrumb\":{\"@id\":\"https:\/\/rinconeducativo.org\/es\/efemerides\/14-julio-1811-amedeo-avogadro-publica-ley-lleva-su-nombre\/#breadcrumb\"},\"inLanguage\":\"es\",\"potentialAction\":[{\"@type\":\"ReadAction\",\"target\":[\"https:\/\/rinconeducativo.org\/es\/efemerides\/14-julio-1811-amedeo-avogadro-publica-ley-lleva-su-nombre\/\"]}]},{\"@type\":\"ImageObject\",\"inLanguage\":\"es\",\"@id\":\"https:\/\/rinconeducativo.org\/es\/efemerides\/14-julio-1811-amedeo-avogadro-publica-ley-lleva-su-nombre\/#primaryimage\",\"url\":\"https:\/\/rinconeducativo.org\/wp-content\/uploads\/2022\/09\/numero_Avogadro_2.jpg\",\"contentUrl\":\"https:\/\/rinconeducativo.org\/wp-content\/uploads\/2022\/09\/numero_Avogadro_2.jpg\",\"width\":258,\"height\":195},{\"@type\":\"BreadcrumbList\",\"@id\":\"https:\/\/rinconeducativo.org\/es\/efemerides\/14-julio-1811-amedeo-avogadro-publica-ley-lleva-su-nombre\/#breadcrumb\",\"itemListElement\":[{\"@type\":\"ListItem\",\"position\":1,\"name\":\"Portada\",\"item\":\"https:\/\/rinconeducativo.org\/es\/\"},{\"@type\":\"ListItem\",\"position\":2,\"name\":\"Efem\u00e9rides\",\"item\":\"https:\/\/rinconeducativo.org\/es\/efemerides\/\"},{\"@type\":\"ListItem\",\"position\":3,\"name\":\"14 de julio de 1811 - Amedeo Avogadro publica la ley que lleva su nombre\"}]},{\"@type\":\"WebSite\",\"@id\":\"https:\/\/rinconeducativo.org\/es\/#website\",\"url\":\"https:\/\/rinconeducativo.org\/es\/\",\"name\":\"Rinc\u00f3n educativo\",\"description\":\"Un proyecto del Foro Nuclear\",\"potentialAction\":[{\"@type\":\"SearchAction\",\"target\":{\"@type\":\"EntryPoint\",\"urlTemplate\":\"https:\/\/rinconeducativo.org\/es\/?s={search_term_string}\"},\"query-input\":{\"@type\":\"PropertyValueSpecification\",\"valueRequired\":true,\"valueName\":\"search_term_string\"}}],\"inLanguage\":\"es\"}]}<\/script>\n<!-- \/ Yoast SEO plugin. -->","yoast_head_json":{"title":"14 de julio de 1811 - Amedeo Avogadro publica la ley que lleva su nombre - Rinc\u00f3n educativo","robots":{"index":"index","follow":"follow","max-snippet":"max-snippet:-1","max-image-preview":"max-image-preview:large","max-video-preview":"max-video-preview:-1"},"canonical":"https:\/\/rinconeducativo.org\/es\/efemerides\/14-julio-1811-amedeo-avogadro-publica-ley-lleva-su-nombre\/","og_locale":"es_ES","og_type":"article","og_title":"14 de julio de 1811 - Amedeo Avogadro publica la ley que lleva su nombre - Rinc\u00f3n educativo","og_description":"14 de julio de 1811 - Amedeo Avogadro publica la ley que lleva su nombre","og_url":"https:\/\/rinconeducativo.org\/es\/efemerides\/14-julio-1811-amedeo-avogadro-publica-ley-lleva-su-nombre\/","og_site_name":"Rinc\u00f3n educativo","article_modified_time":"2025-07-10T09:31:50+00:00","og_image":[{"width":258,"height":195,"url":"https:\/\/rinconeducativo.org\/wp-content\/uploads\/2022\/09\/numero_Avogadro_2.jpg","type":"image\/jpeg"}],"twitter_card":"summary_large_image","schema":{"@context":"https:\/\/schema.org","@graph":[{"@type":"WebPage","@id":"https:\/\/rinconeducativo.org\/es\/efemerides\/14-julio-1811-amedeo-avogadro-publica-ley-lleva-su-nombre\/","url":"https:\/\/rinconeducativo.org\/es\/efemerides\/14-julio-1811-amedeo-avogadro-publica-ley-lleva-su-nombre\/","name":"14 de julio de 1811 - Amedeo Avogadro publica la ley que lleva su nombre - Rinc\u00f3n educativo","isPartOf":{"@id":"https:\/\/rinconeducativo.org\/es\/#website"},"primaryImageOfPage":{"@id":"https:\/\/rinconeducativo.org\/es\/efemerides\/14-julio-1811-amedeo-avogadro-publica-ley-lleva-su-nombre\/#primaryimage"},"image":{"@id":"https:\/\/rinconeducativo.org\/es\/efemerides\/14-julio-1811-amedeo-avogadro-publica-ley-lleva-su-nombre\/#primaryimage"},"thumbnailUrl":"https:\/\/rinconeducativo.org\/wp-content\/uploads\/2022\/09\/numero_Avogadro_2.jpg","datePublished":"2020-07-14T06:59:31+00:00","dateModified":"2025-07-10T09:31:50+00:00","breadcrumb":{"@id":"https:\/\/rinconeducativo.org\/es\/efemerides\/14-julio-1811-amedeo-avogadro-publica-ley-lleva-su-nombre\/#breadcrumb"},"inLanguage":"es","potentialAction":[{"@type":"ReadAction","target":["https:\/\/rinconeducativo.org\/es\/efemerides\/14-julio-1811-amedeo-avogadro-publica-ley-lleva-su-nombre\/"]}]},{"@type":"ImageObject","inLanguage":"es","@id":"https:\/\/rinconeducativo.org\/es\/efemerides\/14-julio-1811-amedeo-avogadro-publica-ley-lleva-su-nombre\/#primaryimage","url":"https:\/\/rinconeducativo.org\/wp-content\/uploads\/2022\/09\/numero_Avogadro_2.jpg","contentUrl":"https:\/\/rinconeducativo.org\/wp-content\/uploads\/2022\/09\/numero_Avogadro_2.jpg","width":258,"height":195},{"@type":"BreadcrumbList","@id":"https:\/\/rinconeducativo.org\/es\/efemerides\/14-julio-1811-amedeo-avogadro-publica-ley-lleva-su-nombre\/#breadcrumb","itemListElement":[{"@type":"ListItem","position":1,"name":"Portada","item":"https:\/\/rinconeducativo.org\/es\/"},{"@type":"ListItem","position":2,"name":"Efem\u00e9rides","item":"https:\/\/rinconeducativo.org\/es\/efemerides\/"},{"@type":"ListItem","position":3,"name":"14 de julio de 1811 - Amedeo Avogadro publica la ley que lleva su nombre"}]},{"@type":"WebSite","@id":"https:\/\/rinconeducativo.org\/es\/#website","url":"https:\/\/rinconeducativo.org\/es\/","name":"Rinc\u00f3n educativo","description":"Un proyecto del Foro Nuclear","potentialAction":[{"@type":"SearchAction","target":{"@type":"EntryPoint","urlTemplate":"https:\/\/rinconeducativo.org\/es\/?s={search_term_string}"},"query-input":{"@type":"PropertyValueSpecification","valueRequired":true,"valueName":"search_term_string"}}],"inLanguage":"es"}]}},"_links":{"self":[{"href":"https:\/\/rinconeducativo.org\/es\/wp-json\/wp\/v2\/re_efemeride\/7954","targetHints":{"allow":["GET"]}}],"collection":[{"href":"https:\/\/rinconeducativo.org\/es\/wp-json\/wp\/v2\/re_efemeride"}],"about":[{"href":"https:\/\/rinconeducativo.org\/es\/wp-json\/wp\/v2\/types\/re_efemeride"}],"author":[{"embeddable":true,"href":"https:\/\/rinconeducativo.org\/es\/wp-json\/wp\/v2\/users\/1088"}],"version-history":[{"count":1,"href":"https:\/\/rinconeducativo.org\/es\/wp-json\/wp\/v2\/re_efemeride\/7954\/revisions"}],"predecessor-version":[{"id":33614,"href":"https:\/\/rinconeducativo.org\/es\/wp-json\/wp\/v2\/re_efemeride\/7954\/revisions\/33614"}],"wp:featuredmedia":[{"embeddable":true,"href":"https:\/\/rinconeducativo.org\/es\/wp-json\/wp\/v2\/media\/18406"}],"wp:attachment":[{"href":"https:\/\/rinconeducativo.org\/es\/wp-json\/wp\/v2\/media?parent=7954"}],"wp:term":[{"taxonomy":"post_tag","embeddable":true,"href":"https:\/\/rinconeducativo.org\/es\/wp-json\/wp\/v2\/tags?post=7954"},{"taxonomy":"mes","embeddable":true,"href":"https:\/\/rinconeducativo.org\/es\/wp-json\/wp\/v2\/mes?post=7954"},{"taxonomy":"clasificacion_anterior","embeddable":true,"href":"https:\/\/rinconeducativo.org\/es\/wp-json\/wp\/v2\/clasificacion_anterior?post=7954"}],"curies":[{"name":"wp","href":"https:\/\/api.w.org\/{rel}","templated":true}]}}

<p>El gran físico y químico italiano Lorenzo Romano Amedeo Carlo Avogadro Bocado, conde de Quaregna y Cerreto, publica la ley que lleva su nombre y por la que se ha hecho célebre.</p>



<p>Se apoyó en la teoría atómica de <a href="https://rinconeducativo.org/es/recursos-educativos/john-dalton-cientifico-multidisciplinar-que-sento-las-bases-de-la-quimica">John Dalton</a>&nbsp;y en la ley de Gay-Lussac sobre los vectores de movimiento en la molécula.</p>



<p>La y dice así:</p>



<p>"<em>Volumini uguali di diversi, alla stessa temperatura e pressione, contengono lo stesso numero di molecole</em>" ("Volúmenes iguales de gases diferentes en las mismas condiciones de presión y temperatura, contienen el mismo número de moléculas")</p>



<p>En 1811, envía una memoria con el desarrollo de esta teoría al "<em>Journal de Physicque, de Chimie et d'Histoire naturelle</em>" con el título "<em>Essai d'une manière de déterminer les masses relatives des moelcules élémentaires des corps, et les proportions selon lesquelles elles entrent dans ces combinaisons</em>" (Ensayo de una manera de determinar las masas relativas de las moléculas elementales de los cuerpos, y las proporciones según las cuales entran en estas combinaciones).</p>


<div class="wp-block-image">
<figure class="alignleft size-full"><img loading="lazy" decoding="async" width="258" height="195" src="https://rinconeducativo.org/wp-content/uploads/2022/09/numero_Avogadro_2.jpg" alt="" class="wp-image-18406"/><figcaption class="wp-element-caption">Constante de Avogadro</figcaption></figure>
</div>


<p>El reto más importante que tuvo que superar estaba relacionado con la confusión que existía en aquella época entre átomos y moléculas. Una de sus mayores contribuciones fue clarifiacar la distinción entre ambos conceptos, admitiendo que las moléculas pueden estar constituidas por átomos iguales (diferencia que no establecía Dalton, por ejemplo). A decir verdad, nucna usó la palabra átomo en sus trabajos porque en aquellos tiempos se utilizaban los términos átomo y molécula indistintamente, pero consideraba que había tres tipos de molécuas, de las cuales una era una molécula elemental (lo que nosotros llamamos átomo).</p>



<p>También diferenció entre los términos masa y peso.</p>



<p>Más tarde, en 1814,&nbsp;publicó "<em>Mémoire sur les masses relatives des molécules des corps simples, ou densités présumées de leur gaz, et sur la constitution de quelques-uns de leur composés, pour servir de suite à l'Essai sur le même sujet"</em>&nbsp;(Memoria sobre las masas relativas de las moléculas de los cuerpos simples, o densidades esperadas de su gas, y sobre la constitución de algunos de sus compuestos, para servir seguidamente como ensayo sobre el mismo sujeto) que versaba sobre la densidad&nbsp;de los gases.</p>



<p>Si quieres saber más sobre este científico, haz clic en: <a href="https://rinconeducativo.org/es/recursos-educativos/amedeo-avogadro-conocido-por-promulgar-la-ley-que-lleva-su-nombre">Amedeo Avogadro</a></p>

<!-- This site is optimized with the Yoast SEO plugin v26.8 - https://yoast.com/product/yoast-seo-wordpress/ -->
<title>14 de julio de 1811 - Amedeo Avogadro publica la ley que lleva su nombre - Rincón educativo</title>
<meta name="robots" content="index, follow, max-snippet:-1, max-image-preview:large, max-video-preview:-1" />
<link rel="canonical" href="https://rinconeducativo.org/es/efemerides/14-julio-1811-amedeo-avogadro-publica-ley-lleva-su-nombre/" />
<meta property="og:locale" content="es_ES" />
<meta property="og:type" content="article" />
<meta property="og:title" content="14 de julio de 1811 - Amedeo Avogadro publica la ley que lleva su nombre - Rincón educativo" />
<meta property="og:description" content="14 de julio de 1811 - Amedeo Avogadro publica la ley que lleva su nombre" />
<meta property="og:url" content="https://rinconeducativo.org/es/efemerides/14-julio-1811-amedeo-avogadro-publica-ley-lleva-su-nombre/" />
<meta property="og:site_name" content="Rincón educativo" />
<meta property="article:modified_time" content="2025-07-10T09:31:50+00:00" />
<meta property="og:image" content="https://rinconeducativo.org/wp-content/uploads/2022/09/numero_Avogadro_2.jpg" />
	<meta property="og:image:width" content="258" />
	<meta property="og:image:height" content="195" />
	<meta property="og:image:type" content="image/jpeg" />
<meta name="twitter:card" content="summary_large_image" />
<script type="application/ld+json" class="yoast-schema-graph">{"@context":"https://schema.org","@graph":[{"@type":"WebPage","@id":"https://rinconeducativo.org/es/efemerides/14-julio-1811-amedeo-avogadro-publica-ley-lleva-su-nombre/","url":"https://rinconeducativo.org/es/efemerides/14-julio-1811-amedeo-avogadro-publica-ley-lleva-su-nombre/","name":"14 de julio de 1811 - Amedeo Avogadro publica la ley que lleva su nombre - Rincón educativo","isPartOf":{"@id":"https://rinconeducativo.org/es/#website"},"primaryImageOfPage":{"@id":"https://rinconeducativo.org/es/efemerides/14-julio-1811-amedeo-avogadro-publica-ley-lleva-su-nombre/#primaryimage"},"image":{"@id":"https://rinconeducativo.org/es/efemerides/14-julio-1811-amedeo-avogadro-publica-ley-lleva-su-nombre/#primaryimage"},"thumbnailUrl":"https://rinconeducativo.org/wp-content/uploads/2022/09/numero_Avogadro_2.jpg","datePublished":"2020-07-14T06:59:31+00:00","dateModified":"2025-07-10T09:31:50+00:00","breadcrumb":{"@id":"https://rinconeducativo.org/es/efemerides/14-julio-1811-amedeo-avogadro-publica-ley-lleva-su-nombre/#breadcrumb"},"inLanguage":"es","potentialAction":[{"@type":"ReadAction","target":["https://rinconeducativo.org/es/efemerides/14-julio-1811-amedeo-avogadro-publica-ley-lleva-su-nombre/"]}]},{"@type":"ImageObject","inLanguage":"es","@id":"https://rinconeducativo.org/es/efemerides/14-julio-1811-amedeo-avogadro-publica-ley-lleva-su-nombre/#primaryimage","url":"https://rinconeducativo.org/wp-content/uploads/2022/09/numero_Avogadro_2.jpg","contentUrl":"https://rinconeducativo.org/wp-content/uploads/2022/09/numero_Avogadro_2.jpg","width":258,"height":195},{"@type":"BreadcrumbList","@id":"https://rinconeducativo.org/es/efemerides/14-julio-1811-amedeo-avogadro-publica-ley-lleva-su-nombre/#breadcrumb","itemListElement":[{"@type":"ListItem","position":1,"name":"Portada","item":"https://rinconeducativo.org/es/"},{"@type":"ListItem","position":2,"name":"Efemérides","item":"https://rinconeducativo.org/es/efemerides/"},{"@type":"ListItem","position":3,"name":"14 de julio de 1811 - Amedeo Avogadro publica la ley que lleva su nombre"}]},{"@type":"WebSite","@id":"https://rinconeducativo.org/es/#website","url":"https://rinconeducativo.org/es/","name":"Rincón educativo","description":"Un proyecto del Foro Nuclear","potentialAction":[{"@type":"SearchAction","target":{"@type":"EntryPoint","urlTemplate":"https://rinconeducativo.org/es/?s={search_term_string}"},"query-input":{"@type":"PropertyValueSpecification","valueRequired":true,"valueName":"search_term_string"}}],"inLanguage":"es"}]}</script>
<!-- / Yoast SEO plugin. -->

14 de julio de 1811 - Amedeo Avogadro publica la ley que lleva su nombre - Rincón educativo

Rincón educativo

Efemérides
