{"id":7917,"date":"2020-07-05T10:13:43","date_gmt":"2020-07-05T10:13:43","guid":{"rendered":"https:\/\/wp.rinconeducativo.org\/?event=5-de-julio-de-1795-fallece-antonio-de-ulloa-y-de-la-torre-giralt-descubridor-del-platino"},"modified":"2024-12-19T12:06:52","modified_gmt":"2024-12-19T11:06:52","slug":"5-julio-1795-fallece-antonio-de-ulloa-de-la-torre-giralt-descubridor-platino","status":"publish","type":"re_efemeride","link":"https:\/\/rinconeducativo.org\/es\/efemerides\/5-julio-1795-fallece-antonio-de-ulloa-de-la-torre-giralt-descubridor-platino\/","title":{"rendered":"5 de julio de 1795 \u2013 Fallece Antonio de Ulloa y de la Torre-Giralt, descubridor del platino"},"content":{"rendered":"<div class=\"wp-block-image wp-image-7392\">\n<figure class=\"alignleft size-full is-resized\"><img loading=\"lazy\" decoding=\"async\" src=\"https:\/\/rinconeducativo.org\/wp-content\/uploads\/2022\/09\/Platino.jpg\" alt=\"\" class=\"wp-image-18397\" width=\"342\" height=\"204\" srcset=\"https:\/\/rinconeducativo.org\/wp-content\/uploads\/2022\/09\/Platino.jpg 570w, https:\/\/rinconeducativo.org\/wp-content\/uploads\/2022\/09\/Platino-500x298.jpg 500w\" sizes=\"auto, (max-width: 342px) 100vw, 342px\" \/><\/figure>\n<\/div>\n\n\n<p>Cient\u00edfico, militar y marino espa\u00f1ol que durante un viaje a Ecuador descubri\u00f3 en las minas de oro de r\u00edo Pinto de Per\u00fa, un nuevo mineral al que llam\u00f3 \u201cPlatina de Pinto\u201d por su semejanza a la plata y por haberlo encontrado en ese r\u00edo. Sin embargo, con el tiempo se qued\u00f3 con el nombre de platino. Antonio de Ulloa fue el primero en realizar un riguroso an\u00e1lisis y descripci\u00f3n de este elemento con el n\u00famero at\u00f3mico 78 de la tabla peri\u00f3dica.<\/p>\n\n\n\n<p>De regreso a Espa\u00f1a fue apresado por los ingleses y llevado a Inglaterra. Aprovech\u00f3 su estancia all\u00ed para completar sus conocimientos y publicar algunos estudios sobre el nuevo mineral.<\/p>\n\n\n\n<p>Mientras tanto, en 1741, Charles Wood llev\u00f3 a Inglaterra las primeras muestras de platino y, siguiendo la publicaci\u00f3n de Ulloa de 1748, comenzaron a estudiar en Inglaterra y Suecia las propiedades de este elemento tan valioso. Por este hecho, los historiadores brit\u00e1nicos dicen que el platino fue descubierto por Wood y no por Antonio de Ulloa.<\/p>\n\n\n\n<p>Si quieres saber m\u00e1s sobre este cient\u00edfico, haz clic en el siguiente enlace: <a href=\"https:\/\/rinconeducativo.org\/es\/recursos-educativos\/antonio-de-ulloa-y-de-la-torre-giralt-descubridor-del-platino\">Antonio de Ulloa y de la Torre-Giralt<\/a><\/p>\n","protected":false},"excerpt":{"rendered":"<p>5 de julio de 1795 \u2013 Fallece Antonio de Ulloa y de la Torre-Giralt, descubridor del platino<\/p>\n","protected":false},"author":1088,"featured_media":18397,"template":"","meta":{"_acf_changed":false,"footnotes":""},"tags":[6255,6071],"mes":[7120],"clasificacion_anterior":[],"class_list":["post-7917","re_efemeride","type-re_efemeride","status-publish","has-post-thumbnail","hentry","tag-atomos","tag-tabla-periodica","mes-julio"],"acf":{"fecha":"17950705"},"yoast_head":"<!-- This site is optimized with the Yoast SEO plugin v26.8 - https:\/\/yoast.com\/product\/yoast-seo-wordpress\/ -->\n<title>5 de julio de 1795 \u2013 Fallece Antonio de Ulloa y de la Torre-Giralt, descubridor del platino - Rinc\u00f3n educativo<\/title>\n<meta name=\"robots\" content=\"index, follow, max-snippet:-1, max-image-preview:large, max-video-preview:-1\" \/>\n<link rel=\"canonical\" href=\"https:\/\/rinconeducativo.org\/es\/efemerides\/5-julio-1795-fallece-antonio-de-ulloa-de-la-torre-giralt-descubridor-platino\/\" \/>\n<meta property=\"og:locale\" content=\"es_ES\" \/>\n<meta property=\"og:type\" content=\"article\" \/>\n<meta property=\"og:title\" content=\"5 de julio de 1795 \u2013 Fallece Antonio de Ulloa y de la Torre-Giralt, descubridor del platino - Rinc\u00f3n educativo\" \/>\n<meta property=\"og:description\" content=\"5 de julio de 1795 \u2013 Fallece Antonio de Ulloa y de la Torre-Giralt, descubridor del platino\" \/>\n<meta property=\"og:url\" content=\"https:\/\/rinconeducativo.org\/es\/efemerides\/5-julio-1795-fallece-antonio-de-ulloa-de-la-torre-giralt-descubridor-platino\/\" \/>\n<meta property=\"og:site_name\" content=\"Rinc\u00f3n educativo\" \/>\n<meta property=\"article:modified_time\" content=\"2024-12-19T11:06:52+00:00\" \/>\n<meta property=\"og:image\" content=\"https:\/\/rinconeducativo.org\/wp-content\/uploads\/2022\/09\/Platino.jpg\" \/>\n\t<meta property=\"og:image:width\" content=\"570\" \/>\n\t<meta property=\"og:image:height\" content=\"340\" \/>\n\t<meta property=\"og:image:type\" content=\"image\/jpeg\" \/>\n<meta name=\"twitter:card\" content=\"summary_large_image\" \/>\n<script type=\"application\/ld+json\" class=\"yoast-schema-graph\">{\"@context\":\"https:\/\/schema.org\",\"@graph\":[{\"@type\":\"WebPage\",\"@id\":\"https:\/\/rinconeducativo.org\/es\/efemerides\/5-julio-1795-fallece-antonio-de-ulloa-de-la-torre-giralt-descubridor-platino\/\",\"url\":\"https:\/\/rinconeducativo.org\/es\/efemerides\/5-julio-1795-fallece-antonio-de-ulloa-de-la-torre-giralt-descubridor-platino\/\",\"name\":\"5 de julio de 1795 \u2013 Fallece Antonio de Ulloa y de la Torre-Giralt, descubridor del platino - Rinc\u00f3n educativo\",\"isPartOf\":{\"@id\":\"https:\/\/rinconeducativo.org\/es\/#website\"},\"primaryImageOfPage\":{\"@id\":\"https:\/\/rinconeducativo.org\/es\/efemerides\/5-julio-1795-fallece-antonio-de-ulloa-de-la-torre-giralt-descubridor-platino\/#primaryimage\"},\"image\":{\"@id\":\"https:\/\/rinconeducativo.org\/es\/efemerides\/5-julio-1795-fallece-antonio-de-ulloa-de-la-torre-giralt-descubridor-platino\/#primaryimage\"},\"thumbnailUrl\":\"https:\/\/rinconeducativo.org\/wp-content\/uploads\/2022\/09\/Platino.jpg\",\"datePublished\":\"2020-07-05T10:13:43+00:00\",\"dateModified\":\"2024-12-19T11:06:52+00:00\",\"breadcrumb\":{\"@id\":\"https:\/\/rinconeducativo.org\/es\/efemerides\/5-julio-1795-fallece-antonio-de-ulloa-de-la-torre-giralt-descubridor-platino\/#breadcrumb\"},\"inLanguage\":\"es\",\"potentialAction\":[{\"@type\":\"ReadAction\",\"target\":[\"https:\/\/rinconeducativo.org\/es\/efemerides\/5-julio-1795-fallece-antonio-de-ulloa-de-la-torre-giralt-descubridor-platino\/\"]}]},{\"@type\":\"ImageObject\",\"inLanguage\":\"es\",\"@id\":\"https:\/\/rinconeducativo.org\/es\/efemerides\/5-julio-1795-fallece-antonio-de-ulloa-de-la-torre-giralt-descubridor-platino\/#primaryimage\",\"url\":\"https:\/\/rinconeducativo.org\/wp-content\/uploads\/2022\/09\/Platino.jpg\",\"contentUrl\":\"https:\/\/rinconeducativo.org\/wp-content\/uploads\/2022\/09\/Platino.jpg\",\"width\":570,\"height\":340},{\"@type\":\"BreadcrumbList\",\"@id\":\"https:\/\/rinconeducativo.org\/es\/efemerides\/5-julio-1795-fallece-antonio-de-ulloa-de-la-torre-giralt-descubridor-platino\/#breadcrumb\",\"itemListElement\":[{\"@type\":\"ListItem\",\"position\":1,\"name\":\"Portada\",\"item\":\"https:\/\/rinconeducativo.org\/es\/\"},{\"@type\":\"ListItem\",\"position\":2,\"name\":\"Efem\u00e9rides\",\"item\":\"https:\/\/rinconeducativo.org\/es\/efemerides\/\"},{\"@type\":\"ListItem\",\"position\":3,\"name\":\"5 de julio de 1795 \u2013 Fallece Antonio de Ulloa y de la Torre-Giralt, descubridor del platino\"}]},{\"@type\":\"WebSite\",\"@id\":\"https:\/\/rinconeducativo.org\/es\/#website\",\"url\":\"https:\/\/rinconeducativo.org\/es\/\",\"name\":\"Rinc\u00f3n educativo\",\"description\":\"Un proyecto del Foro Nuclear\",\"potentialAction\":[{\"@type\":\"SearchAction\",\"target\":{\"@type\":\"EntryPoint\",\"urlTemplate\":\"https:\/\/rinconeducativo.org\/es\/?s={search_term_string}\"},\"query-input\":{\"@type\":\"PropertyValueSpecification\",\"valueRequired\":true,\"valueName\":\"search_term_string\"}}],\"inLanguage\":\"es\"}]}<\/script>\n<!-- \/ Yoast SEO plugin. -->","yoast_head_json":{"title":"5 de julio de 1795 \u2013 Fallece Antonio de Ulloa y de la Torre-Giralt, descubridor del platino - Rinc\u00f3n educativo","robots":{"index":"index","follow":"follow","max-snippet":"max-snippet:-1","max-image-preview":"max-image-preview:large","max-video-preview":"max-video-preview:-1"},"canonical":"https:\/\/rinconeducativo.org\/es\/efemerides\/5-julio-1795-fallece-antonio-de-ulloa-de-la-torre-giralt-descubridor-platino\/","og_locale":"es_ES","og_type":"article","og_title":"5 de julio de 1795 \u2013 Fallece Antonio de Ulloa y de la Torre-Giralt, descubridor del platino - Rinc\u00f3n educativo","og_description":"5 de julio de 1795 \u2013 Fallece Antonio de Ulloa y de la Torre-Giralt, descubridor del platino","og_url":"https:\/\/rinconeducativo.org\/es\/efemerides\/5-julio-1795-fallece-antonio-de-ulloa-de-la-torre-giralt-descubridor-platino\/","og_site_name":"Rinc\u00f3n educativo","article_modified_time":"2024-12-19T11:06:52+00:00","og_image":[{"width":570,"height":340,"url":"https:\/\/rinconeducativo.org\/wp-content\/uploads\/2022\/09\/Platino.jpg","type":"image\/jpeg"}],"twitter_card":"summary_large_image","schema":{"@context":"https:\/\/schema.org","@graph":[{"@type":"WebPage","@id":"https:\/\/rinconeducativo.org\/es\/efemerides\/5-julio-1795-fallece-antonio-de-ulloa-de-la-torre-giralt-descubridor-platino\/","url":"https:\/\/rinconeducativo.org\/es\/efemerides\/5-julio-1795-fallece-antonio-de-ulloa-de-la-torre-giralt-descubridor-platino\/","name":"5 de julio de 1795 \u2013 Fallece Antonio de Ulloa y de la Torre-Giralt, descubridor del platino - Rinc\u00f3n educativo","isPartOf":{"@id":"https:\/\/rinconeducativo.org\/es\/#website"},"primaryImageOfPage":{"@id":"https:\/\/rinconeducativo.org\/es\/efemerides\/5-julio-1795-fallece-antonio-de-ulloa-de-la-torre-giralt-descubridor-platino\/#primaryimage"},"image":{"@id":"https:\/\/rinconeducativo.org\/es\/efemerides\/5-julio-1795-fallece-antonio-de-ulloa-de-la-torre-giralt-descubridor-platino\/#primaryimage"},"thumbnailUrl":"https:\/\/rinconeducativo.org\/wp-content\/uploads\/2022\/09\/Platino.jpg","datePublished":"2020-07-05T10:13:43+00:00","dateModified":"2024-12-19T11:06:52+00:00","breadcrumb":{"@id":"https:\/\/rinconeducativo.org\/es\/efemerides\/5-julio-1795-fallece-antonio-de-ulloa-de-la-torre-giralt-descubridor-platino\/#breadcrumb"},"inLanguage":"es","potentialAction":[{"@type":"ReadAction","target":["https:\/\/rinconeducativo.org\/es\/efemerides\/5-julio-1795-fallece-antonio-de-ulloa-de-la-torre-giralt-descubridor-platino\/"]}]},{"@type":"ImageObject","inLanguage":"es","@id":"https:\/\/rinconeducativo.org\/es\/efemerides\/5-julio-1795-fallece-antonio-de-ulloa-de-la-torre-giralt-descubridor-platino\/#primaryimage","url":"https:\/\/rinconeducativo.org\/wp-content\/uploads\/2022\/09\/Platino.jpg","contentUrl":"https:\/\/rinconeducativo.org\/wp-content\/uploads\/2022\/09\/Platino.jpg","width":570,"height":340},{"@type":"BreadcrumbList","@id":"https:\/\/rinconeducativo.org\/es\/efemerides\/5-julio-1795-fallece-antonio-de-ulloa-de-la-torre-giralt-descubridor-platino\/#breadcrumb","itemListElement":[{"@type":"ListItem","position":1,"name":"Portada","item":"https:\/\/rinconeducativo.org\/es\/"},{"@type":"ListItem","position":2,"name":"Efem\u00e9rides","item":"https:\/\/rinconeducativo.org\/es\/efemerides\/"},{"@type":"ListItem","position":3,"name":"5 de julio de 1795 \u2013 Fallece Antonio de Ulloa y de la Torre-Giralt, descubridor del platino"}]},{"@type":"WebSite","@id":"https:\/\/rinconeducativo.org\/es\/#website","url":"https:\/\/rinconeducativo.org\/es\/","name":"Rinc\u00f3n educativo","description":"Un proyecto del Foro Nuclear","potentialAction":[{"@type":"SearchAction","target":{"@type":"EntryPoint","urlTemplate":"https:\/\/rinconeducativo.org\/es\/?s={search_term_string}"},"query-input":{"@type":"PropertyValueSpecification","valueRequired":true,"valueName":"search_term_string"}}],"inLanguage":"es"}]}},"_links":{"self":[{"href":"https:\/\/rinconeducativo.org\/es\/wp-json\/wp\/v2\/re_efemeride\/7917","targetHints":{"allow":["GET"]}}],"collection":[{"href":"https:\/\/rinconeducativo.org\/es\/wp-json\/wp\/v2\/re_efemeride"}],"about":[{"href":"https:\/\/rinconeducativo.org\/es\/wp-json\/wp\/v2\/types\/re_efemeride"}],"author":[{"embeddable":true,"href":"https:\/\/rinconeducativo.org\/es\/wp-json\/wp\/v2\/users\/1088"}],"version-history":[{"count":1,"href":"https:\/\/rinconeducativo.org\/es\/wp-json\/wp\/v2\/re_efemeride\/7917\/revisions"}],"predecessor-version":[{"id":33326,"href":"https:\/\/rinconeducativo.org\/es\/wp-json\/wp\/v2\/re_efemeride\/7917\/revisions\/33326"}],"wp:featuredmedia":[{"embeddable":true,"href":"https:\/\/rinconeducativo.org\/es\/wp-json\/wp\/v2\/media\/18397"}],"wp:attachment":[{"href":"https:\/\/rinconeducativo.org\/es\/wp-json\/wp\/v2\/media?parent=7917"}],"wp:term":[{"taxonomy":"post_tag","embeddable":true,"href":"https:\/\/rinconeducativo.org\/es\/wp-json\/wp\/v2\/tags?post=7917"},{"taxonomy":"mes","embeddable":true,"href":"https:\/\/rinconeducativo.org\/es\/wp-json\/wp\/v2\/mes?post=7917"},{"taxonomy":"clasificacion_anterior","embeddable":true,"href":"https:\/\/rinconeducativo.org\/es\/wp-json\/wp\/v2\/clasificacion_anterior?post=7917"}],"curies":[{"name":"wp","href":"https:\/\/api.w.org\/{rel}","templated":true}]}}

<div class="wp-block-image wp-image-7392">
<figure class="alignleft size-full is-resized"><img loading="lazy" decoding="async" src="https://rinconeducativo.org/wp-content/uploads/2022/09/Platino.jpg" alt="" class="wp-image-18397" width="342" height="204" srcset="https://rinconeducativo.org/wp-content/uploads/2022/09/Platino.jpg 570w, https://rinconeducativo.org/wp-content/uploads/2022/09/Platino-500x298.jpg 500w" sizes="auto, (max-width: 342px) 100vw, 342px" /></figure>
</div>


<p>Científico, militar y marino español que durante un viaje a Ecuador descubrió en las minas de oro de río Pinto de Perú, un nuevo mineral al que llamó “Platina de Pinto” por su semejanza a la plata y por haberlo encontrado en ese río. Sin embargo, con el tiempo se quedó con el nombre de platino. Antonio de Ulloa fue el primero en realizar un riguroso análisis y descripción de este elemento con el número atómico 78 de la tabla periódica.</p>



<p>De regreso a España fue apresado por los ingleses y llevado a Inglaterra. Aprovechó su estancia allí para completar sus conocimientos y publicar algunos estudios sobre el nuevo mineral.</p>



<p>Mientras tanto, en 1741, Charles Wood llevó a Inglaterra las primeras muestras de platino y, siguiendo la publicación de Ulloa de 1748, comenzaron a estudiar en Inglaterra y Suecia las propiedades de este elemento tan valioso. Por este hecho, los historiadores británicos dicen que el platino fue descubierto por Wood y no por Antonio de Ulloa.</p>



<p>Si quieres saber más sobre este científico, haz clic en el siguiente enlace: <a href="https://rinconeducativo.org/es/recursos-educativos/antonio-de-ulloa-y-de-la-torre-giralt-descubridor-del-platino">Antonio de Ulloa y de la Torre-Giralt</a></p>

<!-- This site is optimized with the Yoast SEO plugin v26.8 - https://yoast.com/product/yoast-seo-wordpress/ -->
<title>5 de julio de 1795 – Fallece Antonio de Ulloa y de la Torre-Giralt, descubridor del platino - Rincón educativo</title>
<meta name="robots" content="index, follow, max-snippet:-1, max-image-preview:large, max-video-preview:-1" />
<link rel="canonical" href="https://rinconeducativo.org/es/efemerides/5-julio-1795-fallece-antonio-de-ulloa-de-la-torre-giralt-descubridor-platino/" />
<meta property="og:locale" content="es_ES" />
<meta property="og:type" content="article" />
<meta property="og:title" content="5 de julio de 1795 – Fallece Antonio de Ulloa y de la Torre-Giralt, descubridor del platino - Rincón educativo" />
<meta property="og:description" content="5 de julio de 1795 – Fallece Antonio de Ulloa y de la Torre-Giralt, descubridor del platino" />
<meta property="og:url" content="https://rinconeducativo.org/es/efemerides/5-julio-1795-fallece-antonio-de-ulloa-de-la-torre-giralt-descubridor-platino/" />
<meta property="og:site_name" content="Rincón educativo" />
<meta property="article:modified_time" content="2024-12-19T11:06:52+00:00" />
<meta property="og:image" content="https://rinconeducativo.org/wp-content/uploads/2022/09/Platino.jpg" />
	<meta property="og:image:width" content="570" />
	<meta property="og:image:height" content="340" />
	<meta property="og:image:type" content="image/jpeg" />
<meta name="twitter:card" content="summary_large_image" />
<script type="application/ld+json" class="yoast-schema-graph">{"@context":"https://schema.org","@graph":[{"@type":"WebPage","@id":"https://rinconeducativo.org/es/efemerides/5-julio-1795-fallece-antonio-de-ulloa-de-la-torre-giralt-descubridor-platino/","url":"https://rinconeducativo.org/es/efemerides/5-julio-1795-fallece-antonio-de-ulloa-de-la-torre-giralt-descubridor-platino/","name":"5 de julio de 1795 – Fallece Antonio de Ulloa y de la Torre-Giralt, descubridor del platino - Rincón educativo","isPartOf":{"@id":"https://rinconeducativo.org/es/#website"},"primaryImageOfPage":{"@id":"https://rinconeducativo.org/es/efemerides/5-julio-1795-fallece-antonio-de-ulloa-de-la-torre-giralt-descubridor-platino/#primaryimage"},"image":{"@id":"https://rinconeducativo.org/es/efemerides/5-julio-1795-fallece-antonio-de-ulloa-de-la-torre-giralt-descubridor-platino/#primaryimage"},"thumbnailUrl":"https://rinconeducativo.org/wp-content/uploads/2022/09/Platino.jpg","datePublished":"2020-07-05T10:13:43+00:00","dateModified":"2024-12-19T11:06:52+00:00","breadcrumb":{"@id":"https://rinconeducativo.org/es/efemerides/5-julio-1795-fallece-antonio-de-ulloa-de-la-torre-giralt-descubridor-platino/#breadcrumb"},"inLanguage":"es","potentialAction":[{"@type":"ReadAction","target":["https://rinconeducativo.org/es/efemerides/5-julio-1795-fallece-antonio-de-ulloa-de-la-torre-giralt-descubridor-platino/"]}]},{"@type":"ImageObject","inLanguage":"es","@id":"https://rinconeducativo.org/es/efemerides/5-julio-1795-fallece-antonio-de-ulloa-de-la-torre-giralt-descubridor-platino/#primaryimage","url":"https://rinconeducativo.org/wp-content/uploads/2022/09/Platino.jpg","contentUrl":"https://rinconeducativo.org/wp-content/uploads/2022/09/Platino.jpg","width":570,"height":340},{"@type":"BreadcrumbList","@id":"https://rinconeducativo.org/es/efemerides/5-julio-1795-fallece-antonio-de-ulloa-de-la-torre-giralt-descubridor-platino/#breadcrumb","itemListElement":[{"@type":"ListItem","position":1,"name":"Portada","item":"https://rinconeducativo.org/es/"},{"@type":"ListItem","position":2,"name":"Efemérides","item":"https://rinconeducativo.org/es/efemerides/"},{"@type":"ListItem","position":3,"name":"5 de julio de 1795 – Fallece Antonio de Ulloa y de la Torre-Giralt, descubridor del platino"}]},{"@type":"WebSite","@id":"https://rinconeducativo.org/es/#website","url":"https://rinconeducativo.org/es/","name":"Rincón educativo","description":"Un proyecto del Foro Nuclear","potentialAction":[{"@type":"SearchAction","target":{"@type":"EntryPoint","urlTemplate":"https://rinconeducativo.org/es/?s={search_term_string}"},"query-input":{"@type":"PropertyValueSpecification","valueRequired":true,"valueName":"search_term_string"}}],"inLanguage":"es"}]}</script>
<!-- / Yoast SEO plugin. -->

5 de julio de 1795 – Fallece Antonio de Ulloa y de la Torre-Giralt, descubridor del platino - Rincón educativo

Rincón educativo

Efemérides
