{"id":7762,"date":"2020-06-08T06:42:42","date_gmt":"2020-06-08T06:42:42","guid":{"rendered":"https:\/\/wp.rinconeducativo.org\/?event=dia-mundial-de-los-oceanos"},"modified":"2025-05-07T12:09:32","modified_gmt":"2025-05-07T10:09:32","slug":"dia-mundial-oceanos","status":"publish","type":"re_efemeride","link":"https:\/\/rinconeducativo.org\/es\/efemerides\/dia-mundial-oceanos\/","title":{"rendered":"8 de junio - D\u00eda Mundial de los Oc\u00e9anos"},"content":{"rendered":"\n<figure class=\"wp-block-image size-full\"><img loading=\"lazy\" decoding=\"async\" width=\"800\" height=\"500\" src=\"https:\/\/rinconeducativo.org\/wp-content\/uploads\/2022\/09\/dia-mundial-de-los-oceanos.jpg\" alt=\"\" class=\"wp-image-18373\" srcset=\"https:\/\/rinconeducativo.org\/wp-content\/uploads\/2022\/09\/dia-mundial-de-los-oceanos.jpg 800w, https:\/\/rinconeducativo.org\/wp-content\/uploads\/2022\/09\/dia-mundial-de-los-oceanos-500x313.jpg 500w, https:\/\/rinconeducativo.org\/wp-content\/uploads\/2022\/09\/dia-mundial-de-los-oceanos-768x480.jpg 768w\" sizes=\"auto, (max-width: 800px) 100vw, 800px\" \/><\/figure>\n\n\n\n<h2 class=\"wp-block-heading\">Nuestro oc\u00e9ano es nuestro futuro<\/h2>\n\n\n\n<p>Cuando pensamos en los riesgos para la salud p\u00fablica, es posible que no pensemos en el oc\u00e9ano. Sin embargo, cada vez m\u00e1s, la salud del oc\u00e9ano est\u00e1 \u00edntimamente ligada a nuestra salud. Algunos pueden sorprenderse al saber que&nbsp;<a href=\"https:\/\/en.unesco.org\/news\/covid-19-ocean-ally-against-virus-0\">organismos descubiertos a profundidades extremas se utilizan para acelerar la detecci\u00f3n de COVID-19,<\/a>&nbsp;y lo que podr\u00eda ser a\u00fan m\u00e1s asombroso, que este es un ecosistema que podr\u00eda dar una soluci\u00f3n a la humanidad.<\/p>\n\n\n\n<p>Esta es una de las m\u00faltiples razones por las que debemos celebrar&nbsp;<strong><a href=\"https:\/\/unworldoceansday.org\/\">el D\u00eda Mundial de los Oc\u00e9anos<\/a><\/strong>: para recordar&nbsp;a todos el papel importante que tienen los oc\u00e9anos en la vida cotidiana. Ellos son los pulmones de nuestro planeta,&nbsp; la mayor parte del ox\u00edgeno que respiramos. El prop\u00f3sito del D\u00eda es concienciar a la opini\u00f3n p\u00fablica sobre las consecuencias que la actividad humana tiene para los oc\u00e9anos y&nbsp; poner en marcha un movimiento mundial ciudadano a favor de los oc\u00e9anos. Este d\u00eda quiere movilizar y unir a la poblaci\u00f3n mundial entorno al objetivo de la gesti\u00f3n sostenible de los oc\u00e9anos, que son una fuente importante de alimentos y medicinas y una parte esencial de la biosfera. En deninitiva, esta celebraci\u00f3n es un buen motivo para celebrar juntos la belleza, la riqueza y el potencial de los oc\u00e9anos.<\/p>\n\n\n\n<p><\/p>\n\n\n\n<p><em>Ver art\u00edculos relacionados:<\/em><\/p>\n\n\n\n<div class=\"wp-block-buttons is-layout-flex wp-block-buttons-is-layout-flex\">\n<div class=\"wp-block-button has-custom-font-size is-style-fill has-small-font-size\"><a class=\"wp-block-button__link has-background wp-element-button\" href=\"https:\/\/rinconeducativo.org\/es\/recursos-educativos\/que-es-la-acidificacion-de-los-oceanos\/\" style=\"background-color:#0072cf\" target=\"_blank\" rel=\"noreferrer noopener\">\u00bfQu\u00e9 es la acidificaci\u00f3n de los oce\u00e1nos?<\/a><\/div>\n<\/div>\n\n\n\n<div style=\"height:15px\" aria-hidden=\"true\" class=\"wp-block-spacer\"><\/div>\n\n\n\n<div class=\"wp-block-buttons is-layout-flex wp-block-buttons-is-layout-flex\">\n<div class=\"wp-block-button has-custom-font-size is-style-fill has-small-font-size\"><a class=\"wp-block-button__link has-background wp-element-button\" href=\"https:\/\/rinconeducativo.org\/es\/noticias\/lo-que-los-atomos-de-las-almejas-nos-cuentan-sobre-los-peligros-de-la-acidificacion-de-los\/\" style=\"background-color:#0072cf\" target=\"_blank\" rel=\"noreferrer noopener\">Lo que los \u00e1tomos de las almejas nos cuenta sobre los peligros de la acidificaci\u00f3n de los oce\u00e1nos<\/a><\/div>\n<\/div>\n\n\n\n<div style=\"height:15px\" aria-hidden=\"true\" class=\"wp-block-spacer\"><\/div>\n\n\n\n<div class=\"wp-block-buttons is-layout-flex wp-block-buttons-is-layout-flex\">\n<div class=\"wp-block-button has-custom-font-size has-small-font-size\"><a class=\"wp-block-button__link has-background wp-element-button\" style=\"background-color:#0072cf\">L\u00e1mina interactiva \"Soluciones Nucleares a la Contaminaci\u00f3n por Pl\u00e1sticos\"<\/a><\/div>\n<\/div>\n","protected":false},"excerpt":{"rendered":"<p>8 de junio - D\u00eda Mundial de los Oc\u00e9anos<\/p>\n","protected":false},"author":1088,"featured_media":18373,"template":"","meta":{"_acf_changed":false,"footnotes":""},"tags":[5732,5684,5742],"mes":[7121],"clasificacion_anterior":[],"class_list":["post-7762","re_efemeride","type-re_efemeride","status-publish","has-post-thumbnail","hentry","tag-aplicaciones-de-la-tecnologia-nuclear","tag-energia-nuclear","tag-medio-ambiente","mes-junio"],"acf":{"fecha":"20220608"},"yoast_head":"<!-- This site is optimized with the Yoast SEO plugin v26.8 - https:\/\/yoast.com\/product\/yoast-seo-wordpress\/ -->\n<title>8 de junio - D\u00eda Mundial de los Oc\u00e9anos - Rinc\u00f3n educativo<\/title>\n<meta name=\"robots\" content=\"index, follow, max-snippet:-1, max-image-preview:large, max-video-preview:-1\" \/>\n<link rel=\"canonical\" href=\"https:\/\/rinconeducativo.org\/es\/efemerides\/dia-mundial-oceanos\/\" \/>\n<meta property=\"og:locale\" content=\"es_ES\" \/>\n<meta property=\"og:type\" content=\"article\" \/>\n<meta property=\"og:title\" content=\"8 de junio - D\u00eda Mundial de los Oc\u00e9anos - Rinc\u00f3n educativo\" \/>\n<meta property=\"og:description\" content=\"8 de junio - D\u00eda Mundial de los Oc\u00e9anos\" \/>\n<meta property=\"og:url\" content=\"https:\/\/rinconeducativo.org\/es\/efemerides\/dia-mundial-oceanos\/\" \/>\n<meta property=\"og:site_name\" content=\"Rinc\u00f3n educativo\" \/>\n<meta property=\"article:modified_time\" content=\"2025-05-07T10:09:32+00:00\" \/>\n<meta property=\"og:image\" content=\"https:\/\/rinconeducativo.org\/wp-content\/uploads\/2022\/09\/dia-mundial-de-los-oceanos.jpg\" \/>\n\t<meta property=\"og:image:width\" content=\"800\" \/>\n\t<meta property=\"og:image:height\" content=\"500\" \/>\n\t<meta property=\"og:image:type\" content=\"image\/jpeg\" \/>\n<meta name=\"twitter:card\" content=\"summary_large_image\" \/>\n<script type=\"application\/ld+json\" class=\"yoast-schema-graph\">{\"@context\":\"https:\/\/schema.org\",\"@graph\":[{\"@type\":\"WebPage\",\"@id\":\"https:\/\/rinconeducativo.org\/es\/efemerides\/dia-mundial-oceanos\/\",\"url\":\"https:\/\/rinconeducativo.org\/es\/efemerides\/dia-mundial-oceanos\/\",\"name\":\"8 de junio - D\u00eda Mundial de los Oc\u00e9anos - Rinc\u00f3n educativo\",\"isPartOf\":{\"@id\":\"https:\/\/rinconeducativo.org\/es\/#website\"},\"primaryImageOfPage\":{\"@id\":\"https:\/\/rinconeducativo.org\/es\/efemerides\/dia-mundial-oceanos\/#primaryimage\"},\"image\":{\"@id\":\"https:\/\/rinconeducativo.org\/es\/efemerides\/dia-mundial-oceanos\/#primaryimage\"},\"thumbnailUrl\":\"https:\/\/rinconeducativo.org\/wp-content\/uploads\/2022\/09\/dia-mundial-de-los-oceanos.jpg\",\"datePublished\":\"2020-06-08T06:42:42+00:00\",\"dateModified\":\"2025-05-07T10:09:32+00:00\",\"breadcrumb\":{\"@id\":\"https:\/\/rinconeducativo.org\/es\/efemerides\/dia-mundial-oceanos\/#breadcrumb\"},\"inLanguage\":\"es\",\"potentialAction\":[{\"@type\":\"ReadAction\",\"target\":[\"https:\/\/rinconeducativo.org\/es\/efemerides\/dia-mundial-oceanos\/\"]}]},{\"@type\":\"ImageObject\",\"inLanguage\":\"es\",\"@id\":\"https:\/\/rinconeducativo.org\/es\/efemerides\/dia-mundial-oceanos\/#primaryimage\",\"url\":\"https:\/\/rinconeducativo.org\/wp-content\/uploads\/2022\/09\/dia-mundial-de-los-oceanos.jpg\",\"contentUrl\":\"https:\/\/rinconeducativo.org\/wp-content\/uploads\/2022\/09\/dia-mundial-de-los-oceanos.jpg\",\"width\":800,\"height\":500},{\"@type\":\"BreadcrumbList\",\"@id\":\"https:\/\/rinconeducativo.org\/es\/efemerides\/dia-mundial-oceanos\/#breadcrumb\",\"itemListElement\":[{\"@type\":\"ListItem\",\"position\":1,\"name\":\"Portada\",\"item\":\"https:\/\/rinconeducativo.org\/es\/\"},{\"@type\":\"ListItem\",\"position\":2,\"name\":\"Efem\u00e9rides\",\"item\":\"https:\/\/rinconeducativo.org\/es\/efemerides\/\"},{\"@type\":\"ListItem\",\"position\":3,\"name\":\"8 de junio - D\u00eda Mundial de los Oc\u00e9anos\"}]},{\"@type\":\"WebSite\",\"@id\":\"https:\/\/rinconeducativo.org\/es\/#website\",\"url\":\"https:\/\/rinconeducativo.org\/es\/\",\"name\":\"Rinc\u00f3n educativo\",\"description\":\"Un proyecto del Foro Nuclear\",\"potentialAction\":[{\"@type\":\"SearchAction\",\"target\":{\"@type\":\"EntryPoint\",\"urlTemplate\":\"https:\/\/rinconeducativo.org\/es\/?s={search_term_string}\"},\"query-input\":{\"@type\":\"PropertyValueSpecification\",\"valueRequired\":true,\"valueName\":\"search_term_string\"}}],\"inLanguage\":\"es\"}]}<\/script>\n<!-- \/ Yoast SEO plugin. -->","yoast_head_json":{"title":"8 de junio - D\u00eda Mundial de los Oc\u00e9anos - Rinc\u00f3n educativo","robots":{"index":"index","follow":"follow","max-snippet":"max-snippet:-1","max-image-preview":"max-image-preview:large","max-video-preview":"max-video-preview:-1"},"canonical":"https:\/\/rinconeducativo.org\/es\/efemerides\/dia-mundial-oceanos\/","og_locale":"es_ES","og_type":"article","og_title":"8 de junio - D\u00eda Mundial de los Oc\u00e9anos - Rinc\u00f3n educativo","og_description":"8 de junio - D\u00eda Mundial de los Oc\u00e9anos","og_url":"https:\/\/rinconeducativo.org\/es\/efemerides\/dia-mundial-oceanos\/","og_site_name":"Rinc\u00f3n educativo","article_modified_time":"2025-05-07T10:09:32+00:00","og_image":[{"width":800,"height":500,"url":"https:\/\/rinconeducativo.org\/wp-content\/uploads\/2022\/09\/dia-mundial-de-los-oceanos.jpg","type":"image\/jpeg"}],"twitter_card":"summary_large_image","schema":{"@context":"https:\/\/schema.org","@graph":[{"@type":"WebPage","@id":"https:\/\/rinconeducativo.org\/es\/efemerides\/dia-mundial-oceanos\/","url":"https:\/\/rinconeducativo.org\/es\/efemerides\/dia-mundial-oceanos\/","name":"8 de junio - D\u00eda Mundial de los Oc\u00e9anos - Rinc\u00f3n educativo","isPartOf":{"@id":"https:\/\/rinconeducativo.org\/es\/#website"},"primaryImageOfPage":{"@id":"https:\/\/rinconeducativo.org\/es\/efemerides\/dia-mundial-oceanos\/#primaryimage"},"image":{"@id":"https:\/\/rinconeducativo.org\/es\/efemerides\/dia-mundial-oceanos\/#primaryimage"},"thumbnailUrl":"https:\/\/rinconeducativo.org\/wp-content\/uploads\/2022\/09\/dia-mundial-de-los-oceanos.jpg","datePublished":"2020-06-08T06:42:42+00:00","dateModified":"2025-05-07T10:09:32+00:00","breadcrumb":{"@id":"https:\/\/rinconeducativo.org\/es\/efemerides\/dia-mundial-oceanos\/#breadcrumb"},"inLanguage":"es","potentialAction":[{"@type":"ReadAction","target":["https:\/\/rinconeducativo.org\/es\/efemerides\/dia-mundial-oceanos\/"]}]},{"@type":"ImageObject","inLanguage":"es","@id":"https:\/\/rinconeducativo.org\/es\/efemerides\/dia-mundial-oceanos\/#primaryimage","url":"https:\/\/rinconeducativo.org\/wp-content\/uploads\/2022\/09\/dia-mundial-de-los-oceanos.jpg","contentUrl":"https:\/\/rinconeducativo.org\/wp-content\/uploads\/2022\/09\/dia-mundial-de-los-oceanos.jpg","width":800,"height":500},{"@type":"BreadcrumbList","@id":"https:\/\/rinconeducativo.org\/es\/efemerides\/dia-mundial-oceanos\/#breadcrumb","itemListElement":[{"@type":"ListItem","position":1,"name":"Portada","item":"https:\/\/rinconeducativo.org\/es\/"},{"@type":"ListItem","position":2,"name":"Efem\u00e9rides","item":"https:\/\/rinconeducativo.org\/es\/efemerides\/"},{"@type":"ListItem","position":3,"name":"8 de junio - D\u00eda Mundial de los Oc\u00e9anos"}]},{"@type":"WebSite","@id":"https:\/\/rinconeducativo.org\/es\/#website","url":"https:\/\/rinconeducativo.org\/es\/","name":"Rinc\u00f3n educativo","description":"Un proyecto del Foro Nuclear","potentialAction":[{"@type":"SearchAction","target":{"@type":"EntryPoint","urlTemplate":"https:\/\/rinconeducativo.org\/es\/?s={search_term_string}"},"query-input":{"@type":"PropertyValueSpecification","valueRequired":true,"valueName":"search_term_string"}}],"inLanguage":"es"}]}},"_links":{"self":[{"href":"https:\/\/rinconeducativo.org\/es\/wp-json\/wp\/v2\/re_efemeride\/7762","targetHints":{"allow":["GET"]}}],"collection":[{"href":"https:\/\/rinconeducativo.org\/es\/wp-json\/wp\/v2\/re_efemeride"}],"about":[{"href":"https:\/\/rinconeducativo.org\/es\/wp-json\/wp\/v2\/types\/re_efemeride"}],"author":[{"embeddable":true,"href":"https:\/\/rinconeducativo.org\/es\/wp-json\/wp\/v2\/users\/1088"}],"version-history":[{"count":4,"href":"https:\/\/rinconeducativo.org\/es\/wp-json\/wp\/v2\/re_efemeride\/7762\/revisions"}],"predecessor-version":[{"id":25358,"href":"https:\/\/rinconeducativo.org\/es\/wp-json\/wp\/v2\/re_efemeride\/7762\/revisions\/25358"}],"wp:featuredmedia":[{"embeddable":true,"href":"https:\/\/rinconeducativo.org\/es\/wp-json\/wp\/v2\/media\/18373"}],"wp:attachment":[{"href":"https:\/\/rinconeducativo.org\/es\/wp-json\/wp\/v2\/media?parent=7762"}],"wp:term":[{"taxonomy":"post_tag","embeddable":true,"href":"https:\/\/rinconeducativo.org\/es\/wp-json\/wp\/v2\/tags?post=7762"},{"taxonomy":"mes","embeddable":true,"href":"https:\/\/rinconeducativo.org\/es\/wp-json\/wp\/v2\/mes?post=7762"},{"taxonomy":"clasificacion_anterior","embeddable":true,"href":"https:\/\/rinconeducativo.org\/es\/wp-json\/wp\/v2\/clasificacion_anterior?post=7762"}],"curies":[{"name":"wp","href":"https:\/\/api.w.org\/{rel}","templated":true}]}}

8 de junio - Día Mundial de los Océanos

<figure class="wp-block-image size-full"><img loading="lazy" decoding="async" width="800" height="500" src="https://rinconeducativo.org/wp-content/uploads/2022/09/dia-mundial-de-los-oceanos.jpg" alt="" class="wp-image-18373" srcset="https://rinconeducativo.org/wp-content/uploads/2022/09/dia-mundial-de-los-oceanos.jpg 800w, https://rinconeducativo.org/wp-content/uploads/2022/09/dia-mundial-de-los-oceanos-500x313.jpg 500w, https://rinconeducativo.org/wp-content/uploads/2022/09/dia-mundial-de-los-oceanos-768x480.jpg 768w" sizes="auto, (max-width: 800px) 100vw, 800px" /></figure>



<h2 class="wp-block-heading">Nuestro océano es nuestro futuro</h2>



<p>Cuando pensamos en los riesgos para la salud pública, es posible que no pensemos en el océano. Sin embargo, cada vez más, la salud del océano está íntimamente ligada a nuestra salud. Algunos pueden sorprenderse al saber que&nbsp;<a href="https://en.unesco.org/news/covid-19-ocean-ally-against-virus-0">organismos descubiertos a profundidades extremas se utilizan para acelerar la detección de COVID-19,</a>&nbsp;y lo que podría ser aún más asombroso, que este es un ecosistema que podría dar una solución a la humanidad.</p>



<p>Esta es una de las múltiples razones por las que debemos celebrar&nbsp;<strong><a href="https://unworldoceansday.org/">el Día Mundial de los Océanos</a></strong>: para recordar&nbsp;a todos el papel importante que tienen los océanos en la vida cotidiana. Ellos son los pulmones de nuestro planeta,&nbsp; la mayor parte del oxígeno que respiramos. El propósito del Día es concienciar a la opinión pública sobre las consecuencias que la actividad humana tiene para los océanos y&nbsp; poner en marcha un movimiento mundial ciudadano a favor de los océanos. Este día quiere movilizar y unir a la población mundial entorno al objetivo de la gestión sostenible de los océanos, que son una fuente importante de alimentos y medicinas y una parte esencial de la biosfera. En deninitiva, esta celebración es un buen motivo para celebrar juntos la belleza, la riqueza y el potencial de los océanos.</p>



<p></p>



<p><em>Ver artículos relacionados:</em></p>



<div class="wp-block-buttons is-layout-flex wp-block-buttons-is-layout-flex">
<div class="wp-block-button has-custom-font-size is-style-fill has-small-font-size"><a class="wp-block-button__link has-background wp-element-button" href="https://rinconeducativo.org/es/recursos-educativos/que-es-la-acidificacion-de-los-oceanos/" style="background-color:#0072cf" target="_blank" rel="noreferrer noopener">¿Qué es la acidificación de los oceános?</a></div>
</div>



<div style="height:15px" aria-hidden="true" class="wp-block-spacer"></div>



<div class="wp-block-buttons is-layout-flex wp-block-buttons-is-layout-flex">
<div class="wp-block-button has-custom-font-size is-style-fill has-small-font-size"><a class="wp-block-button__link has-background wp-element-button" href="https://rinconeducativo.org/es/noticias/lo-que-los-atomos-de-las-almejas-nos-cuentan-sobre-los-peligros-de-la-acidificacion-de-los/" style="background-color:#0072cf" target="_blank" rel="noreferrer noopener">Lo que los átomos de las almejas nos cuenta sobre los peligros de la acidificación de los oceános</a></div>
</div>



<div style="height:15px" aria-hidden="true" class="wp-block-spacer"></div>



<div class="wp-block-buttons is-layout-flex wp-block-buttons-is-layout-flex">
<div class="wp-block-button has-custom-font-size has-small-font-size"><a class="wp-block-button__link has-background wp-element-button" style="background-color:#0072cf">Lámina interactiva "Soluciones Nucleares a la Contaminación por Plásticos"</a></div>
</div>

<p>8 de junio - Día Mundial de los Océanos</p>

<!-- This site is optimized with the Yoast SEO plugin v26.8 - https://yoast.com/product/yoast-seo-wordpress/ -->
<title>8 de junio - Día Mundial de los Océanos - Rincón educativo</title>
<meta name="robots" content="index, follow, max-snippet:-1, max-image-preview:large, max-video-preview:-1" />
<link rel="canonical" href="https://rinconeducativo.org/es/efemerides/dia-mundial-oceanos/" />
<meta property="og:locale" content="es_ES" />
<meta property="og:type" content="article" />
<meta property="og:title" content="8 de junio - Día Mundial de los Océanos - Rincón educativo" />
<meta property="og:description" content="8 de junio - Día Mundial de los Océanos" />
<meta property="og:url" content="https://rinconeducativo.org/es/efemerides/dia-mundial-oceanos/" />
<meta property="og:site_name" content="Rincón educativo" />
<meta property="article:modified_time" content="2025-05-07T10:09:32+00:00" />
<meta property="og:image" content="https://rinconeducativo.org/wp-content/uploads/2022/09/dia-mundial-de-los-oceanos.jpg" />
	<meta property="og:image:width" content="800" />
	<meta property="og:image:height" content="500" />
	<meta property="og:image:type" content="image/jpeg" />
<meta name="twitter:card" content="summary_large_image" />
<script type="application/ld+json" class="yoast-schema-graph">{"@context":"https://schema.org","@graph":[{"@type":"WebPage","@id":"https://rinconeducativo.org/es/efemerides/dia-mundial-oceanos/","url":"https://rinconeducativo.org/es/efemerides/dia-mundial-oceanos/","name":"8 de junio - Día Mundial de los Océanos - Rincón educativo","isPartOf":{"@id":"https://rinconeducativo.org/es/#website"},"primaryImageOfPage":{"@id":"https://rinconeducativo.org/es/efemerides/dia-mundial-oceanos/#primaryimage"},"image":{"@id":"https://rinconeducativo.org/es/efemerides/dia-mundial-oceanos/#primaryimage"},"thumbnailUrl":"https://rinconeducativo.org/wp-content/uploads/2022/09/dia-mundial-de-los-oceanos.jpg","datePublished":"2020-06-08T06:42:42+00:00","dateModified":"2025-05-07T10:09:32+00:00","breadcrumb":{"@id":"https://rinconeducativo.org/es/efemerides/dia-mundial-oceanos/#breadcrumb"},"inLanguage":"es","potentialAction":[{"@type":"ReadAction","target":["https://rinconeducativo.org/es/efemerides/dia-mundial-oceanos/"]}]},{"@type":"ImageObject","inLanguage":"es","@id":"https://rinconeducativo.org/es/efemerides/dia-mundial-oceanos/#primaryimage","url":"https://rinconeducativo.org/wp-content/uploads/2022/09/dia-mundial-de-los-oceanos.jpg","contentUrl":"https://rinconeducativo.org/wp-content/uploads/2022/09/dia-mundial-de-los-oceanos.jpg","width":800,"height":500},{"@type":"BreadcrumbList","@id":"https://rinconeducativo.org/es/efemerides/dia-mundial-oceanos/#breadcrumb","itemListElement":[{"@type":"ListItem","position":1,"name":"Portada","item":"https://rinconeducativo.org/es/"},{"@type":"ListItem","position":2,"name":"Efemérides","item":"https://rinconeducativo.org/es/efemerides/"},{"@type":"ListItem","position":3,"name":"8 de junio - Día Mundial de los Océanos"}]},{"@type":"WebSite","@id":"https://rinconeducativo.org/es/#website","url":"https://rinconeducativo.org/es/","name":"Rincón educativo","description":"Un proyecto del Foro Nuclear","potentialAction":[{"@type":"SearchAction","target":{"@type":"EntryPoint","urlTemplate":"https://rinconeducativo.org/es/?s={search_term_string}"},"query-input":{"@type":"PropertyValueSpecification","valueRequired":true,"valueName":"search_term_string"}}],"inLanguage":"es"}]}</script>
<!-- / Yoast SEO plugin. -->

8 de junio - Día Mundial de los Océanos - Rincón educativo

Rincón educativo

Efemérides
