{"id":7743,"date":"2020-03-09T11:02:51","date_gmt":"2020-03-09T11:02:51","guid":{"rendered":"https:\/\/wp.rinconeducativo.org\/?event=9-de-marzo-de-1983-muere-de-jose-maria-otero-navascues-padre-de-la-energia-nuclear-en"},"modified":"2024-12-19T12:59:12","modified_gmt":"2024-12-19T11:59:12","slug":"9-marzo-1983-fallece-jose-maria-otero-navascues-padre-energia-nuclear-espana","status":"publish","type":"re_efemeride","link":"https:\/\/rinconeducativo.org\/es\/efemerides\/9-marzo-1983-fallece-jose-maria-otero-navascues-padre-energia-nuclear-espana\/","title":{"rendered":"9 de marzo de 1983 - Fallece Jos\u00e9 Mar\u00eda Otero Navascu\u00e9s, padre de la energ\u00eda nuclear en Espa\u00f1a"},"content":{"rendered":"<div class=\"wp-block-image\">\n<figure class=\"alignleft size-full\"><img loading=\"lazy\" decoding=\"async\" width=\"227\" height=\"222\" src=\"https:\/\/wp2.rinconeducativo.org\/wp-content\/uploads\/2022\/09\/otero_jose_maria.jpg\" alt=\"\" class=\"wp-image-17870\"\/><\/figure>\n<\/div>\n\n<p>Otero puede considerarse como el padre de la&nbsp;energ\u00eda nuclear en Espa\u00f1a&nbsp;ya que fue presidente de la&nbsp;Junta de Energ\u00eda Nuclear&nbsp;desde 1958 hasta 1974. Durante este periodo se cre\u00f3 el primer reactor espa\u00f1ol, el&nbsp;reactor de la Moncloa&nbsp;(1958) y en 1969 la primera central nuclear espa\u00f1ola, la central de Jos\u00e9 Cabrera&nbsp;en&nbsp;Almonacid de Zorita. En 1965 fue nombrado presidente de la&nbsp;Sociedad Europea de Energ\u00eda At\u00f3mica&nbsp;y en el 1968 presidente de la&nbsp;Oficina Internacional de Pesos y Medidas. En 1968 fue nombrado gobernador del&nbsp;Organismo Internacional de Energ\u00eda At\u00f3mica&nbsp;(OIEA).<\/p>","protected":false},"excerpt":{"rendered":"<p>Otero puede considerarse como el padre de la&nbsp;energ\u00eda nuclear en Espa\u00f1a&nbsp;ya que fue presidente de la&nbsp;Junta de Energ\u00eda Nuclear&nbsp;desde 1958 hasta 1974. Durante este periodo se cre\u00f3 el primer reactor espa\u00f1ol, el&nbsp;reactor de la Moncloa&nbsp;(1958) y en 1969 la primera central nuclear espa\u00f1ola, la central de Jos\u00e9 Cabrera&nbsp;en&nbsp;Almonacid de Zorita. En 1965 fue nombrado presidente [&hellip;]<\/p>\n","protected":false},"author":1088,"featured_media":0,"template":"","meta":{"_acf_changed":false,"footnotes":""},"tags":[5684,8233],"mes":[7124],"clasificacion_anterior":[],"class_list":["post-7743","re_efemeride","type-re_efemeride","status-publish","hentry","tag-energia-nuclear","tag-reactores","mes-marzo"],"acf":{"fecha":"19830309"},"yoast_head":"<!-- This site is optimized with the Yoast SEO plugin v26.8 - https:\/\/yoast.com\/product\/yoast-seo-wordpress\/ -->\n<title>9 de marzo de 1983 - Fallece Jos\u00e9 Mar\u00eda Otero Navascu\u00e9s, padre de la energ\u00eda nuclear en Espa\u00f1a - Rinc\u00f3n educativo<\/title>\n<meta name=\"robots\" content=\"index, follow, max-snippet:-1, max-image-preview:large, max-video-preview:-1\" \/>\n<link rel=\"canonical\" href=\"https:\/\/rinconeducativo.org\/es\/efemerides\/9-marzo-1983-fallece-jose-maria-otero-navascues-padre-energia-nuclear-espana\/\" \/>\n<meta property=\"og:locale\" content=\"es_ES\" \/>\n<meta property=\"og:type\" content=\"article\" \/>\n<meta property=\"og:title\" content=\"9 de marzo de 1983 - Fallece Jos\u00e9 Mar\u00eda Otero Navascu\u00e9s, padre de la energ\u00eda nuclear en Espa\u00f1a - Rinc\u00f3n educativo\" \/>\n<meta property=\"og:description\" content=\"Otero puede considerarse como el padre de la&nbsp;energ\u00eda nuclear en Espa\u00f1a&nbsp;ya que fue presidente de la&nbsp;Junta de Energ\u00eda Nuclear&nbsp;desde 1958 hasta 1974. Durante este periodo se cre\u00f3 el primer reactor espa\u00f1ol, el&nbsp;reactor de la Moncloa&nbsp;(1958) y en 1969 la primera central nuclear espa\u00f1ola, la central de Jos\u00e9 Cabrera&nbsp;en&nbsp;Almonacid de Zorita. En 1965 fue nombrado presidente [&hellip;]\" \/>\n<meta property=\"og:url\" content=\"https:\/\/rinconeducativo.org\/es\/efemerides\/9-marzo-1983-fallece-jose-maria-otero-navascues-padre-energia-nuclear-espana\/\" \/>\n<meta property=\"og:site_name\" content=\"Rinc\u00f3n educativo\" \/>\n<meta property=\"article:modified_time\" content=\"2024-12-19T11:59:12+00:00\" \/>\n<meta property=\"og:image\" content=\"https:\/\/rinconeducativo.org\/wp-content\/uploads\/2022\/09\/otero_jose_maria.jpg\" \/>\n\t<meta property=\"og:image:width\" content=\"227\" \/>\n\t<meta property=\"og:image:height\" content=\"222\" \/>\n\t<meta property=\"og:image:type\" content=\"image\/jpeg\" \/>\n<meta name=\"twitter:card\" content=\"summary_large_image\" \/>\n<script type=\"application\/ld+json\" class=\"yoast-schema-graph\">{\"@context\":\"https:\/\/schema.org\",\"@graph\":[{\"@type\":\"WebPage\",\"@id\":\"https:\/\/rinconeducativo.org\/es\/efemerides\/9-marzo-1983-fallece-jose-maria-otero-navascues-padre-energia-nuclear-espana\/\",\"url\":\"https:\/\/rinconeducativo.org\/es\/efemerides\/9-marzo-1983-fallece-jose-maria-otero-navascues-padre-energia-nuclear-espana\/\",\"name\":\"9 de marzo de 1983 - Fallece Jos\u00e9 Mar\u00eda Otero Navascu\u00e9s, padre de la energ\u00eda nuclear en Espa\u00f1a - Rinc\u00f3n educativo\",\"isPartOf\":{\"@id\":\"https:\/\/rinconeducativo.org\/es\/#website\"},\"primaryImageOfPage\":{\"@id\":\"https:\/\/rinconeducativo.org\/es\/efemerides\/9-marzo-1983-fallece-jose-maria-otero-navascues-padre-energia-nuclear-espana\/#primaryimage\"},\"image\":{\"@id\":\"https:\/\/rinconeducativo.org\/es\/efemerides\/9-marzo-1983-fallece-jose-maria-otero-navascues-padre-energia-nuclear-espana\/#primaryimage\"},\"thumbnailUrl\":\"https:\/\/wp2.rinconeducativo.org\/wp-content\/uploads\/2022\/09\/otero_jose_maria.jpg\",\"datePublished\":\"2020-03-09T11:02:51+00:00\",\"dateModified\":\"2024-12-19T11:59:12+00:00\",\"breadcrumb\":{\"@id\":\"https:\/\/rinconeducativo.org\/es\/efemerides\/9-marzo-1983-fallece-jose-maria-otero-navascues-padre-energia-nuclear-espana\/#breadcrumb\"},\"inLanguage\":\"es\",\"potentialAction\":[{\"@type\":\"ReadAction\",\"target\":[\"https:\/\/rinconeducativo.org\/es\/efemerides\/9-marzo-1983-fallece-jose-maria-otero-navascues-padre-energia-nuclear-espana\/\"]}]},{\"@type\":\"ImageObject\",\"inLanguage\":\"es\",\"@id\":\"https:\/\/rinconeducativo.org\/es\/efemerides\/9-marzo-1983-fallece-jose-maria-otero-navascues-padre-energia-nuclear-espana\/#primaryimage\",\"url\":\"https:\/\/wp2.rinconeducativo.org\/wp-content\/uploads\/2022\/09\/otero_jose_maria.jpg\",\"contentUrl\":\"https:\/\/wp2.rinconeducativo.org\/wp-content\/uploads\/2022\/09\/otero_jose_maria.jpg\"},{\"@type\":\"BreadcrumbList\",\"@id\":\"https:\/\/rinconeducativo.org\/es\/efemerides\/9-marzo-1983-fallece-jose-maria-otero-navascues-padre-energia-nuclear-espana\/#breadcrumb\",\"itemListElement\":[{\"@type\":\"ListItem\",\"position\":1,\"name\":\"Portada\",\"item\":\"https:\/\/rinconeducativo.org\/es\/\"},{\"@type\":\"ListItem\",\"position\":2,\"name\":\"Efem\u00e9rides\",\"item\":\"https:\/\/rinconeducativo.org\/es\/efemerides\/\"},{\"@type\":\"ListItem\",\"position\":3,\"name\":\"9 de marzo de 1983 - Fallece Jos\u00e9 Mar\u00eda Otero Navascu\u00e9s, padre de la energ\u00eda nuclear en Espa\u00f1a\"}]},{\"@type\":\"WebSite\",\"@id\":\"https:\/\/rinconeducativo.org\/es\/#website\",\"url\":\"https:\/\/rinconeducativo.org\/es\/\",\"name\":\"Rinc\u00f3n educativo\",\"description\":\"Un proyecto del Foro Nuclear\",\"potentialAction\":[{\"@type\":\"SearchAction\",\"target\":{\"@type\":\"EntryPoint\",\"urlTemplate\":\"https:\/\/rinconeducativo.org\/es\/?s={search_term_string}\"},\"query-input\":{\"@type\":\"PropertyValueSpecification\",\"valueRequired\":true,\"valueName\":\"search_term_string\"}}],\"inLanguage\":\"es\"}]}<\/script>\n<!-- \/ Yoast SEO plugin. -->","yoast_head_json":{"title":"9 de marzo de 1983 - Fallece Jos\u00e9 Mar\u00eda Otero Navascu\u00e9s, padre de la energ\u00eda nuclear en Espa\u00f1a - Rinc\u00f3n educativo","robots":{"index":"index","follow":"follow","max-snippet":"max-snippet:-1","max-image-preview":"max-image-preview:large","max-video-preview":"max-video-preview:-1"},"canonical":"https:\/\/rinconeducativo.org\/es\/efemerides\/9-marzo-1983-fallece-jose-maria-otero-navascues-padre-energia-nuclear-espana\/","og_locale":"es_ES","og_type":"article","og_title":"9 de marzo de 1983 - Fallece Jos\u00e9 Mar\u00eda Otero Navascu\u00e9s, padre de la energ\u00eda nuclear en Espa\u00f1a - Rinc\u00f3n educativo","og_description":"Otero puede considerarse como el padre de la&nbsp;energ\u00eda nuclear en Espa\u00f1a&nbsp;ya que fue presidente de la&nbsp;Junta de Energ\u00eda Nuclear&nbsp;desde 1958 hasta 1974. Durante este periodo se cre\u00f3 el primer reactor espa\u00f1ol, el&nbsp;reactor de la Moncloa&nbsp;(1958) y en 1969 la primera central nuclear espa\u00f1ola, la central de Jos\u00e9 Cabrera&nbsp;en&nbsp;Almonacid de Zorita. En 1965 fue nombrado presidente [&hellip;]","og_url":"https:\/\/rinconeducativo.org\/es\/efemerides\/9-marzo-1983-fallece-jose-maria-otero-navascues-padre-energia-nuclear-espana\/","og_site_name":"Rinc\u00f3n educativo","article_modified_time":"2024-12-19T11:59:12+00:00","og_image":[{"width":227,"height":222,"url":"https:\/\/rinconeducativo.org\/wp-content\/uploads\/2022\/09\/otero_jose_maria.jpg","type":"image\/jpeg"}],"twitter_card":"summary_large_image","schema":{"@context":"https:\/\/schema.org","@graph":[{"@type":"WebPage","@id":"https:\/\/rinconeducativo.org\/es\/efemerides\/9-marzo-1983-fallece-jose-maria-otero-navascues-padre-energia-nuclear-espana\/","url":"https:\/\/rinconeducativo.org\/es\/efemerides\/9-marzo-1983-fallece-jose-maria-otero-navascues-padre-energia-nuclear-espana\/","name":"9 de marzo de 1983 - Fallece Jos\u00e9 Mar\u00eda Otero Navascu\u00e9s, padre de la energ\u00eda nuclear en Espa\u00f1a - Rinc\u00f3n educativo","isPartOf":{"@id":"https:\/\/rinconeducativo.org\/es\/#website"},"primaryImageOfPage":{"@id":"https:\/\/rinconeducativo.org\/es\/efemerides\/9-marzo-1983-fallece-jose-maria-otero-navascues-padre-energia-nuclear-espana\/#primaryimage"},"image":{"@id":"https:\/\/rinconeducativo.org\/es\/efemerides\/9-marzo-1983-fallece-jose-maria-otero-navascues-padre-energia-nuclear-espana\/#primaryimage"},"thumbnailUrl":"https:\/\/wp2.rinconeducativo.org\/wp-content\/uploads\/2022\/09\/otero_jose_maria.jpg","datePublished":"2020-03-09T11:02:51+00:00","dateModified":"2024-12-19T11:59:12+00:00","breadcrumb":{"@id":"https:\/\/rinconeducativo.org\/es\/efemerides\/9-marzo-1983-fallece-jose-maria-otero-navascues-padre-energia-nuclear-espana\/#breadcrumb"},"inLanguage":"es","potentialAction":[{"@type":"ReadAction","target":["https:\/\/rinconeducativo.org\/es\/efemerides\/9-marzo-1983-fallece-jose-maria-otero-navascues-padre-energia-nuclear-espana\/"]}]},{"@type":"ImageObject","inLanguage":"es","@id":"https:\/\/rinconeducativo.org\/es\/efemerides\/9-marzo-1983-fallece-jose-maria-otero-navascues-padre-energia-nuclear-espana\/#primaryimage","url":"https:\/\/wp2.rinconeducativo.org\/wp-content\/uploads\/2022\/09\/otero_jose_maria.jpg","contentUrl":"https:\/\/wp2.rinconeducativo.org\/wp-content\/uploads\/2022\/09\/otero_jose_maria.jpg"},{"@type":"BreadcrumbList","@id":"https:\/\/rinconeducativo.org\/es\/efemerides\/9-marzo-1983-fallece-jose-maria-otero-navascues-padre-energia-nuclear-espana\/#breadcrumb","itemListElement":[{"@type":"ListItem","position":1,"name":"Portada","item":"https:\/\/rinconeducativo.org\/es\/"},{"@type":"ListItem","position":2,"name":"Efem\u00e9rides","item":"https:\/\/rinconeducativo.org\/es\/efemerides\/"},{"@type":"ListItem","position":3,"name":"9 de marzo de 1983 - Fallece Jos\u00e9 Mar\u00eda Otero Navascu\u00e9s, padre de la energ\u00eda nuclear en Espa\u00f1a"}]},{"@type":"WebSite","@id":"https:\/\/rinconeducativo.org\/es\/#website","url":"https:\/\/rinconeducativo.org\/es\/","name":"Rinc\u00f3n educativo","description":"Un proyecto del Foro Nuclear","potentialAction":[{"@type":"SearchAction","target":{"@type":"EntryPoint","urlTemplate":"https:\/\/rinconeducativo.org\/es\/?s={search_term_string}"},"query-input":{"@type":"PropertyValueSpecification","valueRequired":true,"valueName":"search_term_string"}}],"inLanguage":"es"}]}},"_links":{"self":[{"href":"https:\/\/rinconeducativo.org\/es\/wp-json\/wp\/v2\/re_efemeride\/7743","targetHints":{"allow":["GET"]}}],"collection":[{"href":"https:\/\/rinconeducativo.org\/es\/wp-json\/wp\/v2\/re_efemeride"}],"about":[{"href":"https:\/\/rinconeducativo.org\/es\/wp-json\/wp\/v2\/types\/re_efemeride"}],"author":[{"embeddable":true,"href":"https:\/\/rinconeducativo.org\/es\/wp-json\/wp\/v2\/users\/1088"}],"version-history":[{"count":1,"href":"https:\/\/rinconeducativo.org\/es\/wp-json\/wp\/v2\/re_efemeride\/7743\/revisions"}],"predecessor-version":[{"id":24812,"href":"https:\/\/rinconeducativo.org\/es\/wp-json\/wp\/v2\/re_efemeride\/7743\/revisions\/24812"}],"wp:attachment":[{"href":"https:\/\/rinconeducativo.org\/es\/wp-json\/wp\/v2\/media?parent=7743"}],"wp:term":[{"taxonomy":"post_tag","embeddable":true,"href":"https:\/\/rinconeducativo.org\/es\/wp-json\/wp\/v2\/tags?post=7743"},{"taxonomy":"mes","embeddable":true,"href":"https:\/\/rinconeducativo.org\/es\/wp-json\/wp\/v2\/mes?post=7743"},{"taxonomy":"clasificacion_anterior","embeddable":true,"href":"https:\/\/rinconeducativo.org\/es\/wp-json\/wp\/v2\/clasificacion_anterior?post=7743"}],"curies":[{"name":"wp","href":"https:\/\/api.w.org\/{rel}","templated":true}]}}

9 de marzo de 1983 - Fallece José María Otero Navascués, padre de la energía nuclear en España

<div class="wp-block-image">
<figure class="alignleft size-full"><img loading="lazy" decoding="async" width="227" height="222" src="https://wp2.rinconeducativo.org/wp-content/uploads/2022/09/otero_jose_maria.jpg" alt="" class="wp-image-17870"/></figure>
</div>

<p>Otero puede considerarse como el padre de la&nbsp;energía nuclear en España&nbsp;ya que fue presidente de la&nbsp;Junta de Energía Nuclear&nbsp;desde 1958 hasta 1974. Durante este periodo se creó el primer reactor español, el&nbsp;reactor de la Moncloa&nbsp;(1958) y en 1969 la primera central nuclear española, la central de José Cabrera&nbsp;en&nbsp;Almonacid de Zorita. En 1965 fue nombrado presidente de la&nbsp;Sociedad Europea de Energía Atómica&nbsp;y en el 1968 presidente de la&nbsp;Oficina Internacional de Pesos y Medidas. En 1968 fue nombrado gobernador del&nbsp;Organismo Internacional de Energía Atómica&nbsp;(OIEA).</p>

<p>Otero puede considerarse como el padre de la&nbsp;energía nuclear en España&nbsp;ya que fue presidente de la&nbsp;Junta de Energía Nuclear&nbsp;desde 1958 hasta 1974. Durante este periodo se creó el primer reactor español, el&nbsp;reactor de la Moncloa&nbsp;(1958) y en 1969 la primera central nuclear española, la central de José Cabrera&nbsp;en&nbsp;Almonacid de Zorita. En 1965 fue nombrado presidente [&hellip;]</p>

<!-- This site is optimized with the Yoast SEO plugin v26.8 - https://yoast.com/product/yoast-seo-wordpress/ -->
<title>9 de marzo de 1983 - Fallece José María Otero Navascués, padre de la energía nuclear en España - Rincón educativo</title>
<meta name="robots" content="index, follow, max-snippet:-1, max-image-preview:large, max-video-preview:-1" />
<link rel="canonical" href="https://rinconeducativo.org/es/efemerides/9-marzo-1983-fallece-jose-maria-otero-navascues-padre-energia-nuclear-espana/" />
<meta property="og:locale" content="es_ES" />
<meta property="og:type" content="article" />
<meta property="og:title" content="9 de marzo de 1983 - Fallece José María Otero Navascués, padre de la energía nuclear en España - Rincón educativo" />
<meta property="og:description" content="Otero puede considerarse como el padre de la&nbsp;energía nuclear en España&nbsp;ya que fue presidente de la&nbsp;Junta de Energía Nuclear&nbsp;desde 1958 hasta 1974. Durante este periodo se creó el primer reactor español, el&nbsp;reactor de la Moncloa&nbsp;(1958) y en 1969 la primera central nuclear española, la central de José Cabrera&nbsp;en&nbsp;Almonacid de Zorita. En 1965 fue nombrado presidente [&hellip;]" />
<meta property="og:url" content="https://rinconeducativo.org/es/efemerides/9-marzo-1983-fallece-jose-maria-otero-navascues-padre-energia-nuclear-espana/" />
<meta property="og:site_name" content="Rincón educativo" />
<meta property="article:modified_time" content="2024-12-19T11:59:12+00:00" />
<meta property="og:image" content="https://rinconeducativo.org/wp-content/uploads/2022/09/otero_jose_maria.jpg" />
	<meta property="og:image:width" content="227" />
	<meta property="og:image:height" content="222" />
	<meta property="og:image:type" content="image/jpeg" />
<meta name="twitter:card" content="summary_large_image" />
<script type="application/ld+json" class="yoast-schema-graph">{"@context":"https://schema.org","@graph":[{"@type":"WebPage","@id":"https://rinconeducativo.org/es/efemerides/9-marzo-1983-fallece-jose-maria-otero-navascues-padre-energia-nuclear-espana/","url":"https://rinconeducativo.org/es/efemerides/9-marzo-1983-fallece-jose-maria-otero-navascues-padre-energia-nuclear-espana/","name":"9 de marzo de 1983 - Fallece José María Otero Navascués, padre de la energía nuclear en España - Rincón educativo","isPartOf":{"@id":"https://rinconeducativo.org/es/#website"},"primaryImageOfPage":{"@id":"https://rinconeducativo.org/es/efemerides/9-marzo-1983-fallece-jose-maria-otero-navascues-padre-energia-nuclear-espana/#primaryimage"},"image":{"@id":"https://rinconeducativo.org/es/efemerides/9-marzo-1983-fallece-jose-maria-otero-navascues-padre-energia-nuclear-espana/#primaryimage"},"thumbnailUrl":"https://wp2.rinconeducativo.org/wp-content/uploads/2022/09/otero_jose_maria.jpg","datePublished":"2020-03-09T11:02:51+00:00","dateModified":"2024-12-19T11:59:12+00:00","breadcrumb":{"@id":"https://rinconeducativo.org/es/efemerides/9-marzo-1983-fallece-jose-maria-otero-navascues-padre-energia-nuclear-espana/#breadcrumb"},"inLanguage":"es","potentialAction":[{"@type":"ReadAction","target":["https://rinconeducativo.org/es/efemerides/9-marzo-1983-fallece-jose-maria-otero-navascues-padre-energia-nuclear-espana/"]}]},{"@type":"ImageObject","inLanguage":"es","@id":"https://rinconeducativo.org/es/efemerides/9-marzo-1983-fallece-jose-maria-otero-navascues-padre-energia-nuclear-espana/#primaryimage","url":"https://wp2.rinconeducativo.org/wp-content/uploads/2022/09/otero_jose_maria.jpg","contentUrl":"https://wp2.rinconeducativo.org/wp-content/uploads/2022/09/otero_jose_maria.jpg"},{"@type":"BreadcrumbList","@id":"https://rinconeducativo.org/es/efemerides/9-marzo-1983-fallece-jose-maria-otero-navascues-padre-energia-nuclear-espana/#breadcrumb","itemListElement":[{"@type":"ListItem","position":1,"name":"Portada","item":"https://rinconeducativo.org/es/"},{"@type":"ListItem","position":2,"name":"Efemérides","item":"https://rinconeducativo.org/es/efemerides/"},{"@type":"ListItem","position":3,"name":"9 de marzo de 1983 - Fallece José María Otero Navascués, padre de la energía nuclear en España"}]},{"@type":"WebSite","@id":"https://rinconeducativo.org/es/#website","url":"https://rinconeducativo.org/es/","name":"Rincón educativo","description":"Un proyecto del Foro Nuclear","potentialAction":[{"@type":"SearchAction","target":{"@type":"EntryPoint","urlTemplate":"https://rinconeducativo.org/es/?s={search_term_string}"},"query-input":{"@type":"PropertyValueSpecification","valueRequired":true,"valueName":"search_term_string"}}],"inLanguage":"es"}]}</script>
<!-- / Yoast SEO plugin. -->

9 de marzo de 1983 - Fallece José María Otero Navascués, padre de la energía nuclear en España - Rincón educativo

Otero puede considerarse como el padre de la&nbsp;energía nuclear en España&nbsp;ya que fue presidente de la&nbsp;Junta de Energía Nuclear&nbsp;desde 1958 hasta 1974. Durante este periodo se creó el primer reactor español, el&nbsp;reactor de la Moncloa&nbsp;(1958) y en 1969 la primera central nuclear española, la central de José Cabrera&nbsp;en&nbsp;Almonacid de Zorita. En 1965 fue nombrado presidente [&hellip;]

Rincón educativo

Efemérides
