{"id":35631,"date":"2020-08-29T11:43:00","date_gmt":"2020-08-29T09:43:00","guid":{"rendered":"https:\/\/rinconeducativo.org\/?post_type=re_efemeride&#038;p=35631"},"modified":"2024-08-19T12:02:18","modified_gmt":"2024-08-19T10:02:18","slug":"29-agosto-1982-se-sintetiza-primera-vez-meitnerio","status":"publish","type":"re_efemeride","link":"https:\/\/rinconeducativo.org\/es\/efemerides\/29-agosto-1982-se-sintetiza-primera-vez-meitnerio\/","title":{"rendered":"29 de agosto de 1982 - Se sintetiza por primera vez el meitnerio"},"content":{"rendered":"<div class=\"wp-block-image\">\n<figure class=\"alignleft size-full is-resized\"><img loading=\"lazy\" decoding=\"async\" width=\"766\" height=\"352\" src=\"https:\/\/rinconeducativo.org\/wp-content\/uploads\/2024\/08\/Meitnerio.png\" alt=\"\" class=\"wp-image-35632\" style=\"width:431px;height:auto\" srcset=\"https:\/\/rinconeducativo.org\/wp-content\/uploads\/2024\/08\/Meitnerio.png 766w, https:\/\/rinconeducativo.org\/wp-content\/uploads\/2024\/08\/Meitnerio-500x230.png 500w\" sizes=\"auto, (max-width: 766px) 100vw, 766px\" \/><\/figure>\n<\/div>\n\n\n<p>El meitnerio, anteriormente llamado unilenio, es un elemento qu\u00edmico de la tabla peri\u00f3dica cuyo s\u00edmbolo es Mt y su n\u00famero at\u00f3mico es 109.<\/p>\n\n\n\n<p>En la tabla peri\u00f3dica, es un elemento transact\u00ednido del 7\u00ba periodo de la serie d y se sit\u00faan el grupo 9 de los elementos aunque a\u00fan no se han realizado experiemtnos qu\u00edmicos que confirmen que se comporta como los elementos de este grupo. Tiene una alta radiactividad y corta vida en la naturaliza.<\/p>\n\n\n\n<p>Se estima que el meitnerio tiene propiedades similares a las de sus hom\u00f3logos m\u00e1s ligeros como son el cobalto, el rodio y el iridio porque se comporta como un metal.<\/p>\n\n\n\n<p>Fue sintetizado por primera vez en 1982 por un equipo de investigaci\u00f3n alem\u00e1n encabezado por Peter Armbruster y Gottfried M\u00fcnzenberg en el Instituto de Investigaci\u00f3n de Iones Pesados (Gesellschaft f\u00fcr Schwerionenforschung) en Darmstadt, bombardeando bismuto-209 con n\u00facleos acelerados de hierro-58.<\/p>\n\n\n\n<p>La creaci\u00f3n de este elemento demostr\u00f3 que las t\u00e9cnicas de fusi\u00f3n nuclear pod\u00edan ser usadas para crear nuevos n\u00facleos pesados.<\/p>\n\n\n\n<p>Sus aplicaciones son pr\u00e1cticamente nulas debido a que su producci\u00f3n es artificial y solo se han conseguido 10 \u00e1tomos de corta duraci\u00f3n. Por este motivo, s\u00f3lo se utiliza en investigaci\u00f3n cient\u00edfica.<\/p>\n\n\n\n<p>El nombre de meitnerio fue sugerido en honor a la matem\u00e1tica y f\u00edsica, <a href=\"https:\/\/rinconeducativo.org\/es\/recursos-educativos\/lise-meitner\/\" target=\"_blank\" rel=\"noreferrer noopener\">Lise Meitner<\/a>. No obstante, por aquel entocnes hab\u00eda una controversia acerca de los nombres de los elementos comprendidos entre 101 y 109; as\u00ed pues, la <a href=\"https:\/\/iupac.org\/\">International Union of Pure and Applied Chemistry (IUPAC)<\/a> adopt\u00f3 el nombre de unnilenium (s\u00edmbolo Uno) de manera temporal, como nombre sistem\u00e1ticao del elemento. En 1997, se resolvi\u00f3 la disputa y se qued\u00f3 con el nombre actual.<\/p>\n","protected":false},"excerpt":{"rendered":"<p>29 de agosto de 1982 - Se sintetiza por primera vez el meitnerio.<\/p>\n","protected":false},"author":1088,"featured_media":35632,"template":"","meta":{"_acf_changed":false,"footnotes":""},"tags":[6255,5684,6071],"mes":[7119],"clasificacion_anterior":[],"class_list":["post-35631","re_efemeride","type-re_efemeride","status-publish","has-post-thumbnail","hentry","tag-atomos","tag-energia-nuclear","tag-tabla-periodica","mes-agosto"],"acf":{"fecha":"19820829"},"yoast_head":"<!-- This site is optimized with the Yoast SEO plugin v26.8 - https:\/\/yoast.com\/product\/yoast-seo-wordpress\/ -->\n<title>29 de agosto de 1982 - Se sintetiza por primera vez el meitnerio - Rinc\u00f3n educativo<\/title>\n<meta name=\"robots\" content=\"index, follow, max-snippet:-1, max-image-preview:large, max-video-preview:-1\" \/>\n<link rel=\"canonical\" href=\"https:\/\/rinconeducativo.org\/es\/efemerides\/29-agosto-1982-se-sintetiza-primera-vez-meitnerio\/\" \/>\n<meta property=\"og:locale\" content=\"es_ES\" \/>\n<meta property=\"og:type\" content=\"article\" \/>\n<meta property=\"og:title\" content=\"29 de agosto de 1982 - Se sintetiza por primera vez el meitnerio - Rinc\u00f3n educativo\" \/>\n<meta property=\"og:description\" content=\"29 de agosto de 1982 - Se sintetiza por primera vez el meitnerio.\" \/>\n<meta property=\"og:url\" content=\"https:\/\/rinconeducativo.org\/es\/efemerides\/29-agosto-1982-se-sintetiza-primera-vez-meitnerio\/\" \/>\n<meta property=\"og:site_name\" content=\"Rinc\u00f3n educativo\" \/>\n<meta property=\"article:modified_time\" content=\"2024-08-19T10:02:18+00:00\" \/>\n<meta property=\"og:image\" content=\"https:\/\/rinconeducativo.org\/wp-content\/uploads\/2024\/08\/Meitnerio.png\" \/>\n\t<meta property=\"og:image:width\" content=\"766\" \/>\n\t<meta property=\"og:image:height\" content=\"352\" \/>\n\t<meta property=\"og:image:type\" content=\"image\/png\" \/>\n<meta name=\"twitter:card\" content=\"summary_large_image\" \/>\n<script type=\"application\/ld+json\" class=\"yoast-schema-graph\">{\"@context\":\"https:\/\/schema.org\",\"@graph\":[{\"@type\":\"WebPage\",\"@id\":\"https:\/\/rinconeducativo.org\/es\/efemerides\/29-agosto-1982-se-sintetiza-primera-vez-meitnerio\/\",\"url\":\"https:\/\/rinconeducativo.org\/es\/efemerides\/29-agosto-1982-se-sintetiza-primera-vez-meitnerio\/\",\"name\":\"29 de agosto de 1982 - Se sintetiza por primera vez el meitnerio - Rinc\u00f3n educativo\",\"isPartOf\":{\"@id\":\"https:\/\/rinconeducativo.org\/es\/#website\"},\"primaryImageOfPage\":{\"@id\":\"https:\/\/rinconeducativo.org\/es\/efemerides\/29-agosto-1982-se-sintetiza-primera-vez-meitnerio\/#primaryimage\"},\"image\":{\"@id\":\"https:\/\/rinconeducativo.org\/es\/efemerides\/29-agosto-1982-se-sintetiza-primera-vez-meitnerio\/#primaryimage\"},\"thumbnailUrl\":\"https:\/\/rinconeducativo.org\/wp-content\/uploads\/2024\/08\/Meitnerio.png\",\"datePublished\":\"2020-08-29T09:43:00+00:00\",\"dateModified\":\"2024-08-19T10:02:18+00:00\",\"breadcrumb\":{\"@id\":\"https:\/\/rinconeducativo.org\/es\/efemerides\/29-agosto-1982-se-sintetiza-primera-vez-meitnerio\/#breadcrumb\"},\"inLanguage\":\"es\",\"potentialAction\":[{\"@type\":\"ReadAction\",\"target\":[\"https:\/\/rinconeducativo.org\/es\/efemerides\/29-agosto-1982-se-sintetiza-primera-vez-meitnerio\/\"]}]},{\"@type\":\"ImageObject\",\"inLanguage\":\"es\",\"@id\":\"https:\/\/rinconeducativo.org\/es\/efemerides\/29-agosto-1982-se-sintetiza-primera-vez-meitnerio\/#primaryimage\",\"url\":\"https:\/\/rinconeducativo.org\/wp-content\/uploads\/2024\/08\/Meitnerio.png\",\"contentUrl\":\"https:\/\/rinconeducativo.org\/wp-content\/uploads\/2024\/08\/Meitnerio.png\",\"width\":766,\"height\":352,\"caption\":\"Meitnerio\"},{\"@type\":\"BreadcrumbList\",\"@id\":\"https:\/\/rinconeducativo.org\/es\/efemerides\/29-agosto-1982-se-sintetiza-primera-vez-meitnerio\/#breadcrumb\",\"itemListElement\":[{\"@type\":\"ListItem\",\"position\":1,\"name\":\"Portada\",\"item\":\"https:\/\/rinconeducativo.org\/es\/\"},{\"@type\":\"ListItem\",\"position\":2,\"name\":\"Efem\u00e9rides\",\"item\":\"https:\/\/rinconeducativo.org\/es\/efemerides\/\"},{\"@type\":\"ListItem\",\"position\":3,\"name\":\"29 de agosto de 1982 - Se sintetiza por primera vez el meitnerio\"}]},{\"@type\":\"WebSite\",\"@id\":\"https:\/\/rinconeducativo.org\/es\/#website\",\"url\":\"https:\/\/rinconeducativo.org\/es\/\",\"name\":\"Rinc\u00f3n educativo\",\"description\":\"Un proyecto del Foro Nuclear\",\"potentialAction\":[{\"@type\":\"SearchAction\",\"target\":{\"@type\":\"EntryPoint\",\"urlTemplate\":\"https:\/\/rinconeducativo.org\/es\/?s={search_term_string}\"},\"query-input\":{\"@type\":\"PropertyValueSpecification\",\"valueRequired\":true,\"valueName\":\"search_term_string\"}}],\"inLanguage\":\"es\"}]}<\/script>\n<!-- \/ Yoast SEO plugin. -->","yoast_head_json":{"title":"29 de agosto de 1982 - Se sintetiza por primera vez el meitnerio - Rinc\u00f3n educativo","robots":{"index":"index","follow":"follow","max-snippet":"max-snippet:-1","max-image-preview":"max-image-preview:large","max-video-preview":"max-video-preview:-1"},"canonical":"https:\/\/rinconeducativo.org\/es\/efemerides\/29-agosto-1982-se-sintetiza-primera-vez-meitnerio\/","og_locale":"es_ES","og_type":"article","og_title":"29 de agosto de 1982 - Se sintetiza por primera vez el meitnerio - Rinc\u00f3n educativo","og_description":"29 de agosto de 1982 - Se sintetiza por primera vez el meitnerio.","og_url":"https:\/\/rinconeducativo.org\/es\/efemerides\/29-agosto-1982-se-sintetiza-primera-vez-meitnerio\/","og_site_name":"Rinc\u00f3n educativo","article_modified_time":"2024-08-19T10:02:18+00:00","og_image":[{"width":766,"height":352,"url":"https:\/\/rinconeducativo.org\/wp-content\/uploads\/2024\/08\/Meitnerio.png","type":"image\/png"}],"twitter_card":"summary_large_image","schema":{"@context":"https:\/\/schema.org","@graph":[{"@type":"WebPage","@id":"https:\/\/rinconeducativo.org\/es\/efemerides\/29-agosto-1982-se-sintetiza-primera-vez-meitnerio\/","url":"https:\/\/rinconeducativo.org\/es\/efemerides\/29-agosto-1982-se-sintetiza-primera-vez-meitnerio\/","name":"29 de agosto de 1982 - Se sintetiza por primera vez el meitnerio - Rinc\u00f3n educativo","isPartOf":{"@id":"https:\/\/rinconeducativo.org\/es\/#website"},"primaryImageOfPage":{"@id":"https:\/\/rinconeducativo.org\/es\/efemerides\/29-agosto-1982-se-sintetiza-primera-vez-meitnerio\/#primaryimage"},"image":{"@id":"https:\/\/rinconeducativo.org\/es\/efemerides\/29-agosto-1982-se-sintetiza-primera-vez-meitnerio\/#primaryimage"},"thumbnailUrl":"https:\/\/rinconeducativo.org\/wp-content\/uploads\/2024\/08\/Meitnerio.png","datePublished":"2020-08-29T09:43:00+00:00","dateModified":"2024-08-19T10:02:18+00:00","breadcrumb":{"@id":"https:\/\/rinconeducativo.org\/es\/efemerides\/29-agosto-1982-se-sintetiza-primera-vez-meitnerio\/#breadcrumb"},"inLanguage":"es","potentialAction":[{"@type":"ReadAction","target":["https:\/\/rinconeducativo.org\/es\/efemerides\/29-agosto-1982-se-sintetiza-primera-vez-meitnerio\/"]}]},{"@type":"ImageObject","inLanguage":"es","@id":"https:\/\/rinconeducativo.org\/es\/efemerides\/29-agosto-1982-se-sintetiza-primera-vez-meitnerio\/#primaryimage","url":"https:\/\/rinconeducativo.org\/wp-content\/uploads\/2024\/08\/Meitnerio.png","contentUrl":"https:\/\/rinconeducativo.org\/wp-content\/uploads\/2024\/08\/Meitnerio.png","width":766,"height":352,"caption":"Meitnerio"},{"@type":"BreadcrumbList","@id":"https:\/\/rinconeducativo.org\/es\/efemerides\/29-agosto-1982-se-sintetiza-primera-vez-meitnerio\/#breadcrumb","itemListElement":[{"@type":"ListItem","position":1,"name":"Portada","item":"https:\/\/rinconeducativo.org\/es\/"},{"@type":"ListItem","position":2,"name":"Efem\u00e9rides","item":"https:\/\/rinconeducativo.org\/es\/efemerides\/"},{"@type":"ListItem","position":3,"name":"29 de agosto de 1982 - Se sintetiza por primera vez el meitnerio"}]},{"@type":"WebSite","@id":"https:\/\/rinconeducativo.org\/es\/#website","url":"https:\/\/rinconeducativo.org\/es\/","name":"Rinc\u00f3n educativo","description":"Un proyecto del Foro Nuclear","potentialAction":[{"@type":"SearchAction","target":{"@type":"EntryPoint","urlTemplate":"https:\/\/rinconeducativo.org\/es\/?s={search_term_string}"},"query-input":{"@type":"PropertyValueSpecification","valueRequired":true,"valueName":"search_term_string"}}],"inLanguage":"es"}]}},"_links":{"self":[{"href":"https:\/\/rinconeducativo.org\/es\/wp-json\/wp\/v2\/re_efemeride\/35631","targetHints":{"allow":["GET"]}}],"collection":[{"href":"https:\/\/rinconeducativo.org\/es\/wp-json\/wp\/v2\/re_efemeride"}],"about":[{"href":"https:\/\/rinconeducativo.org\/es\/wp-json\/wp\/v2\/types\/re_efemeride"}],"author":[{"embeddable":true,"href":"https:\/\/rinconeducativo.org\/es\/wp-json\/wp\/v2\/users\/1088"}],"version-history":[{"count":1,"href":"https:\/\/rinconeducativo.org\/es\/wp-json\/wp\/v2\/re_efemeride\/35631\/revisions"}],"predecessor-version":[{"id":35634,"href":"https:\/\/rinconeducativo.org\/es\/wp-json\/wp\/v2\/re_efemeride\/35631\/revisions\/35634"}],"wp:featuredmedia":[{"embeddable":true,"href":"https:\/\/rinconeducativo.org\/es\/wp-json\/wp\/v2\/media\/35632"}],"wp:attachment":[{"href":"https:\/\/rinconeducativo.org\/es\/wp-json\/wp\/v2\/media?parent=35631"}],"wp:term":[{"taxonomy":"post_tag","embeddable":true,"href":"https:\/\/rinconeducativo.org\/es\/wp-json\/wp\/v2\/tags?post=35631"},{"taxonomy":"mes","embeddable":true,"href":"https:\/\/rinconeducativo.org\/es\/wp-json\/wp\/v2\/mes?post=35631"},{"taxonomy":"clasificacion_anterior","embeddable":true,"href":"https:\/\/rinconeducativo.org\/es\/wp-json\/wp\/v2\/clasificacion_anterior?post=35631"}],"curies":[{"name":"wp","href":"https:\/\/api.w.org\/{rel}","templated":true}]}}

<div class="wp-block-image">
<figure class="alignleft size-full is-resized"><img loading="lazy" decoding="async" width="766" height="352" src="https://rinconeducativo.org/wp-content/uploads/2024/08/Meitnerio.png" alt="" class="wp-image-35632" style="width:431px;height:auto" srcset="https://rinconeducativo.org/wp-content/uploads/2024/08/Meitnerio.png 766w, https://rinconeducativo.org/wp-content/uploads/2024/08/Meitnerio-500x230.png 500w" sizes="auto, (max-width: 766px) 100vw, 766px" /></figure>
</div>


<p>El meitnerio, anteriormente llamado unilenio, es un elemento químico de la tabla periódica cuyo símbolo es Mt y su número atómico es 109.</p>



<p>En la tabla periódica, es un elemento transactínido del 7º periodo de la serie d y se sitúan el grupo 9 de los elementos aunque aún no se han realizado experiemtnos químicos que confirmen que se comporta como los elementos de este grupo. Tiene una alta radiactividad y corta vida en la naturaliza.</p>



<p>Se estima que el meitnerio tiene propiedades similares a las de sus homólogos más ligeros como son el cobalto, el rodio y el iridio porque se comporta como un metal.</p>



<p>Fue sintetizado por primera vez en 1982 por un equipo de investigación alemán encabezado por Peter Armbruster y Gottfried Münzenberg en el Instituto de Investigación de Iones Pesados (Gesellschaft für Schwerionenforschung) en Darmstadt, bombardeando bismuto-209 con núcleos acelerados de hierro-58.</p>



<p>La creación de este elemento demostró que las técnicas de fusión nuclear podían ser usadas para crear nuevos núcleos pesados.</p>



<p>Sus aplicaciones son prácticamente nulas debido a que su producción es artificial y solo se han conseguido 10 átomos de corta duración. Por este motivo, sólo se utiliza en investigación científica.</p>



<p>El nombre de meitnerio fue sugerido en honor a la matemática y física, <a href="https://rinconeducativo.org/es/recursos-educativos/lise-meitner/" target="_blank" rel="noreferrer noopener">Lise Meitner</a>. No obstante, por aquel entocnes había una controversia acerca de los nombres de los elementos comprendidos entre 101 y 109; así pues, la <a href="https://iupac.org/">International Union of Pure and Applied Chemistry (IUPAC)</a> adoptó el nombre de unnilenium (símbolo Uno) de manera temporal, como nombre sistemáticao del elemento. En 1997, se resolvió la disputa y se quedó con el nombre actual.</p>

<!-- This site is optimized with the Yoast SEO plugin v26.8 - https://yoast.com/product/yoast-seo-wordpress/ -->
<title>29 de agosto de 1982 - Se sintetiza por primera vez el meitnerio - Rincón educativo</title>
<meta name="robots" content="index, follow, max-snippet:-1, max-image-preview:large, max-video-preview:-1" />
<link rel="canonical" href="https://rinconeducativo.org/es/efemerides/29-agosto-1982-se-sintetiza-primera-vez-meitnerio/" />
<meta property="og:locale" content="es_ES" />
<meta property="og:type" content="article" />
<meta property="og:title" content="29 de agosto de 1982 - Se sintetiza por primera vez el meitnerio - Rincón educativo" />
<meta property="og:description" content="29 de agosto de 1982 - Se sintetiza por primera vez el meitnerio." />
<meta property="og:url" content="https://rinconeducativo.org/es/efemerides/29-agosto-1982-se-sintetiza-primera-vez-meitnerio/" />
<meta property="og:site_name" content="Rincón educativo" />
<meta property="article:modified_time" content="2024-08-19T10:02:18+00:00" />
<meta property="og:image" content="https://rinconeducativo.org/wp-content/uploads/2024/08/Meitnerio.png" />
	<meta property="og:image:width" content="766" />
	<meta property="og:image:height" content="352" />
	<meta property="og:image:type" content="image/png" />
<meta name="twitter:card" content="summary_large_image" />
<script type="application/ld+json" class="yoast-schema-graph">{"@context":"https://schema.org","@graph":[{"@type":"WebPage","@id":"https://rinconeducativo.org/es/efemerides/29-agosto-1982-se-sintetiza-primera-vez-meitnerio/","url":"https://rinconeducativo.org/es/efemerides/29-agosto-1982-se-sintetiza-primera-vez-meitnerio/","name":"29 de agosto de 1982 - Se sintetiza por primera vez el meitnerio - Rincón educativo","isPartOf":{"@id":"https://rinconeducativo.org/es/#website"},"primaryImageOfPage":{"@id":"https://rinconeducativo.org/es/efemerides/29-agosto-1982-se-sintetiza-primera-vez-meitnerio/#primaryimage"},"image":{"@id":"https://rinconeducativo.org/es/efemerides/29-agosto-1982-se-sintetiza-primera-vez-meitnerio/#primaryimage"},"thumbnailUrl":"https://rinconeducativo.org/wp-content/uploads/2024/08/Meitnerio.png","datePublished":"2020-08-29T09:43:00+00:00","dateModified":"2024-08-19T10:02:18+00:00","breadcrumb":{"@id":"https://rinconeducativo.org/es/efemerides/29-agosto-1982-se-sintetiza-primera-vez-meitnerio/#breadcrumb"},"inLanguage":"es","potentialAction":[{"@type":"ReadAction","target":["https://rinconeducativo.org/es/efemerides/29-agosto-1982-se-sintetiza-primera-vez-meitnerio/"]}]},{"@type":"ImageObject","inLanguage":"es","@id":"https://rinconeducativo.org/es/efemerides/29-agosto-1982-se-sintetiza-primera-vez-meitnerio/#primaryimage","url":"https://rinconeducativo.org/wp-content/uploads/2024/08/Meitnerio.png","contentUrl":"https://rinconeducativo.org/wp-content/uploads/2024/08/Meitnerio.png","width":766,"height":352,"caption":"Meitnerio"},{"@type":"BreadcrumbList","@id":"https://rinconeducativo.org/es/efemerides/29-agosto-1982-se-sintetiza-primera-vez-meitnerio/#breadcrumb","itemListElement":[{"@type":"ListItem","position":1,"name":"Portada","item":"https://rinconeducativo.org/es/"},{"@type":"ListItem","position":2,"name":"Efemérides","item":"https://rinconeducativo.org/es/efemerides/"},{"@type":"ListItem","position":3,"name":"29 de agosto de 1982 - Se sintetiza por primera vez el meitnerio"}]},{"@type":"WebSite","@id":"https://rinconeducativo.org/es/#website","url":"https://rinconeducativo.org/es/","name":"Rincón educativo","description":"Un proyecto del Foro Nuclear","potentialAction":[{"@type":"SearchAction","target":{"@type":"EntryPoint","urlTemplate":"https://rinconeducativo.org/es/?s={search_term_string}"},"query-input":{"@type":"PropertyValueSpecification","valueRequired":true,"valueName":"search_term_string"}}],"inLanguage":"es"}]}</script>
<!-- / Yoast SEO plugin. -->

29 de agosto de 1982 - Se sintetiza por primera vez el meitnerio - Rincón educativo

Rincón educativo

Efemérides
