{"id":33664,"date":"2020-03-08T13:32:00","date_gmt":"2020-03-08T12:32:00","guid":{"rendered":"https:\/\/rinconeducativo.org\/?post_type=re_efemeride&#038;p=33664"},"modified":"2024-12-19T13:01:50","modified_gmt":"2024-12-19T12:01:50","slug":"8-marzo-2005-fallece-cesar-lattes-codescubridor-meson-pi-o-pion","status":"publish","type":"re_efemeride","link":"https:\/\/rinconeducativo.org\/es\/efemerides\/8-marzo-2005-fallece-cesar-lattes-codescubridor-meson-pi-o-pion\/","title":{"rendered":"8 de marzo de 2005 \u2013 Fallece C\u00e9sar Lattes, codescubridor del mes\u00f3n pi o pi\u00f3n"},"content":{"rendered":"<div class=\"wp-block-image\">\n<figure class=\"alignleft size-full is-resized\"><img loading=\"lazy\" decoding=\"async\" src=\"https:\/\/rinconeducativo.org\/wp-content\/uploads\/2024\/07\/Lattes_Cesar.jpg\" alt=\"C\u00e9sar Lattes\" class=\"wp-image-33666\" width=\"275\" height=\"275\" srcset=\"https:\/\/rinconeducativo.org\/wp-content\/uploads\/2024\/07\/Lattes_Cesar.jpg 480w, https:\/\/rinconeducativo.org\/wp-content\/uploads\/2024\/07\/Lattes_Cesar-150x150.jpg 150w, https:\/\/rinconeducativo.org\/wp-content\/uploads\/2024\/07\/Lattes_Cesar-120x120.jpg 120w\" sizes=\"auto, (max-width: 275px) 100vw, 275px\" \/><figcaption class=\"wp-element-caption\">C\u00e9sar Lattes<\/figcaption><\/figure>\n<\/div>\n\n\n<p>Cesare Mansueto Guilio Lattes, conocido como C\u00e9sar Lattes, fue uno de los cient\u00edficos brasile\u00f1os m\u00e1s brillantes de su generaci\u00f3n. Con solo 23 a\u00f1os, junto al cient\u00edfico ingl\u00e9s Cecil Frank Powell y al italiano Giuseppe Occhialini, descubri\u00f3 una part\u00edcula en el interior del n\u00facleo at\u00f3mico que asegura la cohesi\u00f3n del \u00e1tomo: el mes\u00f3n pi.<\/p>\n\n\n\n<p>Por aquel entonces, los cient\u00edficos de todo el mundo se preguntaban c\u00f3mo se manten\u00edan unidos los protones en el n\u00facleo del \u00e1tomo. Su inter\u00e9s por estos temas le llev\u00f3 a trasladarse a Inglaterra, donde trabaj\u00f3 en el Laboratorio de la Universidad de Bristol junto a Giuseppe Occhialini y Cecil Powell (Premio Nobel de F\u00edsica en 1950). Juntos descubrieron una nueva part\u00edcula at\u00f3mica, el mes\u00f3n pi o pi\u00f3n, que se desintegra en un nuevo tipo de part\u00edcula, el mes\u00f3n o <a href=\"https:\/\/rinconeducativo.org\/es\/recursos-educativos\/jack-steinberger-premio-nobel-de-fisica-por-el-descubrimiento-del-muon\/\">mu\u00f3n<\/a>. Esto supuso el comienzo de una nueva \u00e1rea de investigaci\u00f3n: la f\u00edsica de part\u00edculas.<\/p>\n\n\n\n<p>En 1947, con el objetivo de adentrarse en la que fuera su principal l\u00ednea de investigaci\u00f3n en torno al \u201cestudio de los rayos c\u00f3smicos\u201d, Lattes parti\u00f3 hacia Chacaltaya, uno de los picos m\u00e1s altas de los Alpes bolivianos, donde los rayos provenientes del espacio eran m\u00e1s intensos. All\u00ed, a m\u00e1s de 5.000 metros de altura, expuso placas fotogr\u00e1ficas a la acci\u00f3n de los rayos c\u00f3smicos, logrando comprobar experimentalmente la existencia de mesones pesados o piones.<\/p>\n\n\n\n<p>Si quieres saber m\u00e1s sobre este cient\u00edfico, haz clic en: <a href=\"https:\/\/rinconeducativo.org\/en\/recursos-educativos\/cesar-lattes-codescubridor-meson-pi-o-pion\/\" target=\"_blank\" rel=\"noreferrer noopener\">C\u00e9sar Lattes<\/a><\/p>\n","protected":false},"excerpt":{"rendered":"<p>8 de marzo de 2005 \u2013 Fallece C\u00e9sar Lattes, codescubridor del mes\u00f3n pi o pi\u00f3n<\/p>\n","protected":false},"author":1088,"featured_media":33666,"template":"","meta":{"_acf_changed":false,"footnotes":""},"tags":[6255,8183],"mes":[7124],"clasificacion_anterior":[],"class_list":["post-33664","re_efemeride","type-re_efemeride","status-publish","has-post-thumbnail","hentry","tag-atomos","tag-radiacion","mes-marzo"],"acf":{"fecha":"20050308"},"yoast_head":"<!-- This site is optimized with the Yoast SEO plugin v26.8 - https:\/\/yoast.com\/product\/yoast-seo-wordpress\/ -->\n<title>8 de marzo de 2005 \u2013 Fallece C\u00e9sar Lattes, codescubridor del mes\u00f3n pi o pi\u00f3n - Rinc\u00f3n educativo<\/title>\n<meta name=\"robots\" content=\"index, follow, max-snippet:-1, max-image-preview:large, max-video-preview:-1\" \/>\n<link rel=\"canonical\" href=\"https:\/\/rinconeducativo.org\/es\/efemerides\/8-marzo-2005-fallece-cesar-lattes-codescubridor-meson-pi-o-pion\/\" \/>\n<meta property=\"og:locale\" content=\"es_ES\" \/>\n<meta property=\"og:type\" content=\"article\" \/>\n<meta property=\"og:title\" content=\"8 de marzo de 2005 \u2013 Fallece C\u00e9sar Lattes, codescubridor del mes\u00f3n pi o pi\u00f3n - Rinc\u00f3n educativo\" \/>\n<meta property=\"og:description\" content=\"8 de marzo de 2005 \u2013 Fallece C\u00e9sar Lattes, codescubridor del mes\u00f3n pi o pi\u00f3n\" \/>\n<meta property=\"og:url\" content=\"https:\/\/rinconeducativo.org\/es\/efemerides\/8-marzo-2005-fallece-cesar-lattes-codescubridor-meson-pi-o-pion\/\" \/>\n<meta property=\"og:site_name\" content=\"Rinc\u00f3n educativo\" \/>\n<meta property=\"article:modified_time\" content=\"2024-12-19T12:01:50+00:00\" \/>\n<meta property=\"og:image\" content=\"https:\/\/rinconeducativo.org\/wp-content\/uploads\/2024\/07\/Lattes_Cesar.jpg\" \/>\n\t<meta property=\"og:image:width\" content=\"480\" \/>\n\t<meta property=\"og:image:height\" content=\"480\" \/>\n\t<meta property=\"og:image:type\" content=\"image\/jpeg\" \/>\n<meta name=\"twitter:card\" content=\"summary_large_image\" \/>\n<script type=\"application\/ld+json\" class=\"yoast-schema-graph\">{\"@context\":\"https:\/\/schema.org\",\"@graph\":[{\"@type\":\"WebPage\",\"@id\":\"https:\/\/rinconeducativo.org\/es\/efemerides\/8-marzo-2005-fallece-cesar-lattes-codescubridor-meson-pi-o-pion\/\",\"url\":\"https:\/\/rinconeducativo.org\/es\/efemerides\/8-marzo-2005-fallece-cesar-lattes-codescubridor-meson-pi-o-pion\/\",\"name\":\"8 de marzo de 2005 \u2013 Fallece C\u00e9sar Lattes, codescubridor del mes\u00f3n pi o pi\u00f3n - Rinc\u00f3n educativo\",\"isPartOf\":{\"@id\":\"https:\/\/rinconeducativo.org\/es\/#website\"},\"primaryImageOfPage\":{\"@id\":\"https:\/\/rinconeducativo.org\/es\/efemerides\/8-marzo-2005-fallece-cesar-lattes-codescubridor-meson-pi-o-pion\/#primaryimage\"},\"image\":{\"@id\":\"https:\/\/rinconeducativo.org\/es\/efemerides\/8-marzo-2005-fallece-cesar-lattes-codescubridor-meson-pi-o-pion\/#primaryimage\"},\"thumbnailUrl\":\"https:\/\/rinconeducativo.org\/wp-content\/uploads\/2024\/07\/Lattes_Cesar.jpg\",\"datePublished\":\"2020-03-08T12:32:00+00:00\",\"dateModified\":\"2024-12-19T12:01:50+00:00\",\"breadcrumb\":{\"@id\":\"https:\/\/rinconeducativo.org\/es\/efemerides\/8-marzo-2005-fallece-cesar-lattes-codescubridor-meson-pi-o-pion\/#breadcrumb\"},\"inLanguage\":\"es\",\"potentialAction\":[{\"@type\":\"ReadAction\",\"target\":[\"https:\/\/rinconeducativo.org\/es\/efemerides\/8-marzo-2005-fallece-cesar-lattes-codescubridor-meson-pi-o-pion\/\"]}]},{\"@type\":\"ImageObject\",\"inLanguage\":\"es\",\"@id\":\"https:\/\/rinconeducativo.org\/es\/efemerides\/8-marzo-2005-fallece-cesar-lattes-codescubridor-meson-pi-o-pion\/#primaryimage\",\"url\":\"https:\/\/rinconeducativo.org\/wp-content\/uploads\/2024\/07\/Lattes_Cesar.jpg\",\"contentUrl\":\"https:\/\/rinconeducativo.org\/wp-content\/uploads\/2024\/07\/Lattes_Cesar.jpg\",\"width\":480,\"height\":480,\"caption\":\"C\u00e9sar Lattes\"},{\"@type\":\"BreadcrumbList\",\"@id\":\"https:\/\/rinconeducativo.org\/es\/efemerides\/8-marzo-2005-fallece-cesar-lattes-codescubridor-meson-pi-o-pion\/#breadcrumb\",\"itemListElement\":[{\"@type\":\"ListItem\",\"position\":1,\"name\":\"Portada\",\"item\":\"https:\/\/rinconeducativo.org\/es\/\"},{\"@type\":\"ListItem\",\"position\":2,\"name\":\"Efem\u00e9rides\",\"item\":\"https:\/\/rinconeducativo.org\/es\/efemerides\/\"},{\"@type\":\"ListItem\",\"position\":3,\"name\":\"8 de marzo de 2005 \u2013 Fallece C\u00e9sar Lattes, codescubridor del mes\u00f3n pi o pi\u00f3n\"}]},{\"@type\":\"WebSite\",\"@id\":\"https:\/\/rinconeducativo.org\/es\/#website\",\"url\":\"https:\/\/rinconeducativo.org\/es\/\",\"name\":\"Rinc\u00f3n educativo\",\"description\":\"Un proyecto del Foro Nuclear\",\"potentialAction\":[{\"@type\":\"SearchAction\",\"target\":{\"@type\":\"EntryPoint\",\"urlTemplate\":\"https:\/\/rinconeducativo.org\/es\/?s={search_term_string}\"},\"query-input\":{\"@type\":\"PropertyValueSpecification\",\"valueRequired\":true,\"valueName\":\"search_term_string\"}}],\"inLanguage\":\"es\"}]}<\/script>\n<!-- \/ Yoast SEO plugin. -->","yoast_head_json":{"title":"8 de marzo de 2005 \u2013 Fallece C\u00e9sar Lattes, codescubridor del mes\u00f3n pi o pi\u00f3n - Rinc\u00f3n educativo","robots":{"index":"index","follow":"follow","max-snippet":"max-snippet:-1","max-image-preview":"max-image-preview:large","max-video-preview":"max-video-preview:-1"},"canonical":"https:\/\/rinconeducativo.org\/es\/efemerides\/8-marzo-2005-fallece-cesar-lattes-codescubridor-meson-pi-o-pion\/","og_locale":"es_ES","og_type":"article","og_title":"8 de marzo de 2005 \u2013 Fallece C\u00e9sar Lattes, codescubridor del mes\u00f3n pi o pi\u00f3n - Rinc\u00f3n educativo","og_description":"8 de marzo de 2005 \u2013 Fallece C\u00e9sar Lattes, codescubridor del mes\u00f3n pi o pi\u00f3n","og_url":"https:\/\/rinconeducativo.org\/es\/efemerides\/8-marzo-2005-fallece-cesar-lattes-codescubridor-meson-pi-o-pion\/","og_site_name":"Rinc\u00f3n educativo","article_modified_time":"2024-12-19T12:01:50+00:00","og_image":[{"width":480,"height":480,"url":"https:\/\/rinconeducativo.org\/wp-content\/uploads\/2024\/07\/Lattes_Cesar.jpg","type":"image\/jpeg"}],"twitter_card":"summary_large_image","schema":{"@context":"https:\/\/schema.org","@graph":[{"@type":"WebPage","@id":"https:\/\/rinconeducativo.org\/es\/efemerides\/8-marzo-2005-fallece-cesar-lattes-codescubridor-meson-pi-o-pion\/","url":"https:\/\/rinconeducativo.org\/es\/efemerides\/8-marzo-2005-fallece-cesar-lattes-codescubridor-meson-pi-o-pion\/","name":"8 de marzo de 2005 \u2013 Fallece C\u00e9sar Lattes, codescubridor del mes\u00f3n pi o pi\u00f3n - Rinc\u00f3n educativo","isPartOf":{"@id":"https:\/\/rinconeducativo.org\/es\/#website"},"primaryImageOfPage":{"@id":"https:\/\/rinconeducativo.org\/es\/efemerides\/8-marzo-2005-fallece-cesar-lattes-codescubridor-meson-pi-o-pion\/#primaryimage"},"image":{"@id":"https:\/\/rinconeducativo.org\/es\/efemerides\/8-marzo-2005-fallece-cesar-lattes-codescubridor-meson-pi-o-pion\/#primaryimage"},"thumbnailUrl":"https:\/\/rinconeducativo.org\/wp-content\/uploads\/2024\/07\/Lattes_Cesar.jpg","datePublished":"2020-03-08T12:32:00+00:00","dateModified":"2024-12-19T12:01:50+00:00","breadcrumb":{"@id":"https:\/\/rinconeducativo.org\/es\/efemerides\/8-marzo-2005-fallece-cesar-lattes-codescubridor-meson-pi-o-pion\/#breadcrumb"},"inLanguage":"es","potentialAction":[{"@type":"ReadAction","target":["https:\/\/rinconeducativo.org\/es\/efemerides\/8-marzo-2005-fallece-cesar-lattes-codescubridor-meson-pi-o-pion\/"]}]},{"@type":"ImageObject","inLanguage":"es","@id":"https:\/\/rinconeducativo.org\/es\/efemerides\/8-marzo-2005-fallece-cesar-lattes-codescubridor-meson-pi-o-pion\/#primaryimage","url":"https:\/\/rinconeducativo.org\/wp-content\/uploads\/2024\/07\/Lattes_Cesar.jpg","contentUrl":"https:\/\/rinconeducativo.org\/wp-content\/uploads\/2024\/07\/Lattes_Cesar.jpg","width":480,"height":480,"caption":"C\u00e9sar Lattes"},{"@type":"BreadcrumbList","@id":"https:\/\/rinconeducativo.org\/es\/efemerides\/8-marzo-2005-fallece-cesar-lattes-codescubridor-meson-pi-o-pion\/#breadcrumb","itemListElement":[{"@type":"ListItem","position":1,"name":"Portada","item":"https:\/\/rinconeducativo.org\/es\/"},{"@type":"ListItem","position":2,"name":"Efem\u00e9rides","item":"https:\/\/rinconeducativo.org\/es\/efemerides\/"},{"@type":"ListItem","position":3,"name":"8 de marzo de 2005 \u2013 Fallece C\u00e9sar Lattes, codescubridor del mes\u00f3n pi o pi\u00f3n"}]},{"@type":"WebSite","@id":"https:\/\/rinconeducativo.org\/es\/#website","url":"https:\/\/rinconeducativo.org\/es\/","name":"Rinc\u00f3n educativo","description":"Un proyecto del Foro Nuclear","potentialAction":[{"@type":"SearchAction","target":{"@type":"EntryPoint","urlTemplate":"https:\/\/rinconeducativo.org\/es\/?s={search_term_string}"},"query-input":{"@type":"PropertyValueSpecification","valueRequired":true,"valueName":"search_term_string"}}],"inLanguage":"es"}]}},"_links":{"self":[{"href":"https:\/\/rinconeducativo.org\/es\/wp-json\/wp\/v2\/re_efemeride\/33664","targetHints":{"allow":["GET"]}}],"collection":[{"href":"https:\/\/rinconeducativo.org\/es\/wp-json\/wp\/v2\/re_efemeride"}],"about":[{"href":"https:\/\/rinconeducativo.org\/es\/wp-json\/wp\/v2\/types\/re_efemeride"}],"author":[{"embeddable":true,"href":"https:\/\/rinconeducativo.org\/es\/wp-json\/wp\/v2\/users\/1088"}],"version-history":[{"count":3,"href":"https:\/\/rinconeducativo.org\/es\/wp-json\/wp\/v2\/re_efemeride\/33664\/revisions"}],"predecessor-version":[{"id":33671,"href":"https:\/\/rinconeducativo.org\/es\/wp-json\/wp\/v2\/re_efemeride\/33664\/revisions\/33671"}],"wp:featuredmedia":[{"embeddable":true,"href":"https:\/\/rinconeducativo.org\/es\/wp-json\/wp\/v2\/media\/33666"}],"wp:attachment":[{"href":"https:\/\/rinconeducativo.org\/es\/wp-json\/wp\/v2\/media?parent=33664"}],"wp:term":[{"taxonomy":"post_tag","embeddable":true,"href":"https:\/\/rinconeducativo.org\/es\/wp-json\/wp\/v2\/tags?post=33664"},{"taxonomy":"mes","embeddable":true,"href":"https:\/\/rinconeducativo.org\/es\/wp-json\/wp\/v2\/mes?post=33664"},{"taxonomy":"clasificacion_anterior","embeddable":true,"href":"https:\/\/rinconeducativo.org\/es\/wp-json\/wp\/v2\/clasificacion_anterior?post=33664"}],"curies":[{"name":"wp","href":"https:\/\/api.w.org\/{rel}","templated":true}]}}

8 de marzo de 2005 – Fallece César Lattes, codescubridor del mesón pi o pión

<div class="wp-block-image">
<figure class="alignleft size-full is-resized"><img loading="lazy" decoding="async" src="https://rinconeducativo.org/wp-content/uploads/2024/07/Lattes_Cesar.jpg" alt="César Lattes" class="wp-image-33666" width="275" height="275" srcset="https://rinconeducativo.org/wp-content/uploads/2024/07/Lattes_Cesar.jpg 480w, https://rinconeducativo.org/wp-content/uploads/2024/07/Lattes_Cesar-150x150.jpg 150w, https://rinconeducativo.org/wp-content/uploads/2024/07/Lattes_Cesar-120x120.jpg 120w" sizes="auto, (max-width: 275px) 100vw, 275px" /><figcaption class="wp-element-caption">César Lattes</figcaption></figure>
</div>


<p>Cesare Mansueto Guilio Lattes, conocido como César Lattes, fue uno de los científicos brasileños más brillantes de su generación. Con solo 23 años, junto al científico inglés Cecil Frank Powell y al italiano Giuseppe Occhialini, descubrió una partícula en el interior del núcleo atómico que asegura la cohesión del átomo: el mesón pi.</p>



<p>Por aquel entonces, los científicos de todo el mundo se preguntaban cómo se mantenían unidos los protones en el núcleo del átomo. Su interés por estos temas le llevó a trasladarse a Inglaterra, donde trabajó en el Laboratorio de la Universidad de Bristol junto a Giuseppe Occhialini y Cecil Powell (Premio Nobel de Física en 1950). Juntos descubrieron una nueva partícula atómica, el mesón pi o pión, que se desintegra en un nuevo tipo de partícula, el mesón o <a href="https://rinconeducativo.org/es/recursos-educativos/jack-steinberger-premio-nobel-de-fisica-por-el-descubrimiento-del-muon/">muón</a>. Esto supuso el comienzo de una nueva área de investigación: la física de partículas.</p>



<p>En 1947, con el objetivo de adentrarse en la que fuera su principal línea de investigación en torno al “estudio de los rayos cósmicos”, Lattes partió hacia Chacaltaya, uno de los picos más altas de los Alpes bolivianos, donde los rayos provenientes del espacio eran más intensos. Allí, a más de 5.000 metros de altura, expuso placas fotográficas a la acción de los rayos cósmicos, logrando comprobar experimentalmente la existencia de mesones pesados o piones.</p>



<p>Si quieres saber más sobre este científico, haz clic en: <a href="https://rinconeducativo.org/en/recursos-educativos/cesar-lattes-codescubridor-meson-pi-o-pion/" target="_blank" rel="noreferrer noopener">César Lattes</a></p>

<p>8 de marzo de 2005 – Fallece César Lattes, codescubridor del mesón pi o pión</p>

<!-- This site is optimized with the Yoast SEO plugin v26.8 - https://yoast.com/product/yoast-seo-wordpress/ -->
<title>8 de marzo de 2005 – Fallece César Lattes, codescubridor del mesón pi o pión - Rincón educativo</title>
<meta name="robots" content="index, follow, max-snippet:-1, max-image-preview:large, max-video-preview:-1" />
<link rel="canonical" href="https://rinconeducativo.org/es/efemerides/8-marzo-2005-fallece-cesar-lattes-codescubridor-meson-pi-o-pion/" />
<meta property="og:locale" content="es_ES" />
<meta property="og:type" content="article" />
<meta property="og:title" content="8 de marzo de 2005 – Fallece César Lattes, codescubridor del mesón pi o pión - Rincón educativo" />
<meta property="og:description" content="8 de marzo de 2005 – Fallece César Lattes, codescubridor del mesón pi o pión" />
<meta property="og:url" content="https://rinconeducativo.org/es/efemerides/8-marzo-2005-fallece-cesar-lattes-codescubridor-meson-pi-o-pion/" />
<meta property="og:site_name" content="Rincón educativo" />
<meta property="article:modified_time" content="2024-12-19T12:01:50+00:00" />
<meta property="og:image" content="https://rinconeducativo.org/wp-content/uploads/2024/07/Lattes_Cesar.jpg" />
	<meta property="og:image:width" content="480" />
	<meta property="og:image:height" content="480" />
	<meta property="og:image:type" content="image/jpeg" />
<meta name="twitter:card" content="summary_large_image" />
<script type="application/ld+json" class="yoast-schema-graph">{"@context":"https://schema.org","@graph":[{"@type":"WebPage","@id":"https://rinconeducativo.org/es/efemerides/8-marzo-2005-fallece-cesar-lattes-codescubridor-meson-pi-o-pion/","url":"https://rinconeducativo.org/es/efemerides/8-marzo-2005-fallece-cesar-lattes-codescubridor-meson-pi-o-pion/","name":"8 de marzo de 2005 – Fallece César Lattes, codescubridor del mesón pi o pión - Rincón educativo","isPartOf":{"@id":"https://rinconeducativo.org/es/#website"},"primaryImageOfPage":{"@id":"https://rinconeducativo.org/es/efemerides/8-marzo-2005-fallece-cesar-lattes-codescubridor-meson-pi-o-pion/#primaryimage"},"image":{"@id":"https://rinconeducativo.org/es/efemerides/8-marzo-2005-fallece-cesar-lattes-codescubridor-meson-pi-o-pion/#primaryimage"},"thumbnailUrl":"https://rinconeducativo.org/wp-content/uploads/2024/07/Lattes_Cesar.jpg","datePublished":"2020-03-08T12:32:00+00:00","dateModified":"2024-12-19T12:01:50+00:00","breadcrumb":{"@id":"https://rinconeducativo.org/es/efemerides/8-marzo-2005-fallece-cesar-lattes-codescubridor-meson-pi-o-pion/#breadcrumb"},"inLanguage":"es","potentialAction":[{"@type":"ReadAction","target":["https://rinconeducativo.org/es/efemerides/8-marzo-2005-fallece-cesar-lattes-codescubridor-meson-pi-o-pion/"]}]},{"@type":"ImageObject","inLanguage":"es","@id":"https://rinconeducativo.org/es/efemerides/8-marzo-2005-fallece-cesar-lattes-codescubridor-meson-pi-o-pion/#primaryimage","url":"https://rinconeducativo.org/wp-content/uploads/2024/07/Lattes_Cesar.jpg","contentUrl":"https://rinconeducativo.org/wp-content/uploads/2024/07/Lattes_Cesar.jpg","width":480,"height":480,"caption":"César Lattes"},{"@type":"BreadcrumbList","@id":"https://rinconeducativo.org/es/efemerides/8-marzo-2005-fallece-cesar-lattes-codescubridor-meson-pi-o-pion/#breadcrumb","itemListElement":[{"@type":"ListItem","position":1,"name":"Portada","item":"https://rinconeducativo.org/es/"},{"@type":"ListItem","position":2,"name":"Efemérides","item":"https://rinconeducativo.org/es/efemerides/"},{"@type":"ListItem","position":3,"name":"8 de marzo de 2005 – Fallece César Lattes, codescubridor del mesón pi o pión"}]},{"@type":"WebSite","@id":"https://rinconeducativo.org/es/#website","url":"https://rinconeducativo.org/es/","name":"Rincón educativo","description":"Un proyecto del Foro Nuclear","potentialAction":[{"@type":"SearchAction","target":{"@type":"EntryPoint","urlTemplate":"https://rinconeducativo.org/es/?s={search_term_string}"},"query-input":{"@type":"PropertyValueSpecification","valueRequired":true,"valueName":"search_term_string"}}],"inLanguage":"es"}]}</script>
<!-- / Yoast SEO plugin. -->

8 de marzo de 2005 – Fallece César Lattes, codescubridor del mesón pi o pión - Rincón educativo

Rincón educativo

César Lattes

Efemérides
