{"id":38176,"date":"2020-12-13T11:50:00","date_gmt":"2020-12-13T10:50:00","guid":{"rendered":"https:\/\/rinconeducativo.org\/efemerides\/13-diciembre-1888-nace-catherine-chamie-midio-primera-vez-periodo-semidesintegracion-radon\/"},"modified":"2024-12-09T12:03:22","modified_gmt":"2024-12-09T11:03:22","slug":"december-13-1888-birth-catherine-chamie-measured-half-life-radon-first-time","status":"publish","type":"re_efemeride","link":"https:\/\/rinconeducativo.org\/en\/anniversaries\/december-13-1888-birth-catherine-chamie-measured-half-life-radon-first-time\/","title":{"rendered":"December 13, 1888 - Birth of Catherine Chami\u00e9, measured the half-life of radon for the first time"},"content":{"rendered":"<div class=\"wp-block-image\">\n<figure class=\"alignleft size-full\"><img loading=\"lazy\" decoding=\"async\" width=\"300\" height=\"168\" src=\"https:\/\/rinconeducativo.org\/wp-content\/uploads\/2024\/12\/Chamie_Catherine_Joven.jpg\" alt=\"\" class=\"wp-image-38169\"\/><\/figure>\n<\/div>\n\n\n<p>In 1907 he enrolled at the Faculty of Science of the University of Geneva (Switzerland) and in 1913 he received his doctorate with his thesis on electromagnetism.<\/p>\n\n\n\n<p>She returned to Russia and continued his studies on voltages in phanotrons at the University of St. Petersburg Physics Laboratory.<\/p>\n\n\n\n<p>During the Russian Revolution, she moved to Paris in search of educational and work opportunities to support her family and, between 1919 and 1920, enrolled in a series of free courses related to <a href=\"https:\/\/rinconeducativo.org\/en\/recursos-educativos\/pioneers-of-radioactivity\/\" target=\"_blank\" rel=\"noreferrer noopener\">radioactivity<\/a> offered by the Coll\u00e8ge de France.<\/p>\n\n\n\n<p>After completing courses and gaining experience in the field of radioactivity, he wrote to <a href=\"https:\/\/rinconeducativo.org\/en\/recursos-educativos\/marie-curie-life-dedicated-study-radioactivity\/\" target=\"_blank\" rel=\"noreferrer noopener\">Marie Curie<\/a> to seek opportunities to work part-time in her laboratory at the Institut Curie or Institut du Radium. Marie offered him a position and he volunteered to join the institute's measurement department as a chemist. His work included the preparation of radium salts and the analysis of radioactive minerals from the Congo. He was soon awarded a research grant which enabled him to work at the Institut du Radium on a paid basis. Between 1920 and 1934, he assisted Marie Curie in her major research work. Together with <a href=\"https:\/\/rinconeducativo.org\/en\/recursos-educativos\/irene-joliot-curie-nobel-prize-synthesis-new-radioactive-elements\/\" target=\"_blank\" rel=\"noreferrer noopener\">Ir\u00e8ne Joliot-Curie<\/a>, he measured for the first time the half-life of radon and carried out extensive research on the photographic effect of atom clusters, an effect that bears his name.<\/p>\n\n\n\n<p>In 1934 she became head of the measurement department and carried out research in the field of <a href=\"https:\/\/rinconeducativo.org\/en\/recursos-educativos\/monograph-nuclear-technology-saves-lives\/\" target=\"_blank\" rel=\"noreferrer noopener\">medical applications of radioactivity.<\/a><\/p>\n\n\n\n<p>To find out more about this scientist, click on the link below: <a href=\"https:\/\/rinconeducativo.org\/en\/recursos-educativos\/catherine-chamie-measured-half-life-radon-first-time\/\" target=\"_blank\" rel=\"noreferrer noopener\">Catherine Chami\u00e9<\/a><\/p>\n","protected":false},"excerpt":{"rendered":"<p>December 13, 1888 - Birth of Catherine Chami\u00e9, measured the half-life of radon for the first time.<\/p>\n","protected":false},"author":1088,"featured_media":38170,"template":"","meta":{"_acf_changed":false,"footnotes":""},"tags":[8448,8471,7715,7146],"mes":[7210],"clasificacion_anterior":[],"class_list":["post-38176","re_efemeride","type-re_efemeride","status-publish","has-post-thumbnail","hentry","tag-electromagnetism","tag-nuclear-technology-applications","tag-periodic-table-en","tag-radiation-en","mes-december"],"acf":{"fecha":"18881213"},"yoast_head":"<!-- This site is optimized with the Yoast SEO plugin v26.8 - https:\/\/yoast.com\/product\/yoast-seo-wordpress\/ -->\n<title>December 13, 1888 - Birth of Catherine Chami\u00e9, measured the half-life of radon for the first time - Rinc\u00f3n educativo<\/title>\n<meta name=\"robots\" content=\"index, follow, max-snippet:-1, max-image-preview:large, max-video-preview:-1\" \/>\n<link rel=\"canonical\" href=\"https:\/\/rinconeducativo.org\/en\/anniversaries\/december-13-1888-birth-catherine-chamie-measured-half-life-radon-first-time\/\" \/>\n<meta property=\"og:locale\" content=\"en_US\" \/>\n<meta property=\"og:type\" content=\"article\" \/>\n<meta property=\"og:title\" content=\"December 13, 1888 - Birth of Catherine Chami\u00e9, measured the half-life of radon for the first time - Rinc\u00f3n educativo\" \/>\n<meta property=\"og:description\" content=\"December 13, 1888 - Birth of Catherine Chami\u00e9, measured the half-life of radon for the first time.\" \/>\n<meta property=\"og:url\" content=\"https:\/\/rinconeducativo.org\/en\/anniversaries\/december-13-1888-birth-catherine-chamie-measured-half-life-radon-first-time\/\" \/>\n<meta property=\"og:site_name\" content=\"Rinc\u00f3n educativo\" \/>\n<meta property=\"article:modified_time\" content=\"2024-12-09T11:03:22+00:00\" \/>\n<meta property=\"og:image\" content=\"https:\/\/rinconeducativo.org\/wp-content\/uploads\/2024\/12\/Chamie_Catherine_Joven.jpg\" \/>\n\t<meta property=\"og:image:width\" content=\"300\" \/>\n\t<meta property=\"og:image:height\" content=\"168\" \/>\n\t<meta property=\"og:image:type\" content=\"image\/jpeg\" \/>\n<meta name=\"twitter:card\" content=\"summary_large_image\" \/>\n<script type=\"application\/ld+json\" class=\"yoast-schema-graph\">{\"@context\":\"https:\/\/schema.org\",\"@graph\":[{\"@type\":\"WebPage\",\"@id\":\"https:\/\/rinconeducativo.org\/en\/anniversaries\/december-13-1888-birth-catherine-chamie-measured-half-life-radon-first-time\/\",\"url\":\"https:\/\/rinconeducativo.org\/en\/anniversaries\/december-13-1888-birth-catherine-chamie-measured-half-life-radon-first-time\/\",\"name\":\"December 13, 1888 - Birth of Catherine Chami\u00e9, measured the half-life of radon for the first time - Rinc\u00f3n educativo\",\"isPartOf\":{\"@id\":\"https:\/\/rinconeducativo.org\/es\/#website\"},\"primaryImageOfPage\":{\"@id\":\"https:\/\/rinconeducativo.org\/en\/anniversaries\/december-13-1888-birth-catherine-chamie-measured-half-life-radon-first-time\/#primaryimage\"},\"image\":{\"@id\":\"https:\/\/rinconeducativo.org\/en\/anniversaries\/december-13-1888-birth-catherine-chamie-measured-half-life-radon-first-time\/#primaryimage\"},\"thumbnailUrl\":\"https:\/\/rinconeducativo.org\/wp-content\/uploads\/2024\/12\/Chamie_Catherine_Joven.jpg\",\"datePublished\":\"2020-12-13T10:50:00+00:00\",\"dateModified\":\"2024-12-09T11:03:22+00:00\",\"breadcrumb\":{\"@id\":\"https:\/\/rinconeducativo.org\/en\/anniversaries\/december-13-1888-birth-catherine-chamie-measured-half-life-radon-first-time\/#breadcrumb\"},\"inLanguage\":\"en-US\",\"potentialAction\":[{\"@type\":\"ReadAction\",\"target\":[\"https:\/\/rinconeducativo.org\/en\/anniversaries\/december-13-1888-birth-catherine-chamie-measured-half-life-radon-first-time\/\"]}]},{\"@type\":\"ImageObject\",\"inLanguage\":\"en-US\",\"@id\":\"https:\/\/rinconeducativo.org\/en\/anniversaries\/december-13-1888-birth-catherine-chamie-measured-half-life-radon-first-time\/#primaryimage\",\"url\":\"https:\/\/rinconeducativo.org\/wp-content\/uploads\/2024\/12\/Chamie_Catherine_Joven.jpg\",\"contentUrl\":\"https:\/\/rinconeducativo.org\/wp-content\/uploads\/2024\/12\/Chamie_Catherine_Joven.jpg\",\"width\":300,\"height\":168,\"caption\":\"Catherine Chami\u00e9\"},{\"@type\":\"BreadcrumbList\",\"@id\":\"https:\/\/rinconeducativo.org\/en\/anniversaries\/december-13-1888-birth-catherine-chamie-measured-half-life-radon-first-time\/#breadcrumb\",\"itemListElement\":[{\"@type\":\"ListItem\",\"position\":1,\"name\":\"Portada\",\"item\":\"https:\/\/rinconeducativo.org\/en\/\"},{\"@type\":\"ListItem\",\"position\":2,\"name\":\"Efem\u00e9rides\",\"item\":\"https:\/\/rinconeducativo.org\/es\/efemerides\/\"},{\"@type\":\"ListItem\",\"position\":3,\"name\":\"December 13, 1888 - Birth of Catherine Chami\u00e9, measured the half-life of radon for the first time\"}]},{\"@type\":\"WebSite\",\"@id\":\"https:\/\/rinconeducativo.org\/es\/#website\",\"url\":\"https:\/\/rinconeducativo.org\/es\/\",\"name\":\"Rinc\u00f3n educativo\",\"description\":\"Un proyecto del Foro Nuclear\",\"potentialAction\":[{\"@type\":\"SearchAction\",\"target\":{\"@type\":\"EntryPoint\",\"urlTemplate\":\"https:\/\/rinconeducativo.org\/es\/?s={search_term_string}\"},\"query-input\":{\"@type\":\"PropertyValueSpecification\",\"valueRequired\":true,\"valueName\":\"search_term_string\"}}],\"inLanguage\":\"en-US\"}]}<\/script>\n<!-- \/ Yoast SEO plugin. -->","yoast_head_json":{"title":"December 13, 1888 - Birth of Catherine Chami\u00e9, measured the half-life of radon for the first time - Rinc\u00f3n educativo","robots":{"index":"index","follow":"follow","max-snippet":"max-snippet:-1","max-image-preview":"max-image-preview:large","max-video-preview":"max-video-preview:-1"},"canonical":"https:\/\/rinconeducativo.org\/en\/anniversaries\/december-13-1888-birth-catherine-chamie-measured-half-life-radon-first-time\/","og_locale":"en_US","og_type":"article","og_title":"December 13, 1888 - Birth of Catherine Chami\u00e9, measured the half-life of radon for the first time - Rinc\u00f3n educativo","og_description":"December 13, 1888 - Birth of Catherine Chami\u00e9, measured the half-life of radon for the first time.","og_url":"https:\/\/rinconeducativo.org\/en\/anniversaries\/december-13-1888-birth-catherine-chamie-measured-half-life-radon-first-time\/","og_site_name":"Rinc\u00f3n educativo","article_modified_time":"2024-12-09T11:03:22+00:00","og_image":[{"width":300,"height":168,"url":"https:\/\/rinconeducativo.org\/wp-content\/uploads\/2024\/12\/Chamie_Catherine_Joven.jpg","type":"image\/jpeg"}],"twitter_card":"summary_large_image","schema":{"@context":"https:\/\/schema.org","@graph":[{"@type":"WebPage","@id":"https:\/\/rinconeducativo.org\/en\/anniversaries\/december-13-1888-birth-catherine-chamie-measured-half-life-radon-first-time\/","url":"https:\/\/rinconeducativo.org\/en\/anniversaries\/december-13-1888-birth-catherine-chamie-measured-half-life-radon-first-time\/","name":"December 13, 1888 - Birth of Catherine Chami\u00e9, measured the half-life of radon for the first time - Rinc\u00f3n educativo","isPartOf":{"@id":"https:\/\/rinconeducativo.org\/es\/#website"},"primaryImageOfPage":{"@id":"https:\/\/rinconeducativo.org\/en\/anniversaries\/december-13-1888-birth-catherine-chamie-measured-half-life-radon-first-time\/#primaryimage"},"image":{"@id":"https:\/\/rinconeducativo.org\/en\/anniversaries\/december-13-1888-birth-catherine-chamie-measured-half-life-radon-first-time\/#primaryimage"},"thumbnailUrl":"https:\/\/rinconeducativo.org\/wp-content\/uploads\/2024\/12\/Chamie_Catherine_Joven.jpg","datePublished":"2020-12-13T10:50:00+00:00","dateModified":"2024-12-09T11:03:22+00:00","breadcrumb":{"@id":"https:\/\/rinconeducativo.org\/en\/anniversaries\/december-13-1888-birth-catherine-chamie-measured-half-life-radon-first-time\/#breadcrumb"},"inLanguage":"en-US","potentialAction":[{"@type":"ReadAction","target":["https:\/\/rinconeducativo.org\/en\/anniversaries\/december-13-1888-birth-catherine-chamie-measured-half-life-radon-first-time\/"]}]},{"@type":"ImageObject","inLanguage":"en-US","@id":"https:\/\/rinconeducativo.org\/en\/anniversaries\/december-13-1888-birth-catherine-chamie-measured-half-life-radon-first-time\/#primaryimage","url":"https:\/\/rinconeducativo.org\/wp-content\/uploads\/2024\/12\/Chamie_Catherine_Joven.jpg","contentUrl":"https:\/\/rinconeducativo.org\/wp-content\/uploads\/2024\/12\/Chamie_Catherine_Joven.jpg","width":300,"height":168,"caption":"Catherine Chami\u00e9"},{"@type":"BreadcrumbList","@id":"https:\/\/rinconeducativo.org\/en\/anniversaries\/december-13-1888-birth-catherine-chamie-measured-half-life-radon-first-time\/#breadcrumb","itemListElement":[{"@type":"ListItem","position":1,"name":"Portada","item":"https:\/\/rinconeducativo.org\/en\/"},{"@type":"ListItem","position":2,"name":"Efem\u00e9rides","item":"https:\/\/rinconeducativo.org\/es\/efemerides\/"},{"@type":"ListItem","position":3,"name":"December 13, 1888 - Birth of Catherine Chami\u00e9, measured the half-life of radon for the first time"}]},{"@type":"WebSite","@id":"https:\/\/rinconeducativo.org\/es\/#website","url":"https:\/\/rinconeducativo.org\/es\/","name":"Rinc\u00f3n educativo","description":"Un proyecto del Foro Nuclear","potentialAction":[{"@type":"SearchAction","target":{"@type":"EntryPoint","urlTemplate":"https:\/\/rinconeducativo.org\/es\/?s={search_term_string}"},"query-input":{"@type":"PropertyValueSpecification","valueRequired":true,"valueName":"search_term_string"}}],"inLanguage":"en-US"}]}},"_links":{"self":[{"href":"https:\/\/rinconeducativo.org\/en\/wp-json\/wp\/v2\/re_efemeride\/38176","targetHints":{"allow":["GET"]}}],"collection":[{"href":"https:\/\/rinconeducativo.org\/en\/wp-json\/wp\/v2\/re_efemeride"}],"about":[{"href":"https:\/\/rinconeducativo.org\/en\/wp-json\/wp\/v2\/types\/re_efemeride"}],"author":[{"embeddable":true,"href":"https:\/\/rinconeducativo.org\/en\/wp-json\/wp\/v2\/users\/1088"}],"version-history":[{"count":2,"href":"https:\/\/rinconeducativo.org\/en\/wp-json\/wp\/v2\/re_efemeride\/38176\/revisions"}],"predecessor-version":[{"id":38179,"href":"https:\/\/rinconeducativo.org\/en\/wp-json\/wp\/v2\/re_efemeride\/38176\/revisions\/38179"}],"wp:featuredmedia":[{"embeddable":true,"href":"https:\/\/rinconeducativo.org\/en\/wp-json\/wp\/v2\/media\/38170"}],"wp:attachment":[{"href":"https:\/\/rinconeducativo.org\/en\/wp-json\/wp\/v2\/media?parent=38176"}],"wp:term":[{"taxonomy":"post_tag","embeddable":true,"href":"https:\/\/rinconeducativo.org\/en\/wp-json\/wp\/v2\/tags?post=38176"},{"taxonomy":"mes","embeddable":true,"href":"https:\/\/rinconeducativo.org\/en\/wp-json\/wp\/v2\/mes?post=38176"},{"taxonomy":"clasificacion_anterior","embeddable":true,"href":"https:\/\/rinconeducativo.org\/en\/wp-json\/wp\/v2\/clasificacion_anterior?post=38176"}],"curies":[{"name":"wp","href":"https:\/\/api.w.org\/{rel}","templated":true}]}}

December 13, 1888 - Birth of Catherine Chamié, measured the half-life of radon for the first time

<div class="wp-block-image">
<figure class="alignleft size-full"><img loading="lazy" decoding="async" width="300" height="168" src="https://rinconeducativo.org/wp-content/uploads/2024/12/Chamie_Catherine_Joven.jpg" alt="" class="wp-image-38169"/></figure>
</div>


<p>In 1907 he enrolled at the Faculty of Science of the University of Geneva (Switzerland) and in 1913 he received his doctorate with his thesis on electromagnetism.</p>



<p>She returned to Russia and continued his studies on voltages in phanotrons at the University of St. Petersburg Physics Laboratory.</p>



<p>During the Russian Revolution, she moved to Paris in search of educational and work opportunities to support her family and, between 1919 and 1920, enrolled in a series of free courses related to <a href="https://rinconeducativo.org/en/recursos-educativos/pioneers-of-radioactivity/" target="_blank" rel="noreferrer noopener">radioactivity</a> offered by the Collège de France.</p>



<p>After completing courses and gaining experience in the field of radioactivity, he wrote to <a href="https://rinconeducativo.org/en/recursos-educativos/marie-curie-life-dedicated-study-radioactivity/" target="_blank" rel="noreferrer noopener">Marie Curie</a> to seek opportunities to work part-time in her laboratory at the Institut Curie or Institut du Radium. Marie offered him a position and he volunteered to join the institute's measurement department as a chemist. His work included the preparation of radium salts and the analysis of radioactive minerals from the Congo. He was soon awarded a research grant which enabled him to work at the Institut du Radium on a paid basis. Between 1920 and 1934, he assisted Marie Curie in her major research work. Together with <a href="https://rinconeducativo.org/en/recursos-educativos/irene-joliot-curie-nobel-prize-synthesis-new-radioactive-elements/" target="_blank" rel="noreferrer noopener">Irène Joliot-Curie</a>, he measured for the first time the half-life of radon and carried out extensive research on the photographic effect of atom clusters, an effect that bears his name.</p>



<p>In 1934 she became head of the measurement department and carried out research in the field of <a href="https://rinconeducativo.org/en/recursos-educativos/monograph-nuclear-technology-saves-lives/" target="_blank" rel="noreferrer noopener">medical applications of radioactivity.</a></p>



<p>To find out more about this scientist, click on the link below: <a href="https://rinconeducativo.org/en/recursos-educativos/catherine-chamie-measured-half-life-radon-first-time/" target="_blank" rel="noreferrer noopener">Catherine Chamié</a></p>

<p>December 13, 1888 - Birth of Catherine Chamié, measured the half-life of radon for the first time.</p>

<!-- This site is optimized with the Yoast SEO plugin v26.8 - https://yoast.com/product/yoast-seo-wordpress/ -->
<title>December 13, 1888 - Birth of Catherine Chamié, measured the half-life of radon for the first time - Rincón educativo</title>
<meta name="robots" content="index, follow, max-snippet:-1, max-image-preview:large, max-video-preview:-1" />
<link rel="canonical" href="https://rinconeducativo.org/en/anniversaries/december-13-1888-birth-catherine-chamie-measured-half-life-radon-first-time/" />
<meta property="og:locale" content="en_US" />
<meta property="og:type" content="article" />
<meta property="og:title" content="December 13, 1888 - Birth of Catherine Chamié, measured the half-life of radon for the first time - Rincón educativo" />
<meta property="og:description" content="December 13, 1888 - Birth of Catherine Chamié, measured the half-life of radon for the first time." />
<meta property="og:url" content="https://rinconeducativo.org/en/anniversaries/december-13-1888-birth-catherine-chamie-measured-half-life-radon-first-time/" />
<meta property="og:site_name" content="Rincón educativo" />
<meta property="article:modified_time" content="2024-12-09T11:03:22+00:00" />
<meta property="og:image" content="https://rinconeducativo.org/wp-content/uploads/2024/12/Chamie_Catherine_Joven.jpg" />
	<meta property="og:image:width" content="300" />
	<meta property="og:image:height" content="168" />
	<meta property="og:image:type" content="image/jpeg" />
<meta name="twitter:card" content="summary_large_image" />
<script type="application/ld+json" class="yoast-schema-graph">{"@context":"https://schema.org","@graph":[{"@type":"WebPage","@id":"https://rinconeducativo.org/en/anniversaries/december-13-1888-birth-catherine-chamie-measured-half-life-radon-first-time/","url":"https://rinconeducativo.org/en/anniversaries/december-13-1888-birth-catherine-chamie-measured-half-life-radon-first-time/","name":"December 13, 1888 - Birth of Catherine Chamié, measured the half-life of radon for the first time - Rincón educativo","isPartOf":{"@id":"https://rinconeducativo.org/es/#website"},"primaryImageOfPage":{"@id":"https://rinconeducativo.org/en/anniversaries/december-13-1888-birth-catherine-chamie-measured-half-life-radon-first-time/#primaryimage"},"image":{"@id":"https://rinconeducativo.org/en/anniversaries/december-13-1888-birth-catherine-chamie-measured-half-life-radon-first-time/#primaryimage"},"thumbnailUrl":"https://rinconeducativo.org/wp-content/uploads/2024/12/Chamie_Catherine_Joven.jpg","datePublished":"2020-12-13T10:50:00+00:00","dateModified":"2024-12-09T11:03:22+00:00","breadcrumb":{"@id":"https://rinconeducativo.org/en/anniversaries/december-13-1888-birth-catherine-chamie-measured-half-life-radon-first-time/#breadcrumb"},"inLanguage":"en-US","potentialAction":[{"@type":"ReadAction","target":["https://rinconeducativo.org/en/anniversaries/december-13-1888-birth-catherine-chamie-measured-half-life-radon-first-time/"]}]},{"@type":"ImageObject","inLanguage":"en-US","@id":"https://rinconeducativo.org/en/anniversaries/december-13-1888-birth-catherine-chamie-measured-half-life-radon-first-time/#primaryimage","url":"https://rinconeducativo.org/wp-content/uploads/2024/12/Chamie_Catherine_Joven.jpg","contentUrl":"https://rinconeducativo.org/wp-content/uploads/2024/12/Chamie_Catherine_Joven.jpg","width":300,"height":168,"caption":"Catherine Chamié"},{"@type":"BreadcrumbList","@id":"https://rinconeducativo.org/en/anniversaries/december-13-1888-birth-catherine-chamie-measured-half-life-radon-first-time/#breadcrumb","itemListElement":[{"@type":"ListItem","position":1,"name":"Portada","item":"https://rinconeducativo.org/en/"},{"@type":"ListItem","position":2,"name":"Efemérides","item":"https://rinconeducativo.org/es/efemerides/"},{"@type":"ListItem","position":3,"name":"December 13, 1888 - Birth of Catherine Chamié, measured the half-life of radon for the first time"}]},{"@type":"WebSite","@id":"https://rinconeducativo.org/es/#website","url":"https://rinconeducativo.org/es/","name":"Rincón educativo","description":"Un proyecto del Foro Nuclear","potentialAction":[{"@type":"SearchAction","target":{"@type":"EntryPoint","urlTemplate":"https://rinconeducativo.org/es/?s={search_term_string}"},"query-input":{"@type":"PropertyValueSpecification","valueRequired":true,"valueName":"search_term_string"}}],"inLanguage":"en-US"}]}</script>
<!-- / Yoast SEO plugin. -->

December 13, 1888 - Birth of Catherine Chamié, measured the half-life of radon for the first time - Rincón educativo

December 13, 1888 - Birth of Catherine Chamié, measured the half-life of radon for the first time.

Rincón educativo

Catherine Chamié

Efemérides
