{"id":22744,"date":"2020-09-12T16:41:13","date_gmt":"2020-09-12T14:41:13","guid":{"rendered":"https:\/\/rinconeducativo.org\/efemerides\/12-de-septiembre-de-1933-leo-szilard-concibe-la-idea-de-la-reaccion-nuclear-en\/"},"modified":"2024-12-20T12:22:15","modified_gmt":"2024-12-20T11:22:15","slug":"september-12-1933-leo-szilard-conceives-idea-nuclear-chain-reaction","status":"publish","type":"re_efemeride","link":"https:\/\/rinconeducativo.org\/en\/anniversaries\/september-12-1933-leo-szilard-conceives-idea-nuclear-chain-reaction\/","title":{"rendered":"September 12, 1933 \u2013 Le\u00f3 Szil\u00e1rd conceives the idea of the nuclear chain reaction"},"content":{"rendered":"<div class=\"wp-block-image\">\n<figure class=\"alignleft is-resized\"><img loading=\"lazy\" decoding=\"async\" src=\"https:\/\/wp2.rinconeducativo.org\/wp-content\/uploads\/2020\/09\/chicagopileteam_0.png\" alt=\"Enrico Fermi y Le\u00f3 Szil\u00e1rd\" class=\"wp-image-7150\" width=\"308\" height=\"230\" title=\"Enrico Fermi y Le\u00f3 Szil\u00e1rd\" srcset=\"https:\/\/rinconeducativo.org\/wp-content\/uploads\/2020\/09\/chicagopileteam_0.png 1499w, https:\/\/rinconeducativo.org\/wp-content\/uploads\/2020\/09\/chicagopileteam_0-500x375.png 500w, https:\/\/rinconeducativo.org\/wp-content\/uploads\/2020\/09\/chicagopileteam_0-1200x900.png 1200w, https:\/\/rinconeducativo.org\/wp-content\/uploads\/2020\/09\/chicagopileteam_0-768x576.png 768w\" sizes=\"auto, (max-width: 308px) 100vw, 308px\" \/><\/figure>\n<\/div>\n\n\n<p>On September 12, 1933, in London, Szil\u00e1rd read an article in \"<em>The Times<\/em>\" that summarized a speech made by <a href=\"https:\/\/rinconeducativo.org\/en\/recursos-educativos\/ernest-rutherford\/\">Ernest Rutherford<\/a> that rejected the feasibility of using atomic energy for practical purposes, saying that it was a very poor and inefficient form of produce energy and anyone looking for a source of energy in the transformation of atoms was talking about \"silly alcohol\". The speech referred specifically to the recent work of his students John Cockcroft and Ernest Walton, \"splitting lithium into alpha particles by bombarding a particle accelerator they had built with protons.\"<\/p>\n\n\n\n<p>As Szil\u00e1rd claimed, he was so angry with Rutherford for not wanting to talk about nuclear power and while waiting to cross Southhampton Avenue in Bloomsbury, he conceived the idea of a nuclear chain reaction, using recently discovered neutrons.<\/p>\n\n\n\n<p>The idea was not based on nuclear fission because it had not yet been discovered, but Szilard realized that if neutrons could start some kind of energy-producing nuclear reaction, like the one that had occurred in lithium, they could be produced. by themselves and, in addition, energy could be obtained with little input, since the reaction would be self-sustaining. He applied for a patent on the concept of neutron-induced nuclear chain reaction in 1933, which was granted in 1936.<\/p>\n\n\n\n<p>If you want to know more about this scientist, click on the following link: <a href=\"https:\/\/rinconeducativo.org\/en\/recursos-educativos\/leo-szilard-el-hombre-de-las-grandes-ideas-sobre-fisica-nuclear-ingenieria-y\/\">Le\u00f3 Szil\u00e1rd<\/a><\/p>\n","protected":false},"excerpt":{"rendered":"<p>On September 12, 1933, in London, Szil\u00e1rd read an article in \"The Times\" that summarized a speech made by Ernest Rutherford that rejected the feasibility of using atomic energy for practical purposes, saying that it was a very poor and inefficient form of produce energy and anyone looking for a source of energy in the [&hellip;]<\/p>\n","protected":false},"author":1088,"featured_media":10916,"template":"","meta":{"_acf_changed":false,"footnotes":""},"tags":[8230,7792,8366],"mes":[7219],"clasificacion_anterior":[7255],"class_list":["post-22744","re_efemeride","type-re_efemeride","status-publish","has-post-thumbnail","hentry","tag-nuclear-energy","tag-nuclear-fission-en","tag-nuclear-reactors","mes-september"],"acf":{"fecha":"19330912"},"yoast_head":"<!-- This site is optimized with the Yoast SEO plugin v26.8 - https:\/\/yoast.com\/product\/yoast-seo-wordpress\/ -->\n<title>September 12, 1933 \u2013 Le\u00f3 Szil\u00e1rd conceives the idea of the nuclear chain reaction - Rinc\u00f3n educativo<\/title>\n<meta name=\"robots\" content=\"index, follow, max-snippet:-1, max-image-preview:large, max-video-preview:-1\" \/>\n<link rel=\"canonical\" href=\"https:\/\/rinconeducativo.org\/en\/anniversaries\/september-12-1933-leo-szilard-conceives-idea-nuclear-chain-reaction\/\" \/>\n<meta property=\"og:locale\" content=\"en_US\" \/>\n<meta property=\"og:type\" content=\"article\" \/>\n<meta property=\"og:title\" content=\"September 12, 1933 \u2013 Le\u00f3 Szil\u00e1rd conceives the idea of the nuclear chain reaction - Rinc\u00f3n educativo\" \/>\n<meta property=\"og:description\" content=\"On September 12, 1933, in London, Szil\u00e1rd read an article in &quot;The Times&quot; that summarized a speech made by Ernest Rutherford that rejected the feasibility of using atomic energy for practical purposes, saying that it was a very poor and inefficient form of produce energy and anyone looking for a source of energy in the [&hellip;]\" \/>\n<meta property=\"og:url\" content=\"https:\/\/rinconeducativo.org\/en\/anniversaries\/september-12-1933-leo-szilard-conceives-idea-nuclear-chain-reaction\/\" \/>\n<meta property=\"og:site_name\" content=\"Rinc\u00f3n educativo\" \/>\n<meta property=\"article:modified_time\" content=\"2024-12-20T11:22:15+00:00\" \/>\n<meta property=\"og:image\" content=\"https:\/\/rinconeducativo.org\/wp-content\/uploads\/2020\/09\/chicagopileteam_0.png\" \/>\n\t<meta property=\"og:image:width\" content=\"1499\" \/>\n\t<meta property=\"og:image:height\" content=\"1124\" \/>\n\t<meta property=\"og:image:type\" content=\"image\/png\" \/>\n<meta name=\"twitter:card\" content=\"summary_large_image\" \/>\n<script type=\"application\/ld+json\" class=\"yoast-schema-graph\">{\"@context\":\"https:\/\/schema.org\",\"@graph\":[{\"@type\":\"WebPage\",\"@id\":\"https:\/\/rinconeducativo.org\/en\/anniversaries\/september-12-1933-leo-szilard-conceives-idea-nuclear-chain-reaction\/\",\"url\":\"https:\/\/rinconeducativo.org\/en\/anniversaries\/september-12-1933-leo-szilard-conceives-idea-nuclear-chain-reaction\/\",\"name\":\"September 12, 1933 \u2013 Le\u00f3 Szil\u00e1rd conceives the idea of the nuclear chain reaction - Rinc\u00f3n educativo\",\"isPartOf\":{\"@id\":\"https:\/\/rinconeducativo.org\/es\/#website\"},\"primaryImageOfPage\":{\"@id\":\"https:\/\/rinconeducativo.org\/en\/anniversaries\/september-12-1933-leo-szilard-conceives-idea-nuclear-chain-reaction\/#primaryimage\"},\"image\":{\"@id\":\"https:\/\/rinconeducativo.org\/en\/anniversaries\/september-12-1933-leo-szilard-conceives-idea-nuclear-chain-reaction\/#primaryimage\"},\"thumbnailUrl\":\"https:\/\/rinconeducativo.org\/wp-content\/uploads\/2020\/09\/chicagopileteam_0.png\",\"datePublished\":\"2020-09-12T14:41:13+00:00\",\"dateModified\":\"2024-12-20T11:22:15+00:00\",\"breadcrumb\":{\"@id\":\"https:\/\/rinconeducativo.org\/en\/anniversaries\/september-12-1933-leo-szilard-conceives-idea-nuclear-chain-reaction\/#breadcrumb\"},\"inLanguage\":\"en-US\",\"potentialAction\":[{\"@type\":\"ReadAction\",\"target\":[\"https:\/\/rinconeducativo.org\/en\/anniversaries\/september-12-1933-leo-szilard-conceives-idea-nuclear-chain-reaction\/\"]}]},{\"@type\":\"ImageObject\",\"inLanguage\":\"en-US\",\"@id\":\"https:\/\/rinconeducativo.org\/en\/anniversaries\/september-12-1933-leo-szilard-conceives-idea-nuclear-chain-reaction\/#primaryimage\",\"url\":\"https:\/\/rinconeducativo.org\/wp-content\/uploads\/2020\/09\/chicagopileteam_0.png\",\"contentUrl\":\"https:\/\/rinconeducativo.org\/wp-content\/uploads\/2020\/09\/chicagopileteam_0.png\",\"width\":1499,\"height\":1124},{\"@type\":\"BreadcrumbList\",\"@id\":\"https:\/\/rinconeducativo.org\/en\/anniversaries\/september-12-1933-leo-szilard-conceives-idea-nuclear-chain-reaction\/#breadcrumb\",\"itemListElement\":[{\"@type\":\"ListItem\",\"position\":1,\"name\":\"Portada\",\"item\":\"https:\/\/rinconeducativo.org\/en\/\"},{\"@type\":\"ListItem\",\"position\":2,\"name\":\"Efem\u00e9rides\",\"item\":\"https:\/\/rinconeducativo.org\/es\/efemerides\/\"},{\"@type\":\"ListItem\",\"position\":3,\"name\":\"September 12, 1933 \u2013 Le\u00f3 Szil\u00e1rd conceives the idea of the nuclear chain reaction\"}]},{\"@type\":\"WebSite\",\"@id\":\"https:\/\/rinconeducativo.org\/es\/#website\",\"url\":\"https:\/\/rinconeducativo.org\/es\/\",\"name\":\"Rinc\u00f3n educativo\",\"description\":\"Un proyecto del Foro Nuclear\",\"potentialAction\":[{\"@type\":\"SearchAction\",\"target\":{\"@type\":\"EntryPoint\",\"urlTemplate\":\"https:\/\/rinconeducativo.org\/es\/?s={search_term_string}\"},\"query-input\":{\"@type\":\"PropertyValueSpecification\",\"valueRequired\":true,\"valueName\":\"search_term_string\"}}],\"inLanguage\":\"en-US\"}]}<\/script>\n<!-- \/ Yoast SEO plugin. -->","yoast_head_json":{"title":"September 12, 1933 \u2013 Le\u00f3 Szil\u00e1rd conceives the idea of the nuclear chain reaction - Rinc\u00f3n educativo","robots":{"index":"index","follow":"follow","max-snippet":"max-snippet:-1","max-image-preview":"max-image-preview:large","max-video-preview":"max-video-preview:-1"},"canonical":"https:\/\/rinconeducativo.org\/en\/anniversaries\/september-12-1933-leo-szilard-conceives-idea-nuclear-chain-reaction\/","og_locale":"en_US","og_type":"article","og_title":"September 12, 1933 \u2013 Le\u00f3 Szil\u00e1rd conceives the idea of the nuclear chain reaction - Rinc\u00f3n educativo","og_description":"On September 12, 1933, in London, Szil\u00e1rd read an article in \"The Times\" that summarized a speech made by Ernest Rutherford that rejected the feasibility of using atomic energy for practical purposes, saying that it was a very poor and inefficient form of produce energy and anyone looking for a source of energy in the [&hellip;]","og_url":"https:\/\/rinconeducativo.org\/en\/anniversaries\/september-12-1933-leo-szilard-conceives-idea-nuclear-chain-reaction\/","og_site_name":"Rinc\u00f3n educativo","article_modified_time":"2024-12-20T11:22:15+00:00","og_image":[{"width":1499,"height":1124,"url":"https:\/\/rinconeducativo.org\/wp-content\/uploads\/2020\/09\/chicagopileteam_0.png","type":"image\/png"}],"twitter_card":"summary_large_image","schema":{"@context":"https:\/\/schema.org","@graph":[{"@type":"WebPage","@id":"https:\/\/rinconeducativo.org\/en\/anniversaries\/september-12-1933-leo-szilard-conceives-idea-nuclear-chain-reaction\/","url":"https:\/\/rinconeducativo.org\/en\/anniversaries\/september-12-1933-leo-szilard-conceives-idea-nuclear-chain-reaction\/","name":"September 12, 1933 \u2013 Le\u00f3 Szil\u00e1rd conceives the idea of the nuclear chain reaction - Rinc\u00f3n educativo","isPartOf":{"@id":"https:\/\/rinconeducativo.org\/es\/#website"},"primaryImageOfPage":{"@id":"https:\/\/rinconeducativo.org\/en\/anniversaries\/september-12-1933-leo-szilard-conceives-idea-nuclear-chain-reaction\/#primaryimage"},"image":{"@id":"https:\/\/rinconeducativo.org\/en\/anniversaries\/september-12-1933-leo-szilard-conceives-idea-nuclear-chain-reaction\/#primaryimage"},"thumbnailUrl":"https:\/\/rinconeducativo.org\/wp-content\/uploads\/2020\/09\/chicagopileteam_0.png","datePublished":"2020-09-12T14:41:13+00:00","dateModified":"2024-12-20T11:22:15+00:00","breadcrumb":{"@id":"https:\/\/rinconeducativo.org\/en\/anniversaries\/september-12-1933-leo-szilard-conceives-idea-nuclear-chain-reaction\/#breadcrumb"},"inLanguage":"en-US","potentialAction":[{"@type":"ReadAction","target":["https:\/\/rinconeducativo.org\/en\/anniversaries\/september-12-1933-leo-szilard-conceives-idea-nuclear-chain-reaction\/"]}]},{"@type":"ImageObject","inLanguage":"en-US","@id":"https:\/\/rinconeducativo.org\/en\/anniversaries\/september-12-1933-leo-szilard-conceives-idea-nuclear-chain-reaction\/#primaryimage","url":"https:\/\/rinconeducativo.org\/wp-content\/uploads\/2020\/09\/chicagopileteam_0.png","contentUrl":"https:\/\/rinconeducativo.org\/wp-content\/uploads\/2020\/09\/chicagopileteam_0.png","width":1499,"height":1124},{"@type":"BreadcrumbList","@id":"https:\/\/rinconeducativo.org\/en\/anniversaries\/september-12-1933-leo-szilard-conceives-idea-nuclear-chain-reaction\/#breadcrumb","itemListElement":[{"@type":"ListItem","position":1,"name":"Portada","item":"https:\/\/rinconeducativo.org\/en\/"},{"@type":"ListItem","position":2,"name":"Efem\u00e9rides","item":"https:\/\/rinconeducativo.org\/es\/efemerides\/"},{"@type":"ListItem","position":3,"name":"September 12, 1933 \u2013 Le\u00f3 Szil\u00e1rd conceives the idea of the nuclear chain reaction"}]},{"@type":"WebSite","@id":"https:\/\/rinconeducativo.org\/es\/#website","url":"https:\/\/rinconeducativo.org\/es\/","name":"Rinc\u00f3n educativo","description":"Un proyecto del Foro Nuclear","potentialAction":[{"@type":"SearchAction","target":{"@type":"EntryPoint","urlTemplate":"https:\/\/rinconeducativo.org\/es\/?s={search_term_string}"},"query-input":{"@type":"PropertyValueSpecification","valueRequired":true,"valueName":"search_term_string"}}],"inLanguage":"en-US"}]}},"_links":{"self":[{"href":"https:\/\/rinconeducativo.org\/en\/wp-json\/wp\/v2\/re_efemeride\/22744","targetHints":{"allow":["GET"]}}],"collection":[{"href":"https:\/\/rinconeducativo.org\/en\/wp-json\/wp\/v2\/re_efemeride"}],"about":[{"href":"https:\/\/rinconeducativo.org\/en\/wp-json\/wp\/v2\/types\/re_efemeride"}],"author":[{"embeddable":true,"href":"https:\/\/rinconeducativo.org\/en\/wp-json\/wp\/v2\/users\/1088"}],"version-history":[{"count":1,"href":"https:\/\/rinconeducativo.org\/en\/wp-json\/wp\/v2\/re_efemeride\/22744\/revisions"}],"predecessor-version":[{"id":22746,"href":"https:\/\/rinconeducativo.org\/en\/wp-json\/wp\/v2\/re_efemeride\/22744\/revisions\/22746"}],"wp:featuredmedia":[{"embeddable":true,"href":"https:\/\/rinconeducativo.org\/en\/wp-json\/wp\/v2\/media\/10916"}],"wp:attachment":[{"href":"https:\/\/rinconeducativo.org\/en\/wp-json\/wp\/v2\/media?parent=22744"}],"wp:term":[{"taxonomy":"post_tag","embeddable":true,"href":"https:\/\/rinconeducativo.org\/en\/wp-json\/wp\/v2\/tags?post=22744"},{"taxonomy":"mes","embeddable":true,"href":"https:\/\/rinconeducativo.org\/en\/wp-json\/wp\/v2\/mes?post=22744"},{"taxonomy":"clasificacion_anterior","embeddable":true,"href":"https:\/\/rinconeducativo.org\/en\/wp-json\/wp\/v2\/clasificacion_anterior?post=22744"}],"curies":[{"name":"wp","href":"https:\/\/api.w.org\/{rel}","templated":true}]}}

September 12, 1933 – Leó Szilárd conceives the idea of the nuclear chain reaction

<div class="wp-block-image">
<figure class="alignleft is-resized"><img loading="lazy" decoding="async" src="https://wp2.rinconeducativo.org/wp-content/uploads/2020/09/chicagopileteam_0.png" alt="Enrico Fermi y Leó Szilárd" class="wp-image-7150" width="308" height="230" title="Enrico Fermi y Leó Szilárd" srcset="https://rinconeducativo.org/wp-content/uploads/2020/09/chicagopileteam_0.png 1499w, https://rinconeducativo.org/wp-content/uploads/2020/09/chicagopileteam_0-500x375.png 500w, https://rinconeducativo.org/wp-content/uploads/2020/09/chicagopileteam_0-1200x900.png 1200w, https://rinconeducativo.org/wp-content/uploads/2020/09/chicagopileteam_0-768x576.png 768w" sizes="auto, (max-width: 308px) 100vw, 308px" /></figure>
</div>


<p>On September 12, 1933, in London, Szilárd read an article in "<em>The Times</em>" that summarized a speech made by <a href="https://rinconeducativo.org/en/recursos-educativos/ernest-rutherford/">Ernest Rutherford</a> that rejected the feasibility of using atomic energy for practical purposes, saying that it was a very poor and inefficient form of produce energy and anyone looking for a source of energy in the transformation of atoms was talking about "silly alcohol". The speech referred specifically to the recent work of his students John Cockcroft and Ernest Walton, "splitting lithium into alpha particles by bombarding a particle accelerator they had built with protons."</p>



<p>As Szilárd claimed, he was so angry with Rutherford for not wanting to talk about nuclear power and while waiting to cross Southhampton Avenue in Bloomsbury, he conceived the idea of a nuclear chain reaction, using recently discovered neutrons.</p>



<p>The idea was not based on nuclear fission because it had not yet been discovered, but Szilard realized that if neutrons could start some kind of energy-producing nuclear reaction, like the one that had occurred in lithium, they could be produced. by themselves and, in addition, energy could be obtained with little input, since the reaction would be self-sustaining. He applied for a patent on the concept of neutron-induced nuclear chain reaction in 1933, which was granted in 1936.</p>



<p>If you want to know more about this scientist, click on the following link: <a href="https://rinconeducativo.org/en/recursos-educativos/leo-szilard-el-hombre-de-las-grandes-ideas-sobre-fisica-nuclear-ingenieria-y/">Leó Szilárd</a></p>

<p>On September 12, 1933, in London, Szilárd read an article in "The Times" that summarized a speech made by Ernest Rutherford that rejected the feasibility of using atomic energy for practical purposes, saying that it was a very poor and inefficient form of produce energy and anyone looking for a source of energy in the [&hellip;]</p>

<!-- This site is optimized with the Yoast SEO plugin v26.8 - https://yoast.com/product/yoast-seo-wordpress/ -->
<title>September 12, 1933 – Leó Szilárd conceives the idea of the nuclear chain reaction - Rincón educativo</title>
<meta name="robots" content="index, follow, max-snippet:-1, max-image-preview:large, max-video-preview:-1" />
<link rel="canonical" href="https://rinconeducativo.org/en/anniversaries/september-12-1933-leo-szilard-conceives-idea-nuclear-chain-reaction/" />
<meta property="og:locale" content="en_US" />
<meta property="og:type" content="article" />
<meta property="og:title" content="September 12, 1933 – Leó Szilárd conceives the idea of the nuclear chain reaction - Rincón educativo" />
<meta property="og:description" content="On September 12, 1933, in London, Szilárd read an article in &quot;The Times&quot; that summarized a speech made by Ernest Rutherford that rejected the feasibility of using atomic energy for practical purposes, saying that it was a very poor and inefficient form of produce energy and anyone looking for a source of energy in the [&hellip;]" />
<meta property="og:url" content="https://rinconeducativo.org/en/anniversaries/september-12-1933-leo-szilard-conceives-idea-nuclear-chain-reaction/" />
<meta property="og:site_name" content="Rincón educativo" />
<meta property="article:modified_time" content="2024-12-20T11:22:15+00:00" />
<meta property="og:image" content="https://rinconeducativo.org/wp-content/uploads/2020/09/chicagopileteam_0.png" />
	<meta property="og:image:width" content="1499" />
	<meta property="og:image:height" content="1124" />
	<meta property="og:image:type" content="image/png" />
<meta name="twitter:card" content="summary_large_image" />
<script type="application/ld+json" class="yoast-schema-graph">{"@context":"https://schema.org","@graph":[{"@type":"WebPage","@id":"https://rinconeducativo.org/en/anniversaries/september-12-1933-leo-szilard-conceives-idea-nuclear-chain-reaction/","url":"https://rinconeducativo.org/en/anniversaries/september-12-1933-leo-szilard-conceives-idea-nuclear-chain-reaction/","name":"September 12, 1933 – Leó Szilárd conceives the idea of the nuclear chain reaction - Rincón educativo","isPartOf":{"@id":"https://rinconeducativo.org/es/#website"},"primaryImageOfPage":{"@id":"https://rinconeducativo.org/en/anniversaries/september-12-1933-leo-szilard-conceives-idea-nuclear-chain-reaction/#primaryimage"},"image":{"@id":"https://rinconeducativo.org/en/anniversaries/september-12-1933-leo-szilard-conceives-idea-nuclear-chain-reaction/#primaryimage"},"thumbnailUrl":"https://rinconeducativo.org/wp-content/uploads/2020/09/chicagopileteam_0.png","datePublished":"2020-09-12T14:41:13+00:00","dateModified":"2024-12-20T11:22:15+00:00","breadcrumb":{"@id":"https://rinconeducativo.org/en/anniversaries/september-12-1933-leo-szilard-conceives-idea-nuclear-chain-reaction/#breadcrumb"},"inLanguage":"en-US","potentialAction":[{"@type":"ReadAction","target":["https://rinconeducativo.org/en/anniversaries/september-12-1933-leo-szilard-conceives-idea-nuclear-chain-reaction/"]}]},{"@type":"ImageObject","inLanguage":"en-US","@id":"https://rinconeducativo.org/en/anniversaries/september-12-1933-leo-szilard-conceives-idea-nuclear-chain-reaction/#primaryimage","url":"https://rinconeducativo.org/wp-content/uploads/2020/09/chicagopileteam_0.png","contentUrl":"https://rinconeducativo.org/wp-content/uploads/2020/09/chicagopileteam_0.png","width":1499,"height":1124},{"@type":"BreadcrumbList","@id":"https://rinconeducativo.org/en/anniversaries/september-12-1933-leo-szilard-conceives-idea-nuclear-chain-reaction/#breadcrumb","itemListElement":[{"@type":"ListItem","position":1,"name":"Portada","item":"https://rinconeducativo.org/en/"},{"@type":"ListItem","position":2,"name":"Efemérides","item":"https://rinconeducativo.org/es/efemerides/"},{"@type":"ListItem","position":3,"name":"September 12, 1933 – Leó Szilárd conceives the idea of the nuclear chain reaction"}]},{"@type":"WebSite","@id":"https://rinconeducativo.org/es/#website","url":"https://rinconeducativo.org/es/","name":"Rincón educativo","description":"Un proyecto del Foro Nuclear","potentialAction":[{"@type":"SearchAction","target":{"@type":"EntryPoint","urlTemplate":"https://rinconeducativo.org/es/?s={search_term_string}"},"query-input":{"@type":"PropertyValueSpecification","valueRequired":true,"valueName":"search_term_string"}}],"inLanguage":"en-US"}]}</script>
<!-- / Yoast SEO plugin. -->

September 12, 1933 – Leó Szilárd conceives the idea of the nuclear chain reaction - Rincón educativo

On September 12, 1933, in London, Szilárd read an article in "The Times" that summarized a speech made by Ernest Rutherford that rejected the feasibility of using atomic energy for practical purposes, saying that it was a very poor and inefficient form of produce energy and anyone looking for a source of energy in the [&hellip;]

Rincón educativo

Efemérides
